

{"id":327,"date":"2019-05-09T01:10:07","date_gmt":"2019-05-08T23:10:07","guid":{"rendered":"http:\/\/project.inria.fr\/IBC\/?page_id=327"},"modified":"2021-02-03T16:25:06","modified_gmt":"2021-02-03T15:25:06","slug":"publications","status":"publish","type":"page","link":"https:\/\/project.inria.fr\/IBC\/publications\/","title":{"rendered":"Publications"},"content":{"rendered":"<p>The following scientific publications make reference to the IBC project because they describe the IBC dataset or use its data\/protocols or investigate a related research topic.<\/p>\n<h3>2021<\/h3>\n<ul style=\"list-style-type: disc;\">\n<li>Dohmatob, E., Richard, H., Pinho, A. L.,\u00a0 Thirion, B. (2021). <strong>Brain topography beyond parcellations: Local gradients of functional maps.<\/strong> <em>Neuroimage<\/em>, <em><strong>229<\/strong><\/em>, 117706 DOI: https:\/\/doi.org\/10.1016\/j.neuroimage.2020.117706<\/li>\n<li>\n<div><span class=\"author\">Pinho, A. L.<\/span>, <em>et al.<\/em> (2021). <strong><span class=\"articleTitle\">Subject\u2010specific segregation of functional territories based on deep phenotyping<\/span>.<\/strong> <i>Hum Brain Mapp<\/i>. <em><strong><span class=\"vol\">42<\/span><\/strong><\/em>: <span class=\"pageFirst\">841<\/span>\u2013 <span class=\"pageLast\">870<\/span>. DOI: <a class=\"linkBehavior\" href=\"https:\/\/doi.org\/10.1002\/hbm.25189\">https:\/\/doi.org\/10.1002\/hbm.25189<\/a><\/div>\n<\/li>\n<\/ul>\n<h3>2020<\/h3>\n<ul style=\"list-style-type: disc;\">\n<li>Pinho, A. L., <i>et al.<\/i> (2020). <strong>Individual Brain Charting dataset extension, second release of high-resolution fMRI data for cognitive mapping.<\/strong> <i>Sci Data<\/i> <em><strong>7<\/strong><\/em><b>, <\/b>353. DOI: <a href=\"https:\/\/doi.org\/10.1038\/s41597-020-00670-4\">10.1038\/s41597-020-00670-4<\/a><\/li>\n<li>Roscher, R., Bohn, B., Duarte, M. F., &amp; Garcke, J. (2020). <strong>Explainable machine learning for scientific insights and discoveries.<\/strong> <i>IEEE Access<\/i>, <i>8<\/i>, 42200-42216.<\/li>\n<li>Poppenk, J. (2020). <strong>Anatomically guided examination of extrinsic connectivity gradients in the human hippocampus. <\/strong><i>Cortex; a journal devoted to the study of the nervous system and behavior.<\/i> <strong>128<\/strong>, 312-317.<\/li>\n<li>Dock\u00e8s, J., Poldrack, R. A., Primet, R., G\u00f6z\u00fckan, H., Yarkoni, T., Suchanek, F., &#8230; &amp; Varoquaux, G. (2020). <strong>NeuroQuery, comprehensive meta-analysis of human brain mapping.<\/strong> <i>Elife<\/i>, <em><strong>9<\/strong><\/em>, e53385.<\/li>\n<li>Lorenz, R., Johal, M., Dick, F., Hampshire, A., Leech, R., &amp; Geranmayeh, F. (2020). <strong>A Bayesian optimisation approach for rapidly mapping residual network function in stroke.<\/strong> <i>bioRxiv<\/i>.<\/li>\n<li>Zhang, Y., &amp; Bellec, P. (2020). <strong>Transferability of Brain decoding using Graph Convolutional Networks.<\/strong> <i>bioRxiv<\/i>.<\/li>\n<li class=\"gs_citr\" tabindex=\"0\">Amunts, K., Mohlberg, H., Bludau, S., &amp; Zilles, K. (2020). Julich-Brain: <strong>A 3D probabilistic atlas of the human brain\u2019s cytoarchitecture.<\/strong> <i>Science<\/i>, <strong><i>369<\/i><\/strong>(6506), 988-992.<\/li>\n<li>Zhang, Y., Tetrel, L., Thirion, B., &amp; Bellec, P. (2020). <strong>Functional Annotation of Human Cognitive States using Deep Graph Convolution.<\/strong> <i>bioRxiv<\/i>.<\/li>\n<li>Jeng, X. J., &amp; Hu, Y. (2020). <strong>Dual Control of Testing Errors in High-Dimensional Data Analysis.<\/strong> <i>arXiv preprint arXiv:2006.15667<\/i>.<\/li>\n<li>Dadi, K., Varoquaux, G., Machlouzarides-Shalit, A., Gorgolewski, K. J., Wassermann, D., Thirion, B., &amp; Mensch, A. (2020). <strong>Fine-grain atlases of functional modes for fMRI analysis.<\/strong> <i>arXiv preprint arXiv:2003.05405<\/i>.<\/li>\n<\/ul>\n<h3>2019<\/h3>\n<ul style=\"list-style-type: disc;\">\n<li>Poldrack, R. A., Gorgolewski, K. J., &amp; Varoquaux, G. (2019). <strong><strong>Computational and informatic advances for reproducible data analysis in neuroimaging. <\/strong><\/strong><em>Annual Review of Biomedical Data Science,<\/em> Vol. <em><strong>2<\/strong><\/em>:119-138<\/li>\n<li>Bazeille, T., Richard, H., Janati, H., &amp; Thirion, B. (2019, June). <strong>Local optimal transport for functional brain template estimation. <\/strong>In <i>International Conference on Information Processing in Medical Imaging<\/i> (pp. 237-248). Springer, Cham.<\/li>\n<li>Pinel, P., d\u2019Arc, B. F., Dehaene, S., Bourgeron, T., Thirion, B., Le Bihan, D., &amp; Poupon, C. (2019). <strong>The functional database of the ARCHI project: Potential and perspectives.<\/strong> <i>NeuroImage<\/i>, <strong><i>197<\/i><\/strong>, 527-543.<\/li>\n<li>Richard, H., Martin, L., Pinho, A. L., Pillow, J., &amp; Thirion, B. (2019). <strong>Fast shared response model for fMRI data.<\/strong> <i>arXiv preprint arXiv:1909.12537<\/i>.<\/li>\n<li>Varoquaux, G., Dadi, K., &amp; Mensch, A. (2019). <strong>What\u2019s in a functional brain parcellation?. <\/strong><em><span class=\"item\">NeurIPS 2019 Workshop Neuro AI.<\/span><\/em><strong><br \/>\n<\/strong><\/li>\n<li>Duarte, M. F. (2019) <strong>Explainable Machine Learning for Scientific Insights and Discoveries. <\/strong><em><span class=\"arxivid\">arXiv:1905.08883<\/span><\/em><strong><br \/>\n<\/strong><\/li>\n<li>Al-Darkazali, M., Hoque, S., &amp; Deravi, F. (2019). <strong>Spatial signatures for EEG-based biometric person recognition. <\/strong><em><span class=\"meta-value\">9th International Conference on Imaging for Crime Detection and Prevention (ICDP-2019)<span class=\"meta-value grandparent\"><span class=\"optionalcoma\">,<\/span><\/span><\/span><\/em><span class=\"meta-value\"><span class=\"volumeissue pubdate\"> 2019 <\/span><\/span><span class=\"meta-value\"> p. <span class=\"meta-value pagesvalue\">12 (68 \u2013 73)<\/span><\/span><strong><br \/>\n<\/strong><\/li>\n<\/ul>\n<h3>2018<\/h3>\n<ul style=\"list-style-type: disc;\">\n<li>Eickhoff, S. B., Yeo, B. T., &amp; Genon, S. (2018). <strong>Imaging-based parcellations of the human brain.<\/strong> <i>Nature Reviews Neuroscience<\/i>, <strong><i>19<\/i><\/strong><em>(11)<\/em>, 672-686.<\/li>\n<li>Mensch, A. (2018). <strong><i>Learning representations from functional MRI data<\/i><\/strong> (Doctoral dissertation).<\/li>\n<li>Poldrack, R. A., Gorgolewski, K. J., &amp; Varoquaux, G. (2018). <strong>Computational and informatics advances for reproducible data analysis in neuroimaging.<\/strong> <i>arXiv preprint arXiv:1809.10024<\/i><\/li>\n<li>Pinho, A. L., <em>et al.<\/em> (2018). <strong>Individual Brain Charting, a high-resolution fMRI dataset for cognitive mapping.<\/strong><em>Sci Data <strong>5<\/strong><\/em>, 180105. DOI: <a href=\"https:\/\/doi.org\/10.1038\/sdata.2018.105\">10.1038\/sdata.2018.105<\/a><\/li>\n<\/ul>\n","protected":false},"excerpt":{"rendered":"<p>The following scientific publications make reference to the IBC project because they describe the IBC dataset or use its data\/protocols or investigate a related research topic. 2021 Dohmatob, E., Richard, H., Pinho, A. L.,\u00a0 Thirion, B. (2021). Brain topography beyond parcellations: Local gradients of functional maps. Neuroimage, 229, 117706 DOI:\u2026<\/p>\n<p> <a class=\"continue-reading-link\" href=\"https:\/\/project.inria.fr\/IBC\/publications\/\"><span>Continue reading<\/span><i class=\"crycon-right-dir\"><\/i><\/a> <\/p>\n","protected":false},"author":1447,"featured_media":0,"parent":0,"menu_order":0,"comment_status":"closed","ping_status":"closed","template":"","meta":{"footnotes":""},"class_list":["post-327","page","type-page","status-publish","hentry"],"_links":{"self":[{"href":"https:\/\/project.inria.fr\/IBC\/wp-json\/wp\/v2\/pages\/327","targetHints":{"allow":["GET"]}}],"collection":[{"href":"https:\/\/project.inria.fr\/IBC\/wp-json\/wp\/v2\/pages"}],"about":[{"href":"https:\/\/project.inria.fr\/IBC\/wp-json\/wp\/v2\/types\/page"}],"author":[{"embeddable":true,"href":"https:\/\/project.inria.fr\/IBC\/wp-json\/wp\/v2\/users\/1447"}],"replies":[{"embeddable":true,"href":"https:\/\/project.inria.fr\/IBC\/wp-json\/wp\/v2\/comments?post=327"}],"version-history":[{"count":33,"href":"https:\/\/project.inria.fr\/IBC\/wp-json\/wp\/v2\/pages\/327\/revisions"}],"predecessor-version":[{"id":798,"href":"https:\/\/project.inria.fr\/IBC\/wp-json\/wp\/v2\/pages\/327\/revisions\/798"}],"wp:attachment":[{"href":"https:\/\/project.inria.fr\/IBC\/wp-json\/wp\/v2\/media?parent=327"}],"curies":[{"name":"wp","href":"https:\/\/api.w.org\/{rel}","templated":true}]}}