

{"id":115,"date":"2022-08-23T15:54:37","date_gmt":"2022-08-23T13:54:37","guid":{"rendered":"https:\/\/project.inria.fr\/aaltd22\/?page_id=115"},"modified":"2022-09-30T18:08:16","modified_gmt":"2022-09-30T16:08:16","slug":"program","status":"publish","type":"page","link":"https:\/\/project.inria.fr\/aaltd22\/program\/","title":{"rendered":"Program"},"content":{"rendered":"<p>The workshop will be in the <strong>Makalu room (180), 2nd floor of the WTC<\/strong>. People that attend remotely must have received their credentials to connect to the system. Then you simply have to browse the program to find the workshop and the link to the online session will be available.<\/p>\n<p>Details about the location and the zoom links will be provided as soon as possible. The articles are available in the <a href=\"https:\/\/project.inria.fr\/aaltd22\/accepted-papers\/\">accepted papers<\/a>.<\/p>\n<ul>\n<li aria-level=\"1\"><i>9:00h \u2013 10h00<\/i>: <strong>Main conference invited talk Yann LeCun (Auditorium)<br \/>\n<\/strong><\/li>\n<li aria-level=\"1\"><b>Break<\/b><\/li>\n<li aria-level=\"1\"><i>10:30h \u2013 10h45<\/i>: <strong>Workshop introduction by organizers [<a href=\"https:\/\/project.inria.fr\/aaltd22\/files\/2022\/09\/intro_AALTD22.pdf\" target=\"_blank\">slides<\/a>]<br \/>\n<\/strong><\/li>\n<li aria-level=\"1\"><i>10h45 \u2013 11h45<\/i>: <strong>Time Series Analytics: Supervised Learning<\/strong> (chair: V. Lemaire)\n<ul>\n<li aria-level=\"2\">Sepideh Koohfar and Laura Dietz. Adjustable Context-aware Transformer [<a href=\"https:\/\/project.inria.fr\/aaltd22\/files\/2022\/09\/Khoofar_AALTD22.pdf\" target=\"_blank\">slides<\/a>]<\/li>\n<li aria-level=\"2\">Thach Le Nguyen and Georgiana Ifrim. Fast Time Series Classification with Random Symbolic Subsequences [<a href=\"https:\/\/project.inria.fr\/aaltd22\/files\/2022\/09\/LeNGuyen_AALTD22.pdf\" target=\"_blank\">slides<\/a>]<\/li>\n<li aria-level=\"2\">Michael Franklin Mbouopda, Thomas Guyet, Nicolas Labroche and Abel Heuriot. Local vs global forecasting methods for groundwater level prediction [<a href=\"https:\/\/project.inria.fr\/aaltd22\/files\/2022\/09\/MBouapda_AALTD22.pdf\" target=\"_blank\">slides<\/a>]<\/li>\n<\/ul>\n<\/li>\n<li aria-level=\"1\"><i>11h45 \u2013 12h15<\/i> <strong>1st Poster session<\/strong> (Chair: T. Guyet) [5&#8242; presentation + 5&#8242; Q&#038;A per poster]\n<ul>\n<li aria-level=\"2\">Oshana Dissanayake, Sarah McPherson, Emer Kennedy, Katie Sugrue, Muireann Conneely, Laurence Shalloo, P\u00e1draig Cunningham and Lucile Riaboff. Identification of the Best Accelerometer Features and Time-scale to Detect Disturbances in Calves [<a href=\"https:\/\/project.inria.fr\/aaltd22\/files\/2022\/09\/Dissayanake_AALTD22.pdf\" target=\"_blank\">slides<\/a>][<a href=\"https:\/\/project.inria.fr\/aaltd22\/files\/2022\/09\/Poster_Dissayanake_AALTD22.pdf\" target=\"_blank\">poster<\/a>]<\/li>\n<li aria-level=\"2\">Nathan Morsa. EDGAR: Embedded Detection of Gunshots by AI in Real-time [<a href=\"https:\/\/project.inria.fr\/aaltd22\/files\/2022\/09\/Morsa_AALTD22.pdf\" target=\"_blank\">slides<\/a>]<\/li>\n<li aria-level=\"2\">Gautier Pialla, Maxime Devanne, Jonathan Weber, Lhassane Idoumghar and Germain Forestier. Data Augmentation for Deep Learning Time Series Classification [<a href=\"https:\/\/project.inria.fr\/aaltd22\/files\/2022\/09\/Pialla_AALTD22.pdf\" target=\"_blank\">poster<\/a>]<\/li>\n<\/ul>\n<\/li>\n<li aria-level=\"1\"><i>12h30 \u2013 13h30<\/i> : <strong>Invited talk by Dr Emilie Devijver: <a href=\"https:\/\/project.inria.fr\/aaltd22\/invited-speaker\/\">Causal Discovery in Observational Time Series<\/a><\/strong> [<a href=\"https:\/\/project.inria.fr\/aaltd22\/files\/2022\/09\/slides_Devijver_AALTD22.pdf\" target=\"_blank\">slides<\/a>] (Chair: T. Guyet)<\/li>\n<li aria-level=\"1\"><b>Lunch break<\/b><\/li>\n<li aria-level=\"1\"><i>14h30 \u2013 15:10h<\/i> : <strong>2nd Poster Session<\/strong> (Chair: T. Ifrim) [5&#8242; presentation + 5&#8242; Q&#038;A per poster]\n<ul>\n<li aria-level=\"2\">Chao Chen and Anuj Srivastava. ElasticRegNet: An Unsupervised Network for Joint Temporal Alignment<\/li>\n<li aria-level=\"2\">Neha Pant, Durga Toshniwal and Bhola Ram Gurjar. Application of Attention Mechanism combined with Long Short-Term Memory for forecasting Dissolved Oxygen in Ganga River flowing through Uttar Pradesh, India<\/li>\n<li aria-level=\"2\">Alejandro Pasos Ruiz and Anthony Bagnall. Dimension selection strategies for multivariate time series classification with HIVE-COTEv2.0 [<a href=\"https:\/\/project.inria.fr\/aaltd22\/files\/2022\/09\/PasosRuiz_AALTD22.pdf\" target=\"_blank\">slides<\/a>]<\/li>\n<li aria-level=\"2\">Niccol\u00f2 Zangrando, Piero Fraternali, Rocio Nahime Torres, Marco Petri, Nicol\u00f2 Oreste Pinciroli Vago and Sergio Herrera. A framework supporting the life-cycle of time series anomaly detection applications [<a href=\"https:\/\/project.inria.fr\/aaltd22\/files\/2022\/09\/Zagrando_AALTD22.pdf\" target=\"_blank\">slides<\/a>]<\/li>\n<\/ul>\n<\/li>\n<li aria-level=\"1\"><i>15:10h \u2013 16h10<\/i>: <strong>Time Series Analytics: Unsupervised Learning<\/strong> (Chair: G. Ifrim)\n<ul>\n<li aria-level=\"2\">Arik Ermshaus, Patrick Sch\u00e4fer and Ulf Leser. Window Size Selection In Unsupervised Time Series Analytics: A Review and Benchmark [<a href=\"https:\/\/project.inria.fr\/aaltd22\/files\/2022\/09\/Ermshaus_AALTD22.pdf\" target=\"_blank\">slides<\/a>]<\/li>\n<li aria-level=\"2\">\u00c1ngel L\u00f3pez-Oriona, Pablo Montero-Manso and Jos\u00e9 Vilar. Time series clustering based on prediction accuracy of global forecasting model [<a href=\"https:\/\/project.inria.fr\/aaltd22\/files\/2022\/09\/Oriona_AALTD22.pdf\" target=\"_blank\">slides<\/a>]<\/li>\n<li aria-level=\"2\">Naji Najari, Samuel Berlemont, Gregoire Lefebvre, Stefan Duffner and Christophe Garcia. RESIST: Robust Transformer for Unsupervised Time Series Anomaly Detection [<a href=\"https:\/\/project.inria.fr\/aaltd22\/files\/2022\/09\/Najari_AALTD22.pdf\" target=\"_blank\">slides<\/a>]<\/li>\n<\/ul>\n<\/li>\n<li aria-level=\"1\"><i>16h15 \u2013 16h30<\/i>: <strong>Workshop Closing.<\/strong><\/li>\n<li aria-level=\"1\"><b><\/b><i>16h30 \u2013 &#8230;<\/i><strong> Poster Discussion<\/strong><\/li>\n<\/ul>\n","protected":false},"excerpt":{"rendered":"<p>The workshop will be in the Makalu room (180), 2nd floor of the WTC. People that attend remotely must have received their credentials to connect to the system. Then you simply have to browse the program to find the workshop and the link to the online session will be available.\u2026<\/p>\n<p> <a class=\"continue-reading-link\" href=\"https:\/\/project.inria.fr\/aaltd22\/program\/\"><span>Continue reading<\/span><i class=\"crycon-right-dir\"><\/i><\/a> <\/p>\n","protected":false},"author":733,"featured_media":0,"parent":0,"menu_order":0,"comment_status":"closed","ping_status":"closed","template":"","meta":{"footnotes":""},"class_list":["post-115","page","type-page","status-publish","hentry"],"_links":{"self":[{"href":"https:\/\/project.inria.fr\/aaltd22\/wp-json\/wp\/v2\/pages\/115","targetHints":{"allow":["GET"]}}],"collection":[{"href":"https:\/\/project.inria.fr\/aaltd22\/wp-json\/wp\/v2\/pages"}],"about":[{"href":"https:\/\/project.inria.fr\/aaltd22\/wp-json\/wp\/v2\/types\/page"}],"author":[{"embeddable":true,"href":"https:\/\/project.inria.fr\/aaltd22\/wp-json\/wp\/v2\/users\/733"}],"replies":[{"embeddable":true,"href":"https:\/\/project.inria.fr\/aaltd22\/wp-json\/wp\/v2\/comments?post=115"}],"version-history":[{"count":25,"href":"https:\/\/project.inria.fr\/aaltd22\/wp-json\/wp\/v2\/pages\/115\/revisions"}],"predecessor-version":[{"id":180,"href":"https:\/\/project.inria.fr\/aaltd22\/wp-json\/wp\/v2\/pages\/115\/revisions\/180"}],"wp:attachment":[{"href":"https:\/\/project.inria.fr\/aaltd22\/wp-json\/wp\/v2\/media?parent=115"}],"curies":[{"name":"wp","href":"https:\/\/api.w.org\/{rel}","templated":true}]}}