

{"id":170,"date":"2025-06-28T20:17:47","date_gmt":"2025-06-28T18:17:47","guid":{"rendered":"https:\/\/project.inria.fr\/aimechanics\/?page_id=170"},"modified":"2025-11-03T17:47:33","modified_gmt":"2025-11-03T16:47:33","slug":"aim-group","status":"publish","type":"page","link":"https:\/\/project.inria.fr\/aimechanics\/aim-group\/","title":{"rendered":"AIM Group"},"content":{"rendered":"<p><\/p>\n\n\n<h5 class=\"wp-block-heading\"><strong>Principal investigators<\/strong><\/h5>\n\n\n\n<p><\/p>\n\n\n\n<p><\/p>\n\n\n\n<p><\/p>\n\n\n\n<p><\/p>\n\n\n\n<p><strong>Filippo Masi, Principal Investigator<\/strong><\/p>\n\n\n\n<div class=\"wp-block-columns is-layout-flex wp-container-core-columns-is-layout-9d6595d7 wp-block-columns-is-layout-flex\">\n<div class=\"wp-block-column is-layout-flow wp-block-column-is-layout-flow\" style=\"flex-basis:33.33%\">\n<figure class=\"wp-block-image size-medium\"><img loading=\"lazy\" decoding=\"async\" width=\"225\" height=\"300\" src=\"https:\/\/project.inria.fr\/aimechanics\/files\/2025\/07\/filippo_masi-225x300.jpg\" alt=\"\" class=\"wp-image-415\" srcset=\"https:\/\/project.inria.fr\/aimechanics\/files\/2025\/07\/filippo_masi-225x300.jpg 225w, https:\/\/project.inria.fr\/aimechanics\/files\/2025\/07\/filippo_masi-767x1024.jpg 767w, https:\/\/project.inria.fr\/aimechanics\/files\/2025\/07\/filippo_masi-112x150.jpg 112w, https:\/\/project.inria.fr\/aimechanics\/files\/2025\/07\/filippo_masi-768x1025.jpg 768w, https:\/\/project.inria.fr\/aimechanics\/files\/2025\/07\/filippo_masi.jpg 1088w\" sizes=\"auto, (max-width: 225px) 100vw, 225px\" \/><\/figure>\n<\/div>\n\n\n\n<div class=\"wp-block-column is-layout-flow wp-block-column-is-layout-flow\" style=\"flex-basis:66.66%\">\n<p><a rel=\"noreferrer noopener\" href=\"https:\/\/filippomasi.com\/\" target=\"_blank\">Filippo Masi<\/a> is research scientist at Inria, Universit\u00e9 Grenoble Alpes | <a rel=\"noreferrer noopener\" href=\"https:\/\/team.inria.fr\/tripop\/\" target=\"_blank\">TRIPOP<\/a> team. Before that, he was a Research Associate at the University of Sydney (Australia), working with Itai Einav. He completed his studies at the School of Mechanical Engineering, The University of Florence (Italy), and conducted his thesis at \u00c9cole Centrale de Nantes and \u00c9cole Nationale des Ponts et Chauss\u00e9es (France). His research mainly focuses on developing theoretical and numerical methods to predict the behavior of complex material systems, with emphasis on scale transitions to provide multiscale models. His expertise includes mechanics of materials, thermodynamics-informed ML, fast and structural dynamics, and nonlinear mechanical phenomena.<\/p>\n<\/div>\n<\/div>\n\n\n\n<div class=\"wp-block-columns are-vertically-aligned-top is-layout-flex wp-container-core-columns-is-layout-9d6595d7 wp-block-columns-is-layout-flex\">\n<div class=\"wp-block-column is-vertically-aligned-top is-layout-flow wp-block-column-is-layout-flow\" style=\"flex-basis:66.66%\"><\/div>\n\n\n\n<div class=\"wp-block-column is-vertically-aligned-top is-layout-flow wp-block-column-is-layout-flow\" style=\"flex-basis:33.33%\"><\/div>\n<\/div>\n\n\n\n<p><strong>Vincent Acary, Principal Investigator<\/strong><\/p>\n\n\n\n<div class=\"wp-block-columns is-layout-flex wp-container-core-columns-is-layout-9d6595d7 wp-block-columns-is-layout-flex\">\n<div class=\"wp-block-column is-layout-flow wp-block-column-is-layout-flow\" style=\"flex-basis:33.33%\">\n<figure class=\"wp-block-image size-medium\"><img loading=\"lazy\" decoding=\"async\" width=\"300\" height=\"300\" src=\"https:\/\/project.inria.fr\/aimechanics\/files\/2025\/07\/vincent-acary-edited-300x300.jpg\" alt=\"\" class=\"wp-image-401\" srcset=\"https:\/\/project.inria.fr\/aimechanics\/files\/2025\/07\/vincent-acary-edited-300x300.jpg 300w, https:\/\/project.inria.fr\/aimechanics\/files\/2025\/07\/vincent-acary-edited-150x150.jpg 150w, https:\/\/project.inria.fr\/aimechanics\/files\/2025\/07\/vincent-acary-edited.jpg 442w\" sizes=\"auto, (max-width: 300px) 100vw, 300px\" \/><\/figure>\n<\/div>\n\n\n\n<div class=\"wp-block-column is-layout-flow wp-block-column-is-layout-flow\" style=\"flex-basis:66.66%\">\n<p><a rel=\"noreferrer noopener\" href=\"https:\/\/tripop.inrialpes.fr\/people\/acary\/\" target=\"_blank\">Vincent Acary<\/a> is research director at Inria, Universit\u00e9 Grenoble Alpes | <a rel=\"noreferrer noopener\" href=\"https:\/\/team.inria.fr\/tripop\/\" target=\"_blank\">TRIPOP<\/a> team. His research focuses on modeling, analyzing, and simulating nonsmooth dynamical systems, with applications in mechanics (impacts, contact, friction) and engineering (robotics, electrical circuits). He has contributed significantly to time-integration methods for these systems, particularly those involving unilateral constraints and Coulomb friction. He is a key contributor to <a rel=\"noreferrer noopener\" href=\"https:\/\/nonsmooth.gricad-pages.univ-grenoble-alpes.fr\/siconos\/\" target=\"_blank\">Siconos<\/a>, an open-source platform for simulating nonsmooth systems. He collaborates with industrial partners to apply his research to real-world problems, including robotics and mechanical systems with frictional contacts. He is also the founder and editor of the <a rel=\"noreferrer noopener\" href=\"https:\/\/jtcam.episciences.org\/\" target=\"_blank\">Journal of Theoretical, Computational and Applied Mechanics<\/a>.<\/p>\n<\/div>\n<\/div>\n\n\n\n<div class=\"wp-block-columns is-layout-flex wp-container-core-columns-is-layout-9d6595d7 wp-block-columns-is-layout-flex\">\n<div class=\"wp-block-column is-layout-flow wp-block-column-is-layout-flow\" style=\"flex-basis:66.66%\"><\/div>\n\n\n\n<div class=\"wp-block-column is-layout-flow wp-block-column-is-layout-flow\" style=\"flex-basis:33.33%\"><\/div>\n<\/div>\n\n\n\n<h5 class=\"wp-block-heading\"><strong>Associated scientists<\/strong><\/h5>\n\n\n\n<p><\/p>\n\n\n\n<p><\/p>\n\n\n\n<p><strong>Franck Bourrier<\/strong><\/p>\n\n\n\n<div class=\"wp-block-columns is-layout-flex wp-container-core-columns-is-layout-9d6595d7 wp-block-columns-is-layout-flex\">\n<div class=\"wp-block-column is-layout-flow wp-block-column-is-layout-flow\" style=\"flex-basis:33.33%\">\n<figure class=\"wp-block-image size-medium\"><img loading=\"lazy\" decoding=\"async\" width=\"300\" height=\"300\" src=\"https:\/\/project.inria.fr\/aimechanics\/files\/2025\/06\/franck-bourrier-300x300.jpg\" alt=\"\" class=\"wp-image-268\" srcset=\"https:\/\/project.inria.fr\/aimechanics\/files\/2025\/06\/franck-bourrier-300x300.jpg 300w, https:\/\/project.inria.fr\/aimechanics\/files\/2025\/06\/franck-bourrier-150x150.jpg 150w, https:\/\/project.inria.fr\/aimechanics\/files\/2025\/06\/franck-bourrier.jpg 512w\" sizes=\"auto, (max-width: 300px) 100vw, 300px\" \/><\/figure>\n<\/div>\n\n\n\n<div class=\"wp-block-column is-layout-flow wp-block-column-is-layout-flow\" style=\"flex-basis:66.66%\">\n<p>Franck Bourrier&#8217;s research focuses on the numerical modelling of interactions between rigid bodies and deformable structures. His work is mainly applied to rock-fall hazard modelling in mountainous environments, including the response of granular materials to impact, rock-block propagation, and the protective effects of forests and safety nets. He also contributes to transferring the models developed by Inria | <a href=\"https:\/\/team.inria.fr\/tripop\/\" target=\"_blank\" rel=\"noreferrer noopener\">TRIPOP<\/a> and <a href=\"https:\/\/www.ige-grenoble.fr\/-Risques-gravitaires-et-cryosphere-en-montagne-ECRINS-\" target=\"_blank\" rel=\"noreferrer noopener\">IGE | ECRINS<\/a> teams, in the field of rock-fall risk via the Platrock platform.<\/p>\n<\/div>\n<\/div>\n\n\n\n<div class=\"wp-block-columns is-layout-flex wp-container-core-columns-is-layout-9d6595d7 wp-block-columns-is-layout-flex\"><\/div>\n\n\n\n<p><strong>Gioacchino Viggiani<\/strong><\/p>\n\n\n\n<div class=\"wp-block-columns is-layout-flex wp-container-core-columns-is-layout-9d6595d7 wp-block-columns-is-layout-flex\">\n<div class=\"wp-block-column is-layout-flow wp-block-column-is-layout-flow\" style=\"flex-basis:33.33%\">\n<figure class=\"wp-block-image size-medium\"><img loading=\"lazy\" decoding=\"async\" width=\"300\" height=\"300\" src=\"https:\/\/project.inria.fr\/aimechanics\/files\/2025\/07\/cino-viggiani-300x300.jpg\" alt=\"\" class=\"wp-image-425\" srcset=\"https:\/\/project.inria.fr\/aimechanics\/files\/2025\/07\/cino-viggiani-300x300.jpg 300w, https:\/\/project.inria.fr\/aimechanics\/files\/2025\/07\/cino-viggiani-150x150.jpg 150w, https:\/\/project.inria.fr\/aimechanics\/files\/2025\/07\/cino-viggiani.jpg 480w\" sizes=\"auto, (max-width: 300px) 100vw, 300px\" \/><\/figure>\n<\/div>\n\n\n\n<div class=\"wp-block-column is-layout-flow wp-block-column-is-layout-flow\" style=\"flex-basis:66.66%\">\n<p>Gioacchino Viggiani is professor at Universit\u00e9 Grenoble Alpes, <a href=\"https:\/\/3sr.univ-grenoble-alpes.fr\/en\" target=\"_blank\" rel=\"noreferrer noopener\">3SR<\/a> laboratory, and a geomechanics specialist. He has held visiting professorships at Georgia Tech, Kumamoto, Sydney, Edinburgh and Napoli. His work combines advanced experiments\u2014such as digital image correlation and X-ray micro-tomography\u2014with theoretical and numerical modelling to study geomaterial behavior, including localized failure and hydro-mechanical coupling, for geo-environmental, energy and civil-engineering applications. In 2007 he founded and still directs Grenoble\u2019s English-language master\u2019s programme in Geomechanics, Civil Engineering &amp; Risks, which has trained 200 students from over 30 countries.<\/p>\n<\/div>\n<\/div>\n\n\n\n<p><strong>Michael Arbel<\/strong><\/p>\n\n\n\n<div class=\"wp-block-columns is-layout-flex wp-container-core-columns-is-layout-9d6595d7 wp-block-columns-is-layout-flex\">\n<div class=\"wp-block-column is-layout-flow wp-block-column-is-layout-flow\" style=\"flex-basis:33.33%\">\n<figure class=\"wp-block-image size-full is-resized\"><img loading=\"lazy\" decoding=\"async\" width=\"200\" height=\"200\" src=\"https:\/\/project.inria.fr\/aimechanics\/files\/2025\/06\/michael-arbel.jpeg\" alt=\"\" class=\"wp-image-272\" style=\"width:300px\" srcset=\"https:\/\/project.inria.fr\/aimechanics\/files\/2025\/06\/michael-arbel.jpeg 200w, https:\/\/project.inria.fr\/aimechanics\/files\/2025\/06\/michael-arbel-150x150.jpeg 150w\" sizes=\"auto, (max-width: 200px) 100vw, 200px\" \/><\/figure>\n<\/div>\n\n\n\n<div class=\"wp-block-column is-layout-flow wp-block-column-is-layout-flow\" style=\"flex-basis:66.66%\">\n<p><a rel=\"noreferrer noopener\" href=\"https:\/\/michaelarbel.github.io\/\" target=\"_blank\">Michael Arbel<\/a> is research scientist at Inria, Universit\u00e9 Grenoble Alpes \u2013 <a href=\"https:\/\/team.inria.fr\/thoth\/\" target=\"_blank\" rel=\"noreferrer noopener\">THOTH<\/a> team. Before that, he was a Starting Research Fellow at the same team, working with Julien Mairal. He graduated from Ecole polytechnique with a focus in Applied Mathematics and obtained a Masters Degree in Mathematics, Machine Learning and Computer Vision (MVA) from ENS Paris-Saclay. He completed his Ph.D. in 2021 at the Gatsby Computational Neuroscience Unit of University College London. His research interests include bilevel optimization, generative modelling, learning theory and representation learning.<\/p>\n<\/div>\n<\/div>\n\n\n\n<p><strong>Thierry Faug<\/strong><\/p>\n\n\n\n<div class=\"wp-block-columns is-layout-flex wp-container-core-columns-is-layout-9d6595d7 wp-block-columns-is-layout-flex\">\n<div class=\"wp-block-column is-layout-flow wp-block-column-is-layout-flow\" style=\"flex-basis:33.33%\">\n<figure class=\"wp-block-image size-full\"><img loading=\"lazy\" decoding=\"async\" width=\"193\" height=\"237\" src=\"https:\/\/project.inria.fr\/aimechanics\/files\/2025\/07\/thierry-faug.jpeg\" alt=\"\" class=\"wp-image-410\" srcset=\"https:\/\/project.inria.fr\/aimechanics\/files\/2025\/07\/thierry-faug.jpeg 193w, https:\/\/project.inria.fr\/aimechanics\/files\/2025\/07\/thierry-faug-122x150.jpeg 122w\" sizes=\"auto, (max-width: 193px) 100vw, 193px\" \/><\/figure>\n<\/div>\n\n\n\n<div class=\"wp-block-column is-layout-flow wp-block-column-is-layout-flow\" style=\"flex-basis:66.66%\">\n<p>Thierry Faug&#8217;s research focuses on the physics and mechanics of complex-fluid flows (granular materials, snow) and their interaction with obstacles, drawing on theory, laboratory and field experiments, and numerical modelling. The main goal is to develop tools and methods that improve our understanding, prediction, and mitigation of rapid gravity-driven flows such as snow and ice avalanches or landslides. He directly applies these tools and methods in expert assessments and consultancy work for various partners, particularly in the area of avalanche protection.<\/p>\n\n\n\n<p><\/p>\n<\/div>\n<\/div>\n\n\n\n<h5 class=\"wp-block-heading\"><strong>Postdoctoral collaborators<\/strong><\/h5>\n\n\n\n<h5 class=\"wp-block-heading\"><strong>PhD students<\/strong><\/h5>\n\n\n\n<p><strong>Florian Vincent<\/strong><\/p>\n\n\n\n<div class=\"wp-block-columns is-layout-flex wp-container-core-columns-is-layout-9d6595d7 wp-block-columns-is-layout-flex\">\n<div class=\"wp-block-column is-layout-flow wp-block-column-is-layout-flow\" style=\"flex-basis:33.33%\">\n<figure class=\"wp-block-image size-medium\"><img loading=\"lazy\" decoding=\"async\" width=\"300\" height=\"300\" src=\"https:\/\/project.inria.fr\/aimechanics\/files\/2025\/09\/florian-vincent-300x300.jpeg\" alt=\"\" class=\"wp-image-443\" srcset=\"https:\/\/project.inria.fr\/aimechanics\/files\/2025\/09\/florian-vincent-300x300.jpeg 300w, https:\/\/project.inria.fr\/aimechanics\/files\/2025\/09\/florian-vincent-150x150.jpeg 150w, https:\/\/project.inria.fr\/aimechanics\/files\/2025\/09\/florian-vincent.jpeg 596w\" sizes=\"auto, (max-width: 300px) 100vw, 300px\" \/><\/figure>\n<\/div>\n\n\n\n<div class=\"wp-block-column is-layout-flow wp-block-column-is-layout-flow\" style=\"flex-basis:66.66%\">\n<p>Florian Vincent is completing his PhD in optimization and thermodynamics-based machine learning at the TRIPOP team, under the supervision of <a href=\"https:\/\/tripop.inrialpes.fr\/people\/acary\/\" target=\"_blank\" rel=\"noreferrer noopener\">Vincent Acary<\/a>, <a href=\"https:\/\/membres-ljk.imag.fr\/Jerome.Malick\/\" target=\"_blank\" rel=\"noreferrer noopener\">J\u00e9r\u00f4me Malick<\/a>, and <a href=\"https:\/\/filippo-masi.github.io\/\" target=\"_blank\" rel=\"noreferrer noopener\">Filippo Masi<\/a>. He graduated from the \u00c9cole nationale sup\u00e9rieure d&#8217;informatique et de math\u00e9matiques appliqu\u00e9es de Grenoble (ENSIMAG) as computer scientist. His current research interests are oriented towards distributionally robust optimization, convex analysis, physics-informed machine learning, and non-equilibrium thermodynamics.<\/p>\n<\/div>\n<\/div>\n\n\n\n<div class=\"wp-block-columns is-layout-flex wp-container-core-columns-is-layout-9d6595d7 wp-block-columns-is-layout-flex\">\n<div class=\"wp-block-column is-layout-flow wp-block-column-is-layout-flow\" style=\"flex-basis:33.33%\"><\/div>\n\n\n\n<div class=\"wp-block-column is-layout-flow wp-block-column-is-layout-flow\" style=\"flex-basis:66.66%\"><\/div>\n<\/div>\n\n\n\n<p><strong>Henri Leroy<\/strong><\/p>\n\n\n\n<div class=\"wp-block-columns is-layout-flex wp-container-core-columns-is-layout-9d6595d7 wp-block-columns-is-layout-flex\">\n<div class=\"wp-block-column is-layout-flow wp-block-column-is-layout-flow\" style=\"flex-basis:33.33%\">\n<figure class=\"wp-block-image size-medium\"><img loading=\"lazy\" decoding=\"async\" width=\"234\" height=\"300\" src=\"https:\/\/project.inria.fr\/aimechanics\/files\/2025\/11\/hleroy_id-234x300.png\" alt=\"\" class=\"wp-image-461\" srcset=\"https:\/\/project.inria.fr\/aimechanics\/files\/2025\/11\/hleroy_id-234x300.png 234w, https:\/\/project.inria.fr\/aimechanics\/files\/2025\/11\/hleroy_id-799x1024.png 799w, https:\/\/project.inria.fr\/aimechanics\/files\/2025\/11\/hleroy_id-117x150.png 117w, https:\/\/project.inria.fr\/aimechanics\/files\/2025\/11\/hleroy_id-768x985.png 768w, https:\/\/project.inria.fr\/aimechanics\/files\/2025\/11\/hleroy_id.png 833w\" sizes=\"auto, (max-width: 234px) 100vw, 234px\" \/><\/figure>\n<\/div>\n\n\n\n<div class=\"wp-block-column is-layout-flow wp-block-column-is-layout-flow\" style=\"flex-basis:66.66%\">\n<p>Henri Leroy is a PhD student at Inria, Universit\u00e9 Grenoble Alpes | TRIPOP team, under the supervision of Vincent Acary and Filippo Masi. He graduated as an applied mathematics engineer from INSA Rouen Normandie, and holds a Master&#8217;s degree in Computer Science from University of Rouen. He worked on Physics-Informed Machine Learning for fluid flows reconstruction during a 6-month internship at Dassault Syst\u00e8mes. His research aims to develop data-driven reduced-order models to characterize and understand the microstructural behavior of granular flows, with applications to natural phenomena.<\/p>\n<\/div>\n<\/div>\n\n\n\n<p><\/p>","protected":false},"excerpt":{"rendered":"<p>Principal investigators Filippo Masi, Principal Investigator Filippo Masi is research scientist at Inria, Universit\u00e9 Grenoble Alpes | TRIPOP team. Before that, he was a Research Associate at the University of Sydney (Australia), working with Itai Einav. He completed his studies at the School of Mechanical Engineering, The University of Florence\u2026<\/p>\n<p> <a class=\"continue-reading-link\" href=\"https:\/\/project.inria.fr\/aimechanics\/aim-group\/\"><span>Continue reading<\/span><i class=\"crycon-right-dir\"><\/i><\/a> <\/p>\n","protected":false},"author":2580,"featured_media":0,"parent":0,"menu_order":1,"comment_status":"closed","ping_status":"closed","template":"","meta":{"footnotes":""},"class_list":["post-170","page","type-page","status-publish","hentry"],"_links":{"self":[{"href":"https:\/\/project.inria.fr\/aimechanics\/wp-json\/wp\/v2\/pages\/170","targetHints":{"allow":["GET"]}}],"collection":[{"href":"https:\/\/project.inria.fr\/aimechanics\/wp-json\/wp\/v2\/pages"}],"about":[{"href":"https:\/\/project.inria.fr\/aimechanics\/wp-json\/wp\/v2\/types\/page"}],"author":[{"embeddable":true,"href":"https:\/\/project.inria.fr\/aimechanics\/wp-json\/wp\/v2\/users\/2580"}],"replies":[{"embeddable":true,"href":"https:\/\/project.inria.fr\/aimechanics\/wp-json\/wp\/v2\/comments?post=170"}],"version-history":[{"count":110,"href":"https:\/\/project.inria.fr\/aimechanics\/wp-json\/wp\/v2\/pages\/170\/revisions"}],"predecessor-version":[{"id":465,"href":"https:\/\/project.inria.fr\/aimechanics\/wp-json\/wp\/v2\/pages\/170\/revisions\/465"}],"wp:attachment":[{"href":"https:\/\/project.inria.fr\/aimechanics\/wp-json\/wp\/v2\/media?parent=170"}],"curies":[{"name":"wp","href":"https:\/\/api.w.org\/{rel}","templated":true}]}}