

{"id":197,"date":"2021-04-26T12:14:58","date_gmt":"2021-04-26T10:14:58","guid":{"rendered":"https:\/\/project.inria.fr\/aimlai\/?page_id=197"},"modified":"2022-09-30T15:40:54","modified_gmt":"2022-09-30T13:40:54","slug":"program-committee","status":"publish","type":"page","link":"https:\/\/project.inria.fr\/aimlai\/previous-editions\/aimlai-ecml-2021\/program-committee\/","title":{"rendered":"Program Committee"},"content":{"rendered":"<h2>Workshop Chairs<\/h2>\n<ul>\n<li>Adrien Bibal (University of Namur, Belgium)<\/li>\n<li>Tassadit Bouadi (IRISA\/University of Rennes, France)<\/li>\n<li>Beno\u00eet Fr\u00e9nay (University of Namur, Belgium)<\/li>\n<li>Luis Gal\u00e1rraga (IRISA\/Inria, France)<\/li>\n<li>Jos\u00e9 Oramas (University of Antwerp\/imec-IDLab, Belgium)<\/li>\n<\/ul>\n<h2>Program Committee<\/h2>\n<ul>\n<li>Micha\u00ebl Aupetit, QCRI, Qatar<\/li>\n<li>Laure Berti-Equille, IRD, France<\/li>\n<li>Pedro Bizarro, Feedzai, Portugal<\/li>\n<li>Chaofan Chen, University of Maine, USA<\/li>\n<li>Miguel Couceiro, University of Lorraine, France<\/li>\n<li>Fran\u00e7oise Fessant, Orange Labs, France<\/li>\n<li>Alex Freitas, University of Kent, UK<\/li>\n<li>Johannes F\u00fcrnkranz, Johannes Kepler University, Austria<\/li>\n<li>Romaric Gaudel, ENSAI, France<\/li>\n<li>S\u00e9bastien Gambs, University of Quebec, Canada<\/li>\n<li>Tias Guns, KULeuven, Belgium<\/li>\n<li>Thomas Guyet, Agrocampus Rennes, France<\/li>\n<li>Haiyang Huang, Duke University, USA<\/li>\n<li>Hamed Behzadi Khormouji, University of Antwerp, Belgium<\/li>\n<li>Christine Largou\u00ebt, Agrocampus Ouest, France<\/li>\n<li>Paulo Lisboa, Liverpool John Moores University, UK<\/li>\n<li>V\u00e9ronique Masson, University of Rennes I, France<\/li>\n<li>Amedeo Napoli, CNRS, France<\/li>\n<li>Philippe Preux, University of Lille, France<\/li>\n<li>Yanou Ramon, University of Antwerp, Belgium<\/li>\n<li>Laurence Roz\u00e9, INSA, France<\/li>\n<li>Lesia Semenova, Duke University, USA<\/li>\n<li>Cagatay Turkay, University of Warwick, UK<\/li>\n<li>Kaili Wang, KULeuven, Belgium<\/li>\n<li>Tong Wang, University of Iowa, USA<\/li>\n<li>Jean-Daniel Zucker, IRD, France<\/li>\n<\/ul>\n","protected":false},"excerpt":{"rendered":"<p>Workshop Chairs Adrien Bibal (University of Namur, Belgium) Tassadit Bouadi (IRISA\/University of Rennes, France) Beno\u00eet Fr\u00e9nay (University of Namur, Belgium) Luis Gal\u00e1rraga (IRISA\/Inria, France) Jos\u00e9 Oramas (University of Antwerp\/imec-IDLab, Belgium) Program Committee Micha\u00ebl Aupetit, QCRI, Qatar Laure Berti-Equille, IRD, France Pedro Bizarro, Feedzai, Portugal Chaofan Chen, University of Maine, USA\u2026<\/p>\n<p> <a class=\"continue-reading-link\" href=\"https:\/\/project.inria.fr\/aimlai\/previous-editions\/aimlai-ecml-2021\/program-committee\/\"><span>Continue reading<\/span><i class=\"crycon-right-dir\"><\/i><\/a> <\/p>\n","protected":false},"author":1481,"featured_media":0,"parent":251,"menu_order":0,"comment_status":"closed","ping_status":"closed","template":"","meta":{"footnotes":""},"class_list":["post-197","page","type-page","status-publish","hentry"],"_links":{"self":[{"href":"https:\/\/project.inria.fr\/aimlai\/wp-json\/wp\/v2\/pages\/197","targetHints":{"allow":["GET"]}}],"collection":[{"href":"https:\/\/project.inria.fr\/aimlai\/wp-json\/wp\/v2\/pages"}],"about":[{"href":"https:\/\/project.inria.fr\/aimlai\/wp-json\/wp\/v2\/types\/page"}],"author":[{"embeddable":true,"href":"https:\/\/project.inria.fr\/aimlai\/wp-json\/wp\/v2\/users\/1481"}],"replies":[{"embeddable":true,"href":"https:\/\/project.inria.fr\/aimlai\/wp-json\/wp\/v2\/comments?post=197"}],"version-history":[{"count":18,"href":"https:\/\/project.inria.fr\/aimlai\/wp-json\/wp\/v2\/pages\/197\/revisions"}],"predecessor-version":[{"id":287,"href":"https:\/\/project.inria.fr\/aimlai\/wp-json\/wp\/v2\/pages\/197\/revisions\/287"}],"up":[{"embeddable":true,"href":"https:\/\/project.inria.fr\/aimlai\/wp-json\/wp\/v2\/pages\/251"}],"wp:attachment":[{"href":"https:\/\/project.inria.fr\/aimlai\/wp-json\/wp\/v2\/media?parent=197"}],"curies":[{"name":"wp","href":"https:\/\/api.w.org\/{rel}","templated":true}]}}