

{"id":598,"date":"2025-04-17T20:32:21","date_gmt":"2025-04-17T18:32:21","guid":{"rendered":"https:\/\/project.inria.fr\/aimlai\/?page_id=598"},"modified":"2026-04-08T19:23:18","modified_gmt":"2026-04-08T17:23:18","slug":"program-committee","status":"publish","type":"page","link":"https:\/\/project.inria.fr\/aimlai\/program-committee\/","title":{"rendered":"Program Committee"},"content":{"rendered":"<h2>Organizers<\/h2>\n<ul>\n<li>Tassadit Bouadi (University of Rennes\/IRISA, France)<\/li>\n<li>Beno\u00eet Fr\u00e9nay (University of Namur, Belgium)<\/li>\n<li>Luis Gal\u00e1rraga (Inria\/IRISA, France)<\/li>\n<li>Megha Khosla (TU Delft)<\/li>\n<li>Jos\u00e9 Oramas (University of Antwerp\/imec-IDLab, Belgium)<\/li>\n<\/ul>\n<h2>Reviewers<\/h2>\n<ul>\n<li>Julien Aligon (Universit\u00e9 Toulouse 1 Capitole)<\/li>\n<li>Tassadit Bouadi (Universit\u00e9 Rennes 1)<\/li>\n<li>Hamed Behzadi-Khormouji (University of Antwerp, imec-IDLab)<\/li>\n<li>L\u00e9na\u00efg Cornanguer (CISPA Helmholtz Center for Information Security)<\/li>\n<li>Fran\u00e7oise Fessant (Orange)<\/li>\n<li>Beno\u00eet Fr\u00e9nay (University of Namur)<\/li>\n<li>Luis Gal\u00e1rraga (INRIA)<\/li>\n<li>Romaric Gaudel (Universit\u00e9 Rennes 1 \/ IRISA)<\/li>\n<li>S\u00e9bastien Gambs (UQAM)<\/li>\n<li>Doreen Jirak (University of Antwerp)<\/li>\n<li>Gwladys Kelodjou (Universit\u00e9 Rennes 1 \/ INRIA)<\/li>\n<li>Megha Khosla (TU Delft)<\/li>\n<li>Amedeo Napoli (LORIA, Nancy)<\/li>\n<li>Jose Oramas (University of Antwerp, sqIRL\/IDLab, imec)<\/li>\n<li>Saja Tawalbeh (University of Antwerp, sqIRL\/IDLab, imec)<\/li>\n<li>Alexandre Termier (Universit\u00e9 Rennes 1)<\/li>\n<li>Benjamin Vandersmissen (University of Antwerp, imec-IDLab)<\/li>\n<\/ul>\n","protected":false},"excerpt":{"rendered":"<p>Organizers Tassadit Bouadi (University of Rennes\/IRISA, France) Beno\u00eet Fr\u00e9nay (University of Namur, Belgium) Luis Gal\u00e1rraga (Inria\/IRISA, France) Megha Khosla (TU Delft) Jos\u00e9 Oramas (University of Antwerp\/imec-IDLab, Belgium) Reviewers Julien Aligon (Universit\u00e9 Toulouse 1 Capitole) Tassadit Bouadi (Universit\u00e9 Rennes 1) Hamed Behzadi-Khormouji (University of Antwerp, imec-IDLab) L\u00e9na\u00efg Cornanguer (CISPA Helmholtz Center\u2026<\/p>\n<p> <a class=\"continue-reading-link\" href=\"https:\/\/project.inria.fr\/aimlai\/program-committee\/\"><span>Continue reading<\/span><i class=\"crycon-right-dir\"><\/i><\/a> <\/p>\n","protected":false},"author":1481,"featured_media":0,"parent":0,"menu_order":0,"comment_status":"closed","ping_status":"closed","template":"","meta":{"footnotes":""},"class_list":["post-598","page","type-page","status-publish","hentry"],"_links":{"self":[{"href":"https:\/\/project.inria.fr\/aimlai\/wp-json\/wp\/v2\/pages\/598","targetHints":{"allow":["GET"]}}],"collection":[{"href":"https:\/\/project.inria.fr\/aimlai\/wp-json\/wp\/v2\/pages"}],"about":[{"href":"https:\/\/project.inria.fr\/aimlai\/wp-json\/wp\/v2\/types\/page"}],"author":[{"embeddable":true,"href":"https:\/\/project.inria.fr\/aimlai\/wp-json\/wp\/v2\/users\/1481"}],"replies":[{"embeddable":true,"href":"https:\/\/project.inria.fr\/aimlai\/wp-json\/wp\/v2\/comments?post=598"}],"version-history":[{"count":7,"href":"https:\/\/project.inria.fr\/aimlai\/wp-json\/wp\/v2\/pages\/598\/revisions"}],"predecessor-version":[{"id":661,"href":"https:\/\/project.inria.fr\/aimlai\/wp-json\/wp\/v2\/pages\/598\/revisions\/661"}],"wp:attachment":[{"href":"https:\/\/project.inria.fr\/aimlai\/wp-json\/wp\/v2\/media?parent=598"}],"curies":[{"name":"wp","href":"https:\/\/api.w.org\/{rel}","templated":true}]}}