

{"id":66,"date":"2020-01-13T18:26:08","date_gmt":"2020-01-13T17:26:08","guid":{"rendered":"https:\/\/project.inria.fr\/anrdigraphs\/?page_id=66"},"modified":"2021-06-23T17:35:53","modified_gmt":"2021-06-23T15:35:53","slug":"francais-partners","status":"publish","type":"page","link":"https:\/\/project.inria.fr\/anrdigraphs\/francais-partners\/","title":{"rendered":"Partners"},"content":{"rendered":"<p>&nbsp;<\/p>\n<h5>Projet <a href=\"https:\/\/team.inria.fr\/coati\/\">Coati<\/a> du <a href=\"https:\/\/www.i3s.unice.fr\/\">laboratoire I3S<\/a>, Sophia Antipolis.<\/h5>\n<p>Julien Bensmail, David Coudert, Fr\u00e9d\u00e9ric Havet, Nicolas Nisse, St\u00e9phane P\u00e9rennes.<\/p>\n<h5>Equipe <a href=\"http:\/\/www.ens-lyon.fr\/LIP\/MC2\/\">MC2<\/a> du <a href=\"http:\/\/www.ens-lyon.fr\/LIP\/\">LIP<\/a>, ENS Lyon.<\/h5>\n<p>Edouard Bonnet, Cl\u00e9oph\u00e9e Robin, Dewi Sintiari, St\u00e9phan Thomass\u00e9, Nicolas Trotignon, R\u00e9mi Watrigant.<\/p>\n<h5>Equipe <a href=\"https:\/\/www.lirmm.fr\/algco\/\">AlGCo<\/a> du <a href=\"https:\/\/www.lirmm.fr\/\">LIRMM<\/a>, Montpellier.<\/h5>\n<p>St\u00e9phane Bessy, Emeric Gioan, Daniel Goncalves, Mickael Montassier, Alexandre Pinlou, Petru Valicov.<\/p>\n","protected":false},"excerpt":{"rendered":"<p>&nbsp; Projet Coati du laboratoire I3S, Sophia Antipolis. Julien Bensmail, David Coudert, Fr\u00e9d\u00e9ric Havet, Nicolas Nisse, St\u00e9phane P\u00e9rennes. Equipe MC2 du LIP, ENS Lyon. Edouard Bonnet, Cl\u00e9oph\u00e9e Robin, Dewi Sintiari, St\u00e9phan Thomass\u00e9, Nicolas Trotignon, R\u00e9mi Watrigant. Equipe AlGCo du LIRMM, Montpellier. St\u00e9phane Bessy, Emeric Gioan, Daniel Goncalves, Mickael Montassier, Alexandre\u2026<\/p>\n<p> <a class=\"continue-reading-link\" href=\"https:\/\/project.inria.fr\/anrdigraphs\/francais-partners\/\"><span>Continue reading<\/span><i class=\"crycon-right-dir\"><\/i><\/a> <\/p>\n","protected":false},"author":1386,"featured_media":0,"parent":0,"menu_order":0,"comment_status":"closed","ping_status":"closed","template":"","meta":{"footnotes":""},"class_list":["post-66","page","type-page","status-publish","hentry"],"_links":{"self":[{"href":"https:\/\/project.inria.fr\/anrdigraphs\/wp-json\/wp\/v2\/pages\/66","targetHints":{"allow":["GET"]}}],"collection":[{"href":"https:\/\/project.inria.fr\/anrdigraphs\/wp-json\/wp\/v2\/pages"}],"about":[{"href":"https:\/\/project.inria.fr\/anrdigraphs\/wp-json\/wp\/v2\/types\/page"}],"author":[{"embeddable":true,"href":"https:\/\/project.inria.fr\/anrdigraphs\/wp-json\/wp\/v2\/users\/1386"}],"replies":[{"embeddable":true,"href":"https:\/\/project.inria.fr\/anrdigraphs\/wp-json\/wp\/v2\/comments?post=66"}],"version-history":[{"count":3,"href":"https:\/\/project.inria.fr\/anrdigraphs\/wp-json\/wp\/v2\/pages\/66\/revisions"}],"predecessor-version":[{"id":96,"href":"https:\/\/project.inria.fr\/anrdigraphs\/wp-json\/wp\/v2\/pages\/66\/revisions\/96"}],"wp:attachment":[{"href":"https:\/\/project.inria.fr\/anrdigraphs\/wp-json\/wp\/v2\/media?parent=66"}],"curies":[{"name":"wp","href":"https:\/\/api.w.org\/{rel}","templated":true}]}}