

{"id":103,"date":"2018-01-30T10:14:13","date_gmt":"2018-01-30T09:14:13","guid":{"rendered":"https:\/\/project.inria.fr\/apvp2018\/?page_id=103"},"modified":"2018-05-31T11:08:09","modified_gmt":"2018-05-31T09:08:09","slug":"francais-acces","status":"publish","type":"page","link":"https:\/\/project.inria.fr\/apvp2018\/francais-acces\/","title":{"rendered":"Acc\u00e8s"},"content":{"rendered":"<p>APVP 2018 aura lieu au <a href=\"https:\/\/www.igesa.fr\/vos-vacances\/recherche-sejour\/reserver-mes-vacances\/etablissement\/porquerolles\/\">Centre IGESA, sur l&rsquo;Ile de Porquerolles<\/a> (France).<\/p>\n<p style=\"text-align: justify;\">Situ\u00e9 en face de la ville d&rsquo;Hy\u00e8res, l&rsquo;\u00eele de Porquerolles\u00a0est un petit coin de paradis baignant dans une mer turquoise, aux plages de sable blanc et aux chemins bord\u00e9s de pins et d&rsquo;eucalyptus. Implant\u00e9 sur un grand domaine arbor\u00e9 de 8 ha, accol\u00e9 au village, l&rsquo;h\u00f4tel club IGESA Porquerolles se situe \u00e0 quelques pas de la plage de La Courtade.<\/p>\n<p><img loading=\"lazy\" decoding=\"async\" class=\"wp-image-104 aligncenter\" src=\"https:\/\/project.inria.fr\/apvp2018\/files\/2018\/01\/acces.gif\" alt=\"\" width=\"348\" height=\"377\" \/><\/p>\n<p>L\u2019acc\u00e8s \u00e0 l\u2019\u00eele de Porquerolles se fait gr\u00e2ce \u00e0 une navette maritime au d\u00e9part du port de la Tour fondue (presqu\u2019\u00eele de Giens). On arrive \u00e0 Hy\u00e8res par train ou avion (depuis Toulon), puis il faut prendre un bus pour aller \u00e0 l\u2019embarcad\u00e8re.<\/p>\n<p>&nbsp;<\/p>\n<table class=\"aligncenter\" style=\"border-color: #e60e1c; background-color: #ffe6b3; width: 700px;\" border=\"1\">\n<tbody>\n<tr>\n<td><strong>Navette sp\u00e9ciale Igesa pour se rendre \u00e0 Porquerolles : \u00ab La Val\u00e9riane \u00bb<\/strong><\/p>\n<p><a href=\"https:\/\/project.inria.fr\/apvp2018\/files\/2018\/01\/95021756.jpg\"><img loading=\"lazy\" decoding=\"async\" class=\"size-thumbnail wp-image-404 alignleft\" src=\"https:\/\/project.inria.fr\/apvp2018\/files\/2018\/01\/95021756-150x150.jpg\" alt=\"\" width=\"150\" height=\"150\" srcset=\"https:\/\/project.inria.fr\/apvp2018\/files\/2018\/01\/95021756-150x150.jpg 150w, https:\/\/project.inria.fr\/apvp2018\/files\/2018\/01\/95021756-310x311.jpg 310w\" sizes=\"auto, (max-width: 150px) 100vw, 150px\" \/><\/a><\/p>\n<p>Aller dimanche 3 juin : 2 d\u00e9parts depuis la Tour Fondue<\/p>\n<ul>\n<li>15h30<\/li>\n<li>18h00<\/li>\n<\/ul>\n<p>Retour mercredi 6 juin :<\/p>\n<ul>\n<li>16h45<\/li>\n<\/ul>\n<p>Pour les participants qui ne pourraient se joindre \u00e0 la navette de l&rsquo;Igesa, des navettes r\u00e9guli\u00e8res assurent la travers\u00e9e Tour Fondue \/ Porquerolles. Voir d\u00e9tail des <a href=\"https:\/\/www.tlv-tvm.com\/horaires-tarifs-horaires-2\/\" target=\"_blank\" rel=\"noopener\">horaires<\/a>.<\/td>\n<\/tr>\n<\/tbody>\n<\/table>\n<p><span style=\"color: #993300;\"><strong>Par avion<br \/>\n<\/strong><\/span><\/p>\n<p>L&rsquo;a\u00e9roport le plus proche est celui de <a href=\"http:\/\/www.toulon-hyeres.aeroport.fr\/\" target=\"_blank\" rel=\"noopener\">Toulon-Hy\u00e8res<\/a> (9km)\u00a0Vous pouvez \u00e9galement arriver depuis l&rsquo;a\u00e9roport International de <a href=\"http:\/\/www.nice.aeroport.fr\/\" target=\"_blank\" rel=\"noopener\">Nice C\u00f4te d&rsquo;Azur<\/a> (150km, 1h45 en voiture) ou <a href=\"http:\/\/www.mp2.aeroport.fr\/\" target=\"_blank\" rel=\"noopener\">Marseille-Provence\u00a0<\/a>(110km, 1h45 en voiture).<\/p>\n<p><strong><span style=\"color: #993300;\">En train<\/span><br \/>\n<\/strong><\/p>\n<p>La gare la plus proche est celle de Hy\u00e8res (11km). Depuis la gare, prenez le bus 67 direction \u00ab\u00a0La Tour Fondue\u00a0\u00bb, embarcad\u00e8re pour l&rsquo;Ile de Porquerolles.<\/p>\n<p>Vous pouvez \u00e9galement arriver par la gare de Toulon (29km &#8211; 30min en voiture). Prenez dans ce cas le bus 29 ou 39 direction \u00ab\u00a0Gare routi\u00e8re de Hy\u00e8res\u00a0\u00bb. Descendez \u00e0 l&rsquo;arr\u00eat \u00ab\u00a0Gare routi\u00e8re\u00a0\u00bb et prenez le bus 67 pour \u00ab\u00a0la Tour Fondue\u00a0\u00bb.<\/p>\n<p><a href=\"http:\/\/www.voyages-sncf.com\/\" target=\"_blank\" rel=\"noopener\">Horaires des trains<\/a><\/p>\n<ul>\n<li>Horaires des bus <a href=\"https:\/\/www.reseaumistral.com\/ftp\/lines\/l67hiv1718v2au061117.pdf\" target=\"_blank\" rel=\"noopener\">Ligne 67<\/a>\u00a0(Hy\u00e8res)<\/li>\n<li>Horaire des bus <a href=\"https:\/\/www.reseaumistral.com\/ftp\/lines\/l29hiv1718v2au061117.pdf\" target=\"_blank\" rel=\"noopener\">Ligne 29<\/a>\u00a0et <a href=\"https:\/\/www.reseaumistral.com\/ftp\/lines\/l39edition205102017.pdf\" target=\"_blank\" rel=\"noopener\">Ligne 39<\/a> (Toulon)<\/li>\n<\/ul>\n<p><strong><span style=\"color: #993300;\">En taxi<\/span> <\/strong>(tarifs approximatifs)<\/p>\n<ul style=\"list-style-type: square;\">\n<li>Depuis l&rsquo;a\u00e9roport Toulon-H\u00e8res 25\u20ac &#8211; 10min<\/li>\n<li>Depuis la gare SNCF de Toulon 80\u20ac &#8211; 45min<\/li>\n<li>Depuis la gare SNCF de Hy\u00e8res 35\u20ac &#8211; 15min<\/li>\n<\/ul>\n<p><a href=\"http:\/\/taxishyerois.free.fr\/\">Taxis Radio Hy\u00e9rois<\/a> Tel. +33 (0) 4 94 00 60 00<br \/>\n<a href=\"http:\/\/www.taxi-toulon.com\/\">Radio-Taxi Toulon<\/a> Tel. +33 (0) 4 94 93 51 51<\/p>\n<p><span style=\"color: #993300;\"><strong>Navette maritime ligne r\u00e9guli\u00e8re pour rejoindre Porquerolles<br \/>\n<\/strong><\/span><\/p>\n<p>Embarcad\u00e8re : Tour Fondue (toutes les 20min, 20\u20ac environ)<\/p>\n<p><a href=\"https:\/\/www.tlv-tvm.com\/horaires-tarifs-horaires-2\/\" target=\"_blank\" rel=\"noopener\">Horaires<\/a><br \/>\nTel. +33(0)4 94 58 21 81<\/p>\n<p><strong><span style=\"color: #993300;\">En voiture<\/span><br \/>\n<\/strong><\/p>\n<div class=\"page\" title=\"Page 5\">\n<div class=\"section\">\n<div class=\"layoutArea\">\n<div class=\"column\">\n<p>GPS : 43\u00b0 02\u2019 69\u2019\u2019 N &#8211; 06\u00b0 15\u2019 49\u2019\u2019 E<\/p>\n<p>Presqu&rsquo;\u00cele de Giens, Tour Fondue. De nombreux <a href=\"http:\/\/www.hyeres-tourism.co.uk\/en-hyeres\/porquerolles\/practical\/parkings\" target=\"_blank\" rel=\"noopener\">parkings <\/a>sont \u00e0 votre disposition.<br \/>\n<em>R\u00e9servation fortement conseill\u00e9e. <\/em>R\u00e9servation en ligne est possible <a href=\"http:\/\/www.parkingdesiles.com\/\">pour Parking des Iles<\/a>.<\/p>\n<p><a href=\"http:\/\/parkings.hyeres.fr\/HyeresParkings\">Parking availability information in real time<\/a><\/p>\n<\/div>\n<\/div>\n<\/div>\n<\/div>\n","protected":false},"excerpt":{"rendered":"<p>APVP 2018 aura lieu au Centre IGESA, sur l&rsquo;Ile de Porquerolles (France). Situ\u00e9 en face de la ville d&rsquo;Hy\u00e8res, l&rsquo;\u00eele de Porquerolles\u00a0est un petit coin de paradis baignant dans une mer turquoise, aux plages de sable blanc et aux chemins bord\u00e9s de pins et d&rsquo;eucalyptus. Implant\u00e9 sur un grand domaine\u2026<\/p>\n<p> <a class=\"continue-reading-link\" href=\"https:\/\/project.inria.fr\/apvp2018\/francais-acces\/\"><span>Continue reading<\/span><i class=\"crycon-right-dir\"><\/i><\/a> <\/p>\n","protected":false},"author":539,"featured_media":0,"parent":0,"menu_order":0,"comment_status":"closed","ping_status":"closed","template":"","meta":{"footnotes":""},"class_list":["post-103","page","type-page","status-publish","hentry"],"_links":{"self":[{"href":"https:\/\/project.inria.fr\/apvp2018\/wp-json\/wp\/v2\/pages\/103","targetHints":{"allow":["GET"]}}],"collection":[{"href":"https:\/\/project.inria.fr\/apvp2018\/wp-json\/wp\/v2\/pages"}],"about":[{"href":"https:\/\/project.inria.fr\/apvp2018\/wp-json\/wp\/v2\/types\/page"}],"author":[{"embeddable":true,"href":"https:\/\/project.inria.fr\/apvp2018\/wp-json\/wp\/v2\/users\/539"}],"replies":[{"embeddable":true,"href":"https:\/\/project.inria.fr\/apvp2018\/wp-json\/wp\/v2\/comments?post=103"}],"version-history":[{"count":16,"href":"https:\/\/project.inria.fr\/apvp2018\/wp-json\/wp\/v2\/pages\/103\/revisions"}],"predecessor-version":[{"id":497,"href":"https:\/\/project.inria.fr\/apvp2018\/wp-json\/wp\/v2\/pages\/103\/revisions\/497"}],"wp:attachment":[{"href":"https:\/\/project.inria.fr\/apvp2018\/wp-json\/wp\/v2\/media?parent=103"}],"curies":[{"name":"wp","href":"https:\/\/api.w.org\/{rel}","templated":true}]}}

Accès

<p>APVP 2018 aura lieu au <a href="https://www.igesa.fr/vos-vacances/recherche-sejour/reserver-mes-vacances/etablissement/porquerolles/">Centre IGESA, sur l&rsquo;Ile de Porquerolles</a> (France).</p>
<p style="text-align: justify;">Situé en face de la ville d&rsquo;Hyères, l&rsquo;île de Porquerolles est un petit coin de paradis baignant dans une mer turquoise, aux plages de sable blanc et aux chemins bordés de pins et d&rsquo;eucalyptus. Implanté sur un grand domaine arboré de 8 ha, accolé au village, l&rsquo;hôtel club IGESA Porquerolles se situe à quelques pas de la plage de La Courtade.</p>
<p><img loading="lazy" decoding="async" class="wp-image-104 aligncenter" src="https://project.inria.fr/apvp2018/files/2018/01/acces.gif" alt="" width="348" height="377" /></p>
<p>L’accès à l’île de Porquerolles se fait grâce à une navette maritime au départ du port de la Tour fondue (presqu’île de Giens). On arrive à Hyères par train ou avion (depuis Toulon), puis il faut prendre un bus pour aller à l’embarcadère.</p>
<p>&nbsp;</p>
<table class="aligncenter" style="border-color: #e60e1c; background-color: #ffe6b3; width: 700px;" border="1">
<tbody>
<tr>
<td><strong>Navette spéciale Igesa pour se rendre à Porquerolles : « La Valériane »</strong></p>
<p><a href="https://project.inria.fr/apvp2018/files/2018/01/95021756.jpg"><img loading="lazy" decoding="async" class="size-thumbnail wp-image-404 alignleft" src="https://project.inria.fr/apvp2018/files/2018/01/95021756-150x150.jpg" alt="" width="150" height="150" srcset="https://project.inria.fr/apvp2018/files/2018/01/95021756-150x150.jpg 150w, https://project.inria.fr/apvp2018/files/2018/01/95021756-310x311.jpg 310w" sizes="auto, (max-width: 150px) 100vw, 150px" /></a></p>
<p>Aller dimanche 3 juin : 2 départs depuis la Tour Fondue</p>
<ul>
<li>15h30</li>
<li>18h00</li>
</ul>
<p>Retour mercredi 6 juin :</p>
<ul>
<li>16h45</li>
</ul>
<p>Pour les participants qui ne pourraient se joindre à la navette de l&rsquo;Igesa, des navettes régulières assurent la traversée Tour Fondue / Porquerolles. Voir détail des <a href="https://www.tlv-tvm.com/horaires-tarifs-horaires-2/" target="_blank" rel="noopener">horaires</a>.</td>
</tr>
</tbody>
</table>
<p><span style="color: #993300;"><strong>Par avion<br />
</strong></span></p>
<p>L&rsquo;aéroport le plus proche est celui de <a href="http://www.toulon-hyeres.aeroport.fr/" target="_blank" rel="noopener">Toulon-Hyères</a> (9km) Vous pouvez également arriver depuis l&rsquo;aéroport International de <a href="http://www.nice.aeroport.fr/" target="_blank" rel="noopener">Nice Côte d&rsquo;Azur</a> (150km, 1h45 en voiture) ou <a href="http://www.mp2.aeroport.fr/" target="_blank" rel="noopener">Marseille-Provence </a>(110km, 1h45 en voiture).</p>
<p><strong><span style="color: #993300;">En train</span><br />
</strong></p>
<p>La gare la plus proche est celle de Hyères (11km). Depuis la gare, prenez le bus 67 direction « La Tour Fondue », embarcadère pour l&rsquo;Ile de Porquerolles.</p>
<p>Vous pouvez également arriver par la gare de Toulon (29km &#8211; 30min en voiture). Prenez dans ce cas le bus 29 ou 39 direction « Gare routière de Hyères ». Descendez à l&rsquo;arrêt « Gare routière » et prenez le bus 67 pour « la Tour Fondue ».</p>
<p><a href="http://www.voyages-sncf.com/" target="_blank" rel="noopener">Horaires des trains</a></p>
<ul>
<li>Horaires des bus <a href="https://www.reseaumistral.com/ftp/lines/l67hiv1718v2au061117.pdf" target="_blank" rel="noopener">Ligne 67</a> (Hyères)</li>
<li>Horaire des bus <a href="https://www.reseaumistral.com/ftp/lines/l29hiv1718v2au061117.pdf" target="_blank" rel="noopener">Ligne 29</a> et <a href="https://www.reseaumistral.com/ftp/lines/l39edition205102017.pdf" target="_blank" rel="noopener">Ligne 39</a> (Toulon)</li>
</ul>
<p><strong><span style="color: #993300;">En taxi</span> </strong>(tarifs approximatifs)</p>
<ul style="list-style-type: square;">
<li>Depuis l&rsquo;aéroport Toulon-Hères 25€ &#8211; 10min</li>
<li>Depuis la gare SNCF de Toulon 80€ &#8211; 45min</li>
<li>Depuis la gare SNCF de Hyères 35€ &#8211; 15min</li>
</ul>
<p><a href="http://taxishyerois.free.fr/">Taxis Radio Hyérois</a> Tel. +33 (0) 4 94 00 60 00<br />
<a href="http://www.taxi-toulon.com/">Radio-Taxi Toulon</a> Tel. +33 (0) 4 94 93 51 51</p>
<p><span style="color: #993300;"><strong>Navette maritime ligne régulière pour rejoindre Porquerolles<br />
</strong></span></p>
<p>Embarcadère : Tour Fondue (toutes les 20min, 20€ environ)</p>
<p><a href="https://www.tlv-tvm.com/horaires-tarifs-horaires-2/" target="_blank" rel="noopener">Horaires</a><br />
Tel. +33(0)4 94 58 21 81</p>
<p><strong><span style="color: #993300;">En voiture</span><br />
</strong></p>
<div class="page" title="Page 5">
<div class="section">
<div class="layoutArea">
<div class="column">
<p>GPS : 43° 02’ 69’’ N &#8211; 06° 15’ 49’’ E</p>
<p>Presqu&rsquo;Île de Giens, Tour Fondue. De nombreux <a href="http://www.hyeres-tourism.co.uk/en-hyeres/porquerolles/practical/parkings" target="_blank" rel="noopener">parkings </a>sont à votre disposition.<br />
<em>Réservation fortement conseillée. </em>Réservation en ligne est possible <a href="http://www.parkingdesiles.com/">pour Parking des Iles</a>.</p>
<p><a href="http://parkings.hyeres.fr/HyeresParkings">Parking availability information in real time</a></p>
</div>
</div>
</div>
</div>

<p>APVP 2018 aura lieu au Centre IGESA, sur l&rsquo;Ile de Porquerolles (France). Situé en face de la ville d&rsquo;Hyères, l&rsquo;île de Porquerolles est un petit coin de paradis baignant dans une mer turquoise, aux plages de sable blanc et aux chemins bordés de pins et d&rsquo;eucalyptus. Implanté sur un grand domaine…</p>
<p> <a class="continue-reading-link" href="https://project.inria.fr/apvp2018/francais-acces/"><span>Continue reading</span><i class="crycon-right-dir"></i></a> </p>
