

{"id":131,"date":"2018-02-13T09:48:52","date_gmt":"2018-02-13T08:48:52","guid":{"rendered":"https:\/\/project.inria.fr\/apvp2018\/?page_id=131"},"modified":"2019-02-04T20:07:42","modified_gmt":"2019-02-04T19:07:42","slug":"comite-de-pilotage","status":"publish","type":"page","link":"https:\/\/project.inria.fr\/apvp2018\/comite-de-pilotage\/","title":{"rendered":"Organisation"},"content":{"rendered":"<table style=\"border-color: #8e59d9; width: 100%;\" border=\"1\" cellspacing=\"1\" cellpadding=\"1\">\n<tbody>\n<tr>\n<td colspan=\"4\">\n<h3>Comit\u00e9 de pilotage<\/h3>\n<h3><\/h3>\n<\/td>\n<\/tr>\n<tr>\n<td style=\"background-color: #ffffff;\"><a href=\"https:\/\/project.inria.fr\/apvp2018\/files\/2018\/04\/Gambs150.jpg\"><img loading=\"lazy\" decoding=\"async\" class=\"alignnone size-thumbnail wp-image-259\" src=\"https:\/\/project.inria.fr\/apvp2018\/files\/2018\/04\/Gambs150-150x150.jpg\" alt=\"\" width=\"150\" height=\"150\" srcset=\"https:\/\/project.inria.fr\/apvp2018\/files\/2018\/04\/Gambs150-150x150.jpg 150w, https:\/\/project.inria.fr\/apvp2018\/files\/2018\/04\/Gambs150.jpg 190w\" sizes=\"auto, (max-width: 150px) 100vw, 150px\" \/><\/a><\/td>\n<td><a href=\"http:\/\/sebastiengambs.openum.ca\/\">S\u00e9batien Gambs<\/a><br \/>\n<span style=\"font-size: 10pt;\">UQAM<\/span><\/td>\n<td><a href=\"https:\/\/project.inria.fr\/apvp2018\/files\/2018\/02\/le_metayer150.jpg\"><img loading=\"lazy\" decoding=\"async\" class=\"alignnone size-thumbnail wp-image-261\" src=\"https:\/\/project.inria.fr\/apvp2018\/files\/2018\/02\/le_metayer150-150x150.jpg\" alt=\"\" width=\"150\" height=\"150\" srcset=\"https:\/\/project.inria.fr\/apvp2018\/files\/2018\/02\/le_metayer150-150x150.jpg 150w, https:\/\/project.inria.fr\/apvp2018\/files\/2018\/02\/le_metayer150-310x311.jpg 310w\" sizes=\"auto, (max-width: 150px) 100vw, 150px\" \/><\/a><\/p>\n<p>&nbsp;<\/td>\n<td><a href=\"https:\/\/planete.inrialpes.fr\/people\/lemetayer\/\">Daniel Le M\u00e9tayer<\/a><br \/>\n<span style=\"font-size: 10pt;\">Inria Rh\u00f4ne-Alpes<\/span><\/td>\n<\/tr>\n<tr>\n<td style=\"background-color: #ffffff;\"><a href=\"https:\/\/project.inria.fr\/apvp2018\/files\/2018\/02\/nguyen.jpg\"><img loading=\"lazy\" decoding=\"async\" class=\"alignnone size-thumbnail wp-image-200\" src=\"https:\/\/project.inria.fr\/apvp2018\/files\/2018\/02\/nguyen-150x150.jpg\" alt=\"\" width=\"150\" height=\"150\" srcset=\"https:\/\/project.inria.fr\/apvp2018\/files\/2018\/02\/nguyen-150x150.jpg 150w, https:\/\/project.inria.fr\/apvp2018\/files\/2018\/02\/nguyen.jpg 200w\" sizes=\"auto, (max-width: 150px) 100vw, 150px\" \/><\/a><\/td>\n<td><a href=\"http:\/\/www.benjamin-nguyen.fr\/home\/index.php?title=Accueil\">Benjamin Nguyen<\/a><br \/>\n<span style=\"font-size: 10pt;\">INSA, Centre Val de Loire<\/span><\/td>\n<td><a href=\"https:\/\/project.inria.fr\/apvp2018\/files\/2018\/02\/Killijian.jpg\"><img loading=\"lazy\" decoding=\"async\" class=\"aligncenter wp-image-197\" src=\"https:\/\/project.inria.fr\/apvp2018\/files\/2018\/02\/Killijian.jpg\" alt=\"\" width=\"113\" height=\"150\" \/><\/a><\/td>\n<td><a href=\"http:\/\/homepages.laas.fr\/mkilliji\/MOK_Home\/Marc-Olivier_Killijian.html\">Marc-Olivier Killijian<\/a><br \/>\n<span style=\"font-size: 10pt;\">CNRS\/LAAS<\/span><\/td>\n<\/tr>\n<\/tbody>\n<\/table>\n<p>&nbsp;<\/p>\n<table>\n<tbody>\n<tr>\n<td colspan=\"4\">\n<h3>Comit\u00e9 d&rsquo;organisation<\/h3>\n<\/td>\n<\/tr>\n<tr>\n<td><a href=\"https:\/\/project.inria.fr\/apvp2018\/files\/2018\/04\/Bielova150.jpg\"><img loading=\"lazy\" decoding=\"async\" class=\"alignnone size-full wp-image-251\" src=\"https:\/\/project.inria.fr\/apvp2018\/files\/2018\/04\/Bielova150.jpg\" alt=\"\" width=\"150\" height=\"150\" \/><\/a><\/td>\n<td><a href=\"http:\/\/www-sop.inria.fr\/members\/Nataliia.Bielova\/index.html\">Nataliia Bielova<\/a> <span style=\"font-size: 10pt;\"><br \/>\nInria, <\/span><span style=\"font-size: 10pt;\">UCA<\/span><\/td>\n<td><a href=\"https:\/\/project.inria.fr\/apvp2018\/files\/2018\/04\/Castelluccia150.jpg\"><img loading=\"lazy\" decoding=\"async\" class=\"alignnone size-thumbnail wp-image-255\" src=\"https:\/\/project.inria.fr\/apvp2018\/files\/2018\/04\/Castelluccia150-150x150.jpg\" alt=\"\" width=\"150\" height=\"150\" srcset=\"https:\/\/project.inria.fr\/apvp2018\/files\/2018\/04\/Castelluccia150-150x150.jpg 150w, https:\/\/project.inria.fr\/apvp2018\/files\/2018\/04\/Castelluccia150.jpg 242w\" sizes=\"auto, (max-width: 150px) 100vw, 150px\" \/><\/a><\/td>\n<td><a href=\"http:\/\/planete.inrialpes.fr\/~ccastel\/\">Claude Castelluccia<\/a><br \/>\n<span style=\"font-size: 10pt;\">Inria, Data@UGA<\/span><\/td>\n<\/tr>\n<\/tbody>\n<\/table>\n<h4><\/h4>\n<table>\n<tbody>\n<tr>\n<td colspan=\"4\">\n<h3>Comit\u00e9 de programme<\/h3>\n<\/td>\n<\/tr>\n<tr>\n<td><a href=\"https:\/\/project.inria.fr\/apvp2018\/files\/2018\/04\/Amann150-1.jpg\"><img loading=\"lazy\" decoding=\"async\" class=\"alignnone size-full wp-image-253\" src=\"https:\/\/project.inria.fr\/apvp2018\/files\/2018\/04\/Amann150-1.jpg\" alt=\"\" width=\"150\" height=\"150\" \/><\/a><\/p>\n<p><a href=\"https:\/\/www.lip6.fr\/actualite\/personnes-fiche.php?ident=P200\">Bernd Amann<\/a><br \/>\n<span style=\"font-size: 10pt;\">Sorbonne Universit\u00e9<\/span><br \/>\n<span style=\"font-size: 10pt;\"> LIP6<\/span><\/td>\n<td><a href=\"https:\/\/project.inria.fr\/apvp2018\/files\/2018\/02\/phantom-150x150.png\"><img loading=\"lazy\" decoding=\"async\" src=\"https:\/\/project.inria.fr\/apvp2018\/files\/2018\/02\/phantom-150x150.png\" alt=\"\" width=\"100\" height=\"100\" \/><\/a><\/p>\n<p><a href=\"https:\/\/www.linkedin.com\/in\/baudot\/\">Franck Baudot<\/a><br \/>\n<span style=\"font-size: 10pt;\">CNIL<\/span><\/td>\n<td><a href=\"https:\/\/project.inria.fr\/apvp2018\/files\/2018\/04\/Bielova150.jpg\"><img loading=\"lazy\" decoding=\"async\" class=\"alignnone size-full wp-image-251\" src=\"https:\/\/project.inria.fr\/apvp2018\/files\/2018\/04\/Bielova150.jpg\" alt=\"\" width=\"150\" height=\"150\" \/><\/a><\/p>\n<p><a href=\"http:\/\/www-sop.inria.fr\/members\/Nataliia.Bielova\/index.html\">Nataliia Bielova<\/a><br \/>\n<span style=\"font-size: 10pt;\">Inria, UCA<\/span><\/td>\n<td><a href=\"https:\/\/project.inria.fr\/apvp2018\/files\/2018\/02\/phantom-150x150.png\"><img loading=\"lazy\" decoding=\"async\" src=\"https:\/\/project.inria.fr\/apvp2018\/files\/2018\/02\/phantom-150x150.png\" alt=\"\" width=\"100\" height=\"100\" \/><\/a><\/p>\n<p><a href=\"https:\/\/www.liglab.fr\/fr\/util\/annuaire?%20prenom=Christophe&amp;nom=BOBINEAU\">Christophe Bobineau<\/a><br \/>\n<span style=\"font-size: 10pt;\">LIG, Grenoble INP<\/span><\/td>\n<\/tr>\n<tr>\n<td><a href=\"https:\/\/project.inria.fr\/apvp2018\/files\/2018\/04\/Boutet150-1.jpg\"><img loading=\"lazy\" decoding=\"async\" class=\"alignnone size-full wp-image-254\" src=\"https:\/\/project.inria.fr\/apvp2018\/files\/2018\/04\/Boutet150-1.jpg\" alt=\"\" width=\"150\" height=\"150\" \/><\/a><\/p>\n<p><a href=\"https:\/\/sites.google.com\/site\/antoineboutet\/\">Antoine Boutet<\/a><br \/>\n<span style=\"font-size: 10pt;\">INSA-Lyon, <\/span><span style=\"font-size: 10pt;\">Inria<\/span><\/td>\n<td><a href=\"https:\/\/project.inria.fr\/apvp2018\/files\/2018\/04\/Castelluccia150.jpg\"><img loading=\"lazy\" decoding=\"async\" class=\"alignnone size-thumbnail wp-image-255\" src=\"https:\/\/project.inria.fr\/apvp2018\/files\/2018\/04\/Castelluccia150-150x150.jpg\" alt=\"\" width=\"150\" height=\"150\" srcset=\"https:\/\/project.inria.fr\/apvp2018\/files\/2018\/04\/Castelluccia150-150x150.jpg 150w, https:\/\/project.inria.fr\/apvp2018\/files\/2018\/04\/Castelluccia150.jpg 242w\" sizes=\"auto, (max-width: 150px) 100vw, 150px\" \/><\/a><\/p>\n<p><a href=\"http:\/\/planete.inrialpes.fr\/~ccastel\/\">Claude Castelluccia<\/a><br \/>\n<span style=\"font-size: 10pt;\">Inria, Data@UGA<\/span><\/td>\n<td><a href=\"https:\/\/project.inria.fr\/apvp2018\/files\/2018\/02\/Castets-Renard150.jpg\"><img loading=\"lazy\" decoding=\"async\" class=\"alignnone size-thumbnail wp-image-262\" src=\"https:\/\/project.inria.fr\/apvp2018\/files\/2018\/02\/Castets-Renard150-150x150.jpg\" alt=\"\" width=\"150\" height=\"150\" srcset=\"https:\/\/project.inria.fr\/apvp2018\/files\/2018\/02\/Castets-Renard150-150x150.jpg 150w, https:\/\/project.inria.fr\/apvp2018\/files\/2018\/02\/Castets-Renard150-300x300.jpg 300w, https:\/\/project.inria.fr\/apvp2018\/files\/2018\/02\/Castets-Renard150-310x311.jpg 310w, https:\/\/project.inria.fr\/apvp2018\/files\/2018\/02\/Castets-Renard150.jpg 664w\" sizes=\"auto, (max-width: 150px) 100vw, 150px\" \/><\/a><\/p>\n<p><a href=\"http:\/\/www.castetsrenard.org\/\">C\u00e9line Castets-Renard<\/a><br \/>\n<span style=\"font-size: 10pt;\">Universit\u00e9 Toulouse-Capitole<\/span><\/td>\n<td><a href=\"https:\/\/project.inria.fr\/apvp2018\/files\/2018\/04\/Chessa150.jpg\"><img loading=\"lazy\" decoding=\"async\" class=\"alignnone size-thumbnail wp-image-256\" src=\"https:\/\/project.inria.fr\/apvp2018\/files\/2018\/04\/Chessa150-150x150.jpg\" alt=\"\" width=\"150\" height=\"150\" srcset=\"https:\/\/project.inria.fr\/apvp2018\/files\/2018\/04\/Chessa150-150x150.jpg 150w, https:\/\/project.inria.fr\/apvp2018\/files\/2018\/04\/Chessa150-300x300.jpg 300w, https:\/\/project.inria.fr\/apvp2018\/files\/2018\/04\/Chessa150-310x311.jpg 310w, https:\/\/project.inria.fr\/apvp2018\/files\/2018\/04\/Chessa150.jpg 493w\" sizes=\"auto, (max-width: 150px) 100vw, 150px\" \/><\/a><\/p>\n<p><a href=\"http:\/\/unice.fr\/laboratoires\/gredeg\/contenus-riches\/archives\/membres\/chercheurs-et-enseignantschercheurs\/chessa-michela\">Michela Chessa<\/a><br \/>\n<span style=\"font-size: 10pt;\">UCA, <\/span><span style=\"font-size: 10pt;\">GREDEG<\/span><br \/>\n<span style=\"font-size: 10pt;\"> Universit\u00e9 Nice Sophia Antipolis<\/span><\/td>\n<\/tr>\n<tr>\n<td><a href=\"https:\/\/project.inria.fr\/apvp2018\/files\/2018\/04\/Christakis150.jpg\"><img loading=\"lazy\" decoding=\"async\" class=\"alignnone size-thumbnail wp-image-257\" src=\"https:\/\/project.inria.fr\/apvp2018\/files\/2018\/04\/Christakis150-150x150.jpg\" alt=\"\" width=\"150\" height=\"150\" srcset=\"https:\/\/project.inria.fr\/apvp2018\/files\/2018\/04\/Christakis150-150x150.jpg 150w, https:\/\/project.inria.fr\/apvp2018\/files\/2018\/04\/Christakis150-300x300.jpg 300w, https:\/\/project.inria.fr\/apvp2018\/files\/2018\/04\/Christakis150-310x311.jpg 310w, https:\/\/project.inria.fr\/apvp2018\/files\/2018\/04\/Christakis150.jpg 400w\" sizes=\"auto, (max-width: 150px) 100vw, 150px\" \/><\/a><\/p>\n<p><a href=\"https:\/\/cesice.univ-grenoble-alpes.fr\/centre\/membres\/theodore-christakis\">Theodore Christakis<\/a><br \/>\n<span style=\"font-size: 10pt;\">Data@UGA, <\/span><span style=\"font-size: 10pt;\">CESICE<\/span><br \/>\n<span style=\"font-size: 10pt;\"> Institut Universitaire de France<\/span><\/td>\n<td><a href=\"https:\/\/project.inria.fr\/apvp2018\/files\/2018\/04\/Cunche150.jpg\"><img loading=\"lazy\" decoding=\"async\" class=\"alignnone size-thumbnail wp-image-258\" src=\"https:\/\/project.inria.fr\/apvp2018\/files\/2018\/04\/Cunche150-150x150.jpg\" alt=\"\" width=\"150\" height=\"150\" srcset=\"https:\/\/project.inria.fr\/apvp2018\/files\/2018\/04\/Cunche150-150x150.jpg 150w, https:\/\/project.inria.fr\/apvp2018\/files\/2018\/04\/Cunche150.jpg 207w\" sizes=\"auto, (max-width: 150px) 100vw, 150px\" \/><\/a><\/p>\n<p><a href=\"http:\/\/planete.inrialpes.fr\/~cunche\/\">Mathieu Cunche<\/a><br \/>\n<span style=\"font-size: 10pt;\">INSA-Lyon<\/span><br \/>\n<span style=\"font-size: 10pt;\"> CITI, Inria<\/span><\/td>\n<td><a href=\"https:\/\/project.inria.fr\/apvp2018\/files\/2018\/04\/Gambs150.jpg\"><img loading=\"lazy\" decoding=\"async\" class=\"alignnone size-thumbnail wp-image-259\" src=\"https:\/\/project.inria.fr\/apvp2018\/files\/2018\/04\/Gambs150-150x150.jpg\" alt=\"\" width=\"150\" height=\"150\" srcset=\"https:\/\/project.inria.fr\/apvp2018\/files\/2018\/04\/Gambs150-150x150.jpg 150w, https:\/\/project.inria.fr\/apvp2018\/files\/2018\/04\/Gambs150.jpg 190w\" sizes=\"auto, (max-width: 150px) 100vw, 150px\" \/><\/a><\/p>\n<p><a href=\"http:\/\/sebastiengambs.openum.ca\/\">S\u00e9bastien Gambs<\/a> <span style=\"font-size: 10pt;\">UQAM<\/span><\/td>\n<td>\u00a0<a href=\"https:\/\/project.inria.fr\/apvp2018\/files\/2018\/02\/Gancarski150.jpg\"><img loading=\"lazy\" decoding=\"async\" class=\"alignnone size-thumbnail wp-image-263\" src=\"https:\/\/project.inria.fr\/apvp2018\/files\/2018\/02\/Gancarski150-150x150.jpg\" alt=\"\" width=\"150\" height=\"150\" \/><\/a><\/p>\n<p><a href=\"http:\/\/icube-bfo.unistra.fr\/en\/index.php\/Pierre_Gan%C3%A7arski\">Pierre Gan\u00e7arski<\/a><br \/>\n<span style=\"font-size: 10pt;\">Universit\u00e9 de Strasbourg<\/span><br \/>\n<span style=\"font-size: 10pt;\"> CNRS<\/span><\/td>\n<\/tr>\n<tr>\n<td><a href=\"https:\/\/project.inria.fr\/apvp2018\/files\/2018\/02\/Goga150.jpg\"><img loading=\"lazy\" decoding=\"async\" class=\"alignnone size-thumbnail wp-image-264\" src=\"https:\/\/project.inria.fr\/apvp2018\/files\/2018\/02\/Goga150-150x150.jpg\" alt=\"\" width=\"150\" height=\"150\" srcset=\"https:\/\/project.inria.fr\/apvp2018\/files\/2018\/02\/Goga150-150x150.jpg 150w, https:\/\/project.inria.fr\/apvp2018\/files\/2018\/02\/Goga150.jpg 153w\" sizes=\"auto, (max-width: 150px) 100vw, 150px\" \/><\/a><\/p>\n<p><a href=\"http:\/\/lig-membres.imag.fr\/gogao\/\">Oana Goga<\/a><br \/>\n<span style=\"font-size: 10pt;\">CNRS<\/span><\/td>\n<td><a href=\"https:\/\/project.inria.fr\/apvp2018\/files\/2018\/04\/Huguenin150.jpg\"><img loading=\"lazy\" decoding=\"async\" class=\"alignnone size-full wp-image-260\" src=\"https:\/\/project.inria.fr\/apvp2018\/files\/2018\/04\/Huguenin150.jpg\" alt=\"\" width=\"150\" height=\"150\" \/><\/a><\/p>\n<p><a href=\"https:\/\/people.unil.ch\/kevinhuguenin\/\">K\u00e9vin Huguenin<\/a><br \/>\n<span style=\"font-size: 10pt;\">Universit\u00e9 de Lausanne<\/span><\/td>\n<td><a href=\"https:\/\/project.inria.fr\/apvp2018\/files\/2018\/02\/Killijian-1.jpg\"><img loading=\"lazy\" decoding=\"async\" class=\"alignnone wp-image-265\" src=\"https:\/\/project.inria.fr\/apvp2018\/files\/2018\/02\/Killijian-1.jpg\" alt=\"\" width=\"113\" height=\"150\" \/><\/a><\/p>\n<p><a href=\"http:\/\/homepages.laas.fr\/mkilliji\/MOK_Home\/Marc-Olivier_Killijian.html\">Marc-Olivier Killijian<\/a><br \/>\n<span style=\"font-size: 10pt;\">LAAS, CNRS<\/span><\/td>\n<td><a href=\"https:\/\/project.inria.fr\/apvp2018\/files\/2018\/02\/Lancelot-Miltgen150.jpg\"><img loading=\"lazy\" decoding=\"async\" class=\"alignnone size-thumbnail wp-image-266\" src=\"https:\/\/project.inria.fr\/apvp2018\/files\/2018\/02\/Lancelot-Miltgen150-150x150.jpg\" alt=\"\" width=\"150\" height=\"150\" srcset=\"https:\/\/project.inria.fr\/apvp2018\/files\/2018\/02\/Lancelot-Miltgen150-150x150.jpg 150w, https:\/\/project.inria.fr\/apvp2018\/files\/2018\/02\/Lancelot-Miltgen150.jpg 200w\" sizes=\"auto, (max-width: 150px) 100vw, 150px\" \/><\/a><\/p>\n<p><a href=\"http:\/\/faculte-recherche.audencia.com\/cvs\/cv\/caroline-lancelot-miltgen\/\">Caroline Lancelot-Miltgen<\/a><br \/>\n<span style=\"font-size: 10pt;\">Audencia Business School<\/span><\/td>\n<\/tr>\n<tr>\n<td><a href=\"https:\/\/project.inria.fr\/apvp2018\/files\/2018\/02\/nguyen150.jpg\"><img loading=\"lazy\" decoding=\"async\" class=\"alignnone size-full wp-image-267\" src=\"https:\/\/project.inria.fr\/apvp2018\/files\/2018\/02\/nguyen150.jpg\" alt=\"\" width=\"150\" height=\"150\" \/><\/a><\/p>\n<p><a href=\"http:\/\/www.benjamin-nguyen.fr\/home\/index.php?title=Accueil\">Benjamin Nguyen<\/a><br \/>\n<span style=\"font-size: 10pt;\">INSA, <\/span><span style=\"font-size: 10pt;\">Centre Val de Loire<\/span><\/td>\n<td>\u00a0<a href=\"https:\/\/project.inria.fr\/apvp2018\/files\/2018\/02\/Onen150.jpg\"><img loading=\"lazy\" decoding=\"async\" class=\"alignnone size-thumbnail wp-image-268\" src=\"https:\/\/project.inria.fr\/apvp2018\/files\/2018\/02\/Onen150-150x150.jpg\" alt=\"\" width=\"150\" height=\"150\" srcset=\"https:\/\/project.inria.fr\/apvp2018\/files\/2018\/02\/Onen150-150x150.jpg 150w, https:\/\/project.inria.fr\/apvp2018\/files\/2018\/02\/Onen150.jpg 191w\" sizes=\"auto, (max-width: 150px) 100vw, 150px\" \/><\/a><\/p>\n<p><a href=\"http:\/\/www.eurecom.fr\/~onen\/\">Melek Onen<\/a><br \/>\n<span style=\"font-size: 10pt;\">EURECOM<\/span><\/td>\n<td><a href=\"https:\/\/project.inria.fr\/apvp2018\/files\/2018\/02\/Palamidessi150.jpg\"><img loading=\"lazy\" decoding=\"async\" class=\"alignnone size-thumbnail wp-image-270\" src=\"https:\/\/project.inria.fr\/apvp2018\/files\/2018\/02\/Palamidessi150-150x150.jpg\" alt=\"\" width=\"150\" height=\"150\" srcset=\"https:\/\/project.inria.fr\/apvp2018\/files\/2018\/02\/Palamidessi150-150x150.jpg 150w, https:\/\/project.inria.fr\/apvp2018\/files\/2018\/02\/Palamidessi150-300x300.jpg 300w, https:\/\/project.inria.fr\/apvp2018\/files\/2018\/02\/Palamidessi150-310x311.jpg 310w, https:\/\/project.inria.fr\/apvp2018\/files\/2018\/02\/Palamidessi150.jpg 674w\" sizes=\"auto, (max-width: 150px) 100vw, 150px\" \/><\/a><\/p>\n<p><a href=\"http:\/\/www.lix.polytechnique.fr\/~catuscia\/\">Catuscia Palamidessi<\/a><br \/>\n<span style=\"font-size: 10pt;\">LIX, Inria<\/span><\/td>\n<td><a href=\"https:\/\/project.inria.fr\/apvp2018\/files\/2018\/02\/Piolle150.jpg\"><img loading=\"lazy\" decoding=\"async\" class=\"alignnone size-full wp-image-271\" src=\"https:\/\/project.inria.fr\/apvp2018\/files\/2018\/02\/Piolle150.jpg\" alt=\"\" width=\"150\" height=\"150\" \/><\/a><\/p>\n<p><a href=\"http:\/\/guillaume.piolle.fr\/\">Guillaume Piolle<\/a><br \/>\n<span style=\"font-size: 10pt;\">CentraleSup\u00e9lec<\/span><\/td>\n<\/tr>\n<tr>\n<td><a href=\"https:\/\/project.inria.fr\/apvp2018\/files\/2018\/02\/Roudier150.jpg\"><img loading=\"lazy\" decoding=\"async\" class=\"alignnone size-thumbnail wp-image-272\" src=\"https:\/\/project.inria.fr\/apvp2018\/files\/2018\/02\/Roudier150-150x150.jpg\" alt=\"\" width=\"150\" height=\"150\" srcset=\"https:\/\/project.inria.fr\/apvp2018\/files\/2018\/02\/Roudier150-150x150.jpg 150w, https:\/\/project.inria.fr\/apvp2018\/files\/2018\/02\/Roudier150.jpg 188w\" sizes=\"auto, (max-width: 150px) 100vw, 150px\" \/><\/a><\/p>\n<p><a href=\"http:\/\/www.i3s.unice.fr\/~yroudier\/\">Yves Roudier<\/a><br \/>\n<span style=\"font-size: 10pt;\">I3S<\/span><br \/>\n<span style=\"font-size: 10pt;\"> Universit\u00e9 Nice Sophia Antipolis<\/span><\/td>\n<td><\/td>\n<td><\/td>\n<td><\/td>\n<\/tr>\n<\/tbody>\n<\/table>\n<h2><\/h2>\n","protected":false},"excerpt":{"rendered":"<p>Comit\u00e9 de pilotage S\u00e9batien Gambs UQAM &nbsp; Daniel Le M\u00e9tayer Inria Rh\u00f4ne-Alpes Benjamin Nguyen INSA, Centre Val de Loire Marc-Olivier Killijian CNRS\/LAAS &nbsp; Comit\u00e9 d&rsquo;organisation Nataliia Bielova Inria, UCA Claude Castelluccia Inria, Data@UGA Comit\u00e9 de programme Bernd Amann Sorbonne Universit\u00e9 LIP6 Franck Baudot CNIL Nataliia Bielova Inria, UCA Christophe Bobineau\u2026<\/p>\n<p> <a class=\"continue-reading-link\" href=\"https:\/\/project.inria.fr\/apvp2018\/comite-de-pilotage\/\"><span>Continue reading<\/span><i class=\"crycon-right-dir\"><\/i><\/a> <\/p>\n","protected":false},"author":310,"featured_media":0,"parent":0,"menu_order":0,"comment_status":"closed","ping_status":"closed","template":"","meta":{"footnotes":""},"class_list":["post-131","page","type-page","status-publish","hentry"],"_links":{"self":[{"href":"https:\/\/project.inria.fr\/apvp2018\/wp-json\/wp\/v2\/pages\/131","targetHints":{"allow":["GET"]}}],"collection":[{"href":"https:\/\/project.inria.fr\/apvp2018\/wp-json\/wp\/v2\/pages"}],"about":[{"href":"https:\/\/project.inria.fr\/apvp2018\/wp-json\/wp\/v2\/types\/page"}],"author":[{"embeddable":true,"href":"https:\/\/project.inria.fr\/apvp2018\/wp-json\/wp\/v2\/users\/310"}],"replies":[{"embeddable":true,"href":"https:\/\/project.inria.fr\/apvp2018\/wp-json\/wp\/v2\/comments?post=131"}],"version-history":[{"count":51,"href":"https:\/\/project.inria.fr\/apvp2018\/wp-json\/wp\/v2\/pages\/131\/revisions"}],"predecessor-version":[{"id":523,"href":"https:\/\/project.inria.fr\/apvp2018\/wp-json\/wp\/v2\/pages\/131\/revisions\/523"}],"wp:attachment":[{"href":"https:\/\/project.inria.fr\/apvp2018\/wp-json\/wp\/v2\/media?parent=131"}],"curies":[{"name":"wp","href":"https:\/\/api.w.org\/{rel}","templated":true}]}}