

{"id":4,"date":"2011-12-08T11:55:34","date_gmt":"2011-12-08T11:55:34","guid":{"rendered":"http:\/\/project.inria.fr\/template1\/?page_id=4"},"modified":"2018-05-23T17:10:46","modified_gmt":"2018-05-23T15:10:46","slug":"home","status":"publish","type":"page","link":"https:\/\/project.inria.fr\/apvp2018\/","title":{"rendered":"APVP 2018 &#8211; l&rsquo;Atelier sur la Protection de la Vie Priv\u00e9e"},"content":{"rendered":"<p><\/p>\n<p style=\"text-align: left;\"><span style=\"font-size: 18pt;\"><span style=\"font-family: helvetica, arial, sans-serif;\">3 au 6 juin 2018, Porquerolles (France)<\/span><\/span><\/p>\n<p>&nbsp;<\/p>\n<p style=\"text-align: justify;\"><span style=\"font-size: 12pt; font-family: helvetica, arial, sans-serif;\">La 9\u00e8me \u00e9dition de l&rsquo;Atelier sur la Protection de la Vie Priv\u00e9e (APVP) est organis\u00e9e cette ann\u00e9e par les \u00e9quipes <a href=\"https:\/\/team.inria.fr\/indes\/\">Indes<\/a> et <a href=\"https:\/\/team.inria.fr\/privatics\/\">Privatics<\/a> d&rsquo;<a href=\"https:\/\/www.inria.fr\/\">Inria<\/a> et\u00a0du <a href=\"http:\/\/gdr-securite.irisa.fr\/gt-pvp.html\">GT privacy<\/a> du <a href=\"http:\/\/gdr-securite.irisa.fr\/\">pr\u00e9-GDR CNRS \u00ab\u00a0S\u00e9curit\u00e9 Informatique\u201d<\/a>. APVP\u00a0re\u00e7oit<\/span><span style=\"font-size: 12pt; font-family: helvetica, arial, sans-serif;\"> le soutien financier du <a href=\"http:\/\/univ-cotedazur.fr\/fr\">Universit\u00e9 C\u00f4te d&rsquo;Azur<\/a>, de <a href=\"https:\/\/data-institute.univ-grenoble-alpes.fr\/\">l\u2019institut Data de l\u2019Universit\u00e9 de Grenoble Alpes<\/a>, du pr\u00e9-GDR CNRS \u00ab S\u00e9curit\u00e9 Informatique\u201d, <a href=\"http:\/\/www.madics.fr\/\">GDR MaDICS<\/a> et du projet\u00a0Chistera <a href=\"http:\/\/copes.gforge.inria.fr\/index.html\">COPES<\/a>.<\/span><\/p>\n<p style=\"text-align: justify;\"><span style=\"font-size: 12pt; font-family: helvetica, arial, sans-serif;\">Le but principal de l\u2019atelier est de rassembler les chercheurs de la communaut\u00e9 francophone dont les travaux portent sur la protection de la vie priv\u00e9e et des donn\u00e9es personnelles, et de leur offrir un forum privil\u00e9gi\u00e9 pour pouvoir pr\u00e9senter et \u00e9changer leurs id\u00e9es sur cette th\u00e9matique. L\u2019atelier est pluri-disciplinaire, et a vocation \u00e0 rassembler notamment des chercheurs en informatique, droit, \u00e9conomie, sociologie et statistiques.<\/span><\/p>\n<p>L&rsquo;atelier se d\u00e9roulera du 4 juin (arriv\u00e9e possible le 3 juin au soir) au 6 juin 2018, sur <a href=\"https:\/\/www.hyeres-tourisme.com\/hyeres\/en-videos\/\">l\u2019\u00eele de Porquerolles <\/a>(Hy\u00e8res).<\/p>\n<p>APVP n\u2019\u00e9tant pas une conf\u00e9rence au sens traditionnel du terme, <strong>la participation \u00e0 l\u2019atelier est conditionn\u00e9e \u00e0 la soumission d\u2019une contribution.<\/strong><\/p>\n<p><span style=\"color: #993300;\"><strong>Nouveau<\/strong><\/span> : cette ann\u00e9e, <a href=\"https:\/\/project.inria.fr\/apvp2018\/inscription\/#bourses\">un certain nombre de bourses<\/a> couvrant des frais d&rsquo;inscription de l&rsquo;atelier seront mises \u00e0 disposition pour les post-doctorants et doctorants ne pouvant \u00eatre financ\u00e9s par leur laboratoire d&rsquo;accueil !<\/p>\n<p><span style=\"font-size: 12pt; font-family: helvetica, arial, sans-serif;\">Les th\u00e9matiques concern\u00e9es incluent (sans s&rsquo;y limiter) :<\/span><\/p>\n<ul>\n<li><span style=\"font-size: 12pt; font-family: helvetica, arial, sans-serif;\">Anonymisation et assainissement de donn\u00e9es<\/span><\/li>\n<li><span style=\"font-size: 12pt; font-family: helvetica, arial, sans-serif;\">Analyse de donn\u00e9es, \u00ab\u00a0Big Data\u00a0\u00bb<\/span><\/li>\n<li><span style=\"font-size: 12pt; font-family: helvetica, arial, sans-serif;\">Internet des objets, syst\u00e8mes ubiquitaires respectueux de la vie priv\u00e9e<\/span><\/li>\n<li><span style=\"font-size: 12pt; font-family: helvetica, arial, sans-serif;\">Consentement et contr\u00f4le sur les donn\u00e9es personnelles<\/span><\/li>\n<li><span style=\"font-size: 12pt; font-family: helvetica, arial, sans-serif;\">Responsabilit\u00e9 (accountability)<\/span><\/li>\n<li><span style=\"font-size: 12pt; font-family: helvetica, arial, sans-serif;\">Transparence (collecte, traitements, algorithmes,etc.)<\/span><\/li>\n<li><span style=\"font-size: 12pt; font-family: helvetica, arial, sans-serif;\">Cryptographie pour la protection de la vie priv\u00e9e<\/span><\/li>\n<li><span style=\"font-size: 12pt; font-family: helvetica, arial, sans-serif;\">D\u00e9finition et formalisation des notions d&rsquo;anonymat et de respect de la vie priv\u00e9e<\/span><\/li>\n<li><span style=\"font-size: 12pt; font-family: helvetica, arial, sans-serif;\">Droit \u00e0 l&rsquo;oubli<\/span><\/li>\n<li><span style=\"font-size: 12pt; font-family: helvetica, arial, sans-serif;\">Economie et sociologie de la protection de la vie priv\u00e9e<\/span><\/li>\n<li><span style=\"font-size: 12pt; font-family: helvetica, arial, sans-serif;\">Geo-privacy<\/span><\/li>\n<li><span style=\"font-size: 12pt; font-family: helvetica, arial, sans-serif;\">Gestion d&rsquo;identit\u00e9s<\/span><\/li>\n<li><span style=\"font-size: 12pt; font-family: helvetica, arial, sans-serif;\">Inf\u00e9rence de donn\u00e9es, fouille, recoupement, profilage<\/span><\/li>\n<li><span style=\"font-size: 12pt; font-family: helvetica, arial, sans-serif;\">\u00ab\u00a0PETs\u00a0\u00bb (Privacy Enhancing Technologies)<\/span><\/li>\n<li><span style=\"font-size: 12pt; font-family: helvetica, arial, sans-serif;\">\u00ab\u00a0Privacy by design\u00a0\u00bb<\/span><\/li>\n<li><span style=\"font-size: 12pt; font-family: helvetica, arial, sans-serif;\">Protections juridiques : loi \u00ab\u00a0informatique et libert\u00e9s\u00a0\u00bb, effectivit\u00e9, \u00e9volutions, nouveau r\u00e8glement europ\u00e9en, etc.<\/span><\/li>\n<li><span style=\"font-size: 12pt; font-family: helvetica, arial, sans-serif;\">Politiques de privacy, mod\u00e9lisation<\/span><\/li>\n<li><span style=\"font-size: 12pt; font-family: helvetica, arial, sans-serif;\">R\u00e9seaux sociaux et respect de la vie priv\u00e9e<\/span><\/li>\n<\/ul>\n<p style=\"text-align: justify;\"><span style=\"font-size: 12pt; font-family: helvetica, arial, sans-serif;\">Comme les \u00e9ditions pr\u00e9c\u00e9dentes, APVP 2018 reprend l&rsquo;approche pluridisciplinaire. Sont encourag\u00e9es en particulier les contributions sur les dimensions juridique, \u00e9conomique ou sociale de la protection de la vie priv\u00e9e. Cette ann\u00e9e, <strong>le comit\u00e9 d\u2019organisation encourage tout particuli\u00e8rement la soumission d\u2019articles d\u00e9j\u00e0 publi\u00e9s dans des revues ou des conf\u00e9rences internationales r\u00e9put\u00e9es.<\/strong> <\/span><\/p>\n<p><!--\n<span style=\"font-size: 12pt; font-family: helvetica, arial, sans-serif;\"><strong>Pr\u00e9sentations invit\u00e9es :<\/strong><\/span>\n\n\n<ul>\n \t\n\n<li><span style=\"font-size: 12pt; font-family: helvetica, arial, sans-serif;\"><a href=\"https:\/\/cesice.univ-grenoble-alpes.fr\/centre\/membres\/theodore-christakis\">Theodore Christakis<\/a> (Data Institute \/ Universit\u00e9 Grenoble-Alpes \/ CESICE \/ Institut Universitaire de France): Donn\u00e9es dans les nuages, souverainet\u00e9 num\u00e9rique et droits de l\u2019homme: de l Affaire USA v. Microsoft au projet E-Evidence et au CLOUD act<\/span><\/li>\n\n\n \t\n\n<li>TBA<\/li>\n\n\n<\/ul>\n\n\n--><br \/>\n<strong>Pr\u00e9sentations invit\u00e9es<\/strong><\/p>\n<table style=\"border-color: #8e59d9; width: 100%;\" border=\"1\" cellspacing=\"1\" cellpadding=\"1\">\n<tbody><!--\n\n\n<tr>\n\n\n<td colspan=\"4\"><strong>Pr\u00e9sentation invit\u00e9e<\/strong><\/td>\n\n\n<\/tr>\n\n\n--><\/p>\n<tr>\n<td><a href=\"https:\/\/project.inria.fr\/apvp2018\/files\/2018\/04\/Christakis150.jpg\"><img loading=\"lazy\" decoding=\"async\" class=\"alignnone size-thumbnail wp-image-257\" src=\"https:\/\/project.inria.fr\/apvp2018\/files\/2018\/04\/Christakis150-150x150.jpg\" alt=\"\" width=\"150\" height=\"150\" srcset=\"https:\/\/project.inria.fr\/apvp2018\/files\/2018\/04\/Christakis150-150x150.jpg 150w, https:\/\/project.inria.fr\/apvp2018\/files\/2018\/04\/Christakis150-300x300.jpg 300w, https:\/\/project.inria.fr\/apvp2018\/files\/2018\/04\/Christakis150-310x311.jpg 310w, https:\/\/project.inria.fr\/apvp2018\/files\/2018\/04\/Christakis150.jpg 400w\" sizes=\"auto, (max-width: 150px) 100vw, 150px\" \/><\/a><\/p>\n<p>&nbsp;<\/td>\n<td><span style=\"color: #000000;\">Donn\u00e9es dans les nuages, souverainet\u00e9 num\u00e9rique et droits de l\u2019homme: de l Affaire USA v. Microsoft au projet E-Evidence et au CLOUD act<\/span><\/p>\n<p><a href=\"https:\/\/cesice.univ-grenoble-alpes.fr\/centre\/membres\/theodore-christakis\">Theodore Christakis<\/a><br \/>\n<span style=\"font-size: 10pt;\">Professeur, Universit\u00e9 Grenoble Alpes, Institut Universitaire de France. <\/span><br \/>\n<span style=\"font-size: 10pt;\">Directeur adj. Grenoble Alpes Data Institute<\/span><\/td>\n<\/tr>\n<tr>\n<td><a href=\"https:\/\/project.inria.fr\/apvp2018\/files\/2018\/02\/phantom-150x150.png\"><img loading=\"lazy\" decoding=\"async\" class=\"alignnone size-full wp-image-231\" src=\"https:\/\/project.inria.fr\/apvp2018\/files\/2018\/02\/phantom-150x150.png\" alt=\"\" width=\"150\" height=\"150\" \/><\/a><\/td>\n<td><span style=\"color: #000000;\">RGPD &#8211; Grands principes et son application \u00e0 la recherche scientifique<\/span><\/p>\n<p><a href=\"https:\/\/www.linkedin.com\/in\/baudot\/\">Franck Baudot<br \/>\n<\/a>CNIL &#8211; Commission Nationale de l&rsquo;Informatique et des Libert\u00e9s<\/td>\n<\/tr>\n<\/tbody>\n<\/table>\n<p>&nbsp;<\/p>\n<div>\n<div class=\"page\" title=\"Page 1\">\n<div class=\"layoutArea\">\n<div class=\"column\">\n<p><strong>Contact<\/strong> : Nataliia Bielova and Claude Castelluccia (apvp2018 AT easychair.org)<\/p>\n<\/div>\n<\/div>\n<\/div>\n<\/div>\n<p><\/p>","protected":false},"excerpt":{"rendered":"<p>3 au 6 juin 2018, Porquerolles (France) &nbsp; La 9\u00e8me \u00e9dition de l&rsquo;Atelier sur la Protection de la Vie Priv\u00e9e (APVP) est organis\u00e9e cette ann\u00e9e par les \u00e9quipes Indes et Privatics d&rsquo;Inria et\u00a0du GT privacy du pr\u00e9-GDR CNRS \u00ab\u00a0S\u00e9curit\u00e9 Informatique\u201d. APVP\u00a0re\u00e7oit le soutien financier du Universit\u00e9 C\u00f4te d&rsquo;Azur, de l\u2019institut\u2026<\/p>\n<p> <a class=\"continue-reading-link\" href=\"https:\/\/project.inria.fr\/apvp2018\/\"><span>Continue reading<\/span><i class=\"crycon-right-dir\"><\/i><\/a> <\/p>\n","protected":false},"author":1,"featured_media":0,"parent":0,"menu_order":0,"comment_status":"closed","ping_status":"open","template":"","meta":{"footnotes":""},"class_list":["post-4","page","type-page","status-publish","hentry"],"_links":{"self":[{"href":"https:\/\/project.inria.fr\/apvp2018\/wp-json\/wp\/v2\/pages\/4","targetHints":{"allow":["GET"]}}],"collection":[{"href":"https:\/\/project.inria.fr\/apvp2018\/wp-json\/wp\/v2\/pages"}],"about":[{"href":"https:\/\/project.inria.fr\/apvp2018\/wp-json\/wp\/v2\/types\/page"}],"author":[{"embeddable":true,"href":"https:\/\/project.inria.fr\/apvp2018\/wp-json\/wp\/v2\/users\/1"}],"replies":[{"embeddable":true,"href":"https:\/\/project.inria.fr\/apvp2018\/wp-json\/wp\/v2\/comments?post=4"}],"version-history":[{"count":41,"href":"https:\/\/project.inria.fr\/apvp2018\/wp-json\/wp\/v2\/pages\/4\/revisions"}],"predecessor-version":[{"id":422,"href":"https:\/\/project.inria.fr\/apvp2018\/wp-json\/wp\/v2\/pages\/4\/revisions\/422"}],"wp:attachment":[{"href":"https:\/\/project.inria.fr\/apvp2018\/wp-json\/wp\/v2\/media?parent=4"}],"curies":[{"name":"wp","href":"https:\/\/api.w.org\/{rel}","templated":true}]}}