

{"id":4,"date":"2011-12-08T11:55:34","date_gmt":"2011-12-08T11:55:34","guid":{"rendered":"http:\/\/project.inria.fr\/template1\/?page_id=4"},"modified":"2019-07-08T23:52:11","modified_gmt":"2019-07-08T21:52:11","slug":"home","status":"publish","type":"page","link":"https:\/\/project.inria.fr\/apvp2019\/","title":{"rendered":"APVP 2019 \u2013 l\u2019Atelier sur la Protection de la Vie Priv\u00e9e"},"content":{"rendered":"<p><\/p>\n<p style=\"text-align: left;\"><span style=\"font-size: 18pt;\"><span style=\"font-family: helvetica, arial, sans-serif;\">Du 9 au 11 juillet 2019 au Cap Hornu, au c\u0153ur de la Baie de Somme<\/span><\/span><\/p>\n<p style=\"text-align: justify;\"><span style=\"font-size: 12pt; font-family: helvetica, arial, sans-serif;\">La 10\u00e8me \u00e9dition de l&rsquo;Atelier sur la Protection de la Vie Priv\u00e9e (APVP) est organis\u00e9e cette ann\u00e9e par les \u00e9quipes <a href=\"https:\/\/team.inria.fr\/magnet\/\">Magnet<\/a> et <a href=\"https:\/\/team.inria.fr\/spirals\/\">Spirals<\/a> (<a href=\"https:\/\/www.inria.fr\/\">Inria<\/a> et laboratoire <a href=\"https:\/\/www.cristal.univ-lille.fr\/\">CRIStAL<\/a>) du <a href=\"http:\/\/gdr-securite.irisa.fr\/gt-pvp.html\">GT privacy<\/a> du <a href=\"http:\/\/gdr-securite.irisa.fr\/\">GDR CNRS \u00ab\u00a0S\u00e9curit\u00e9 Informatique\u201d<\/a>.<\/span><\/p>\n<p style=\"text-align: justify;\"><span style=\"font-size: 12pt; font-family: helvetica, arial, sans-serif;\">Le but principal de l\u2019atelier est de rassembler les chercheurs de la communaut\u00e9 francophone dont les travaux portent sur la protection de la vie priv\u00e9e et des donn\u00e9es personnelles, et de leur offrir un forum privil\u00e9gi\u00e9 pour pouvoir pr\u00e9senter et \u00e9changer leurs id\u00e9es sur cette th\u00e9matique. L\u2019atelier est pluri-disciplinaire, et a vocation \u00e0 rassembler notamment des chercheurs en informatique, droit, \u00e9conomie, sociologie et statistiques.<\/span><\/p>\n<p style=\"text-align: justify;\"><span style=\"font-size: 12pt; font-family: helvetica, arial, sans-serif;\">L&rsquo;atelier se d\u00e9roulera du 9 au 11 juillet 2019 au <a href=\"http:\/\/www.baiedesomme.fr\/lieu\/1-12-cap-hornu-hotel-restaurant\">Cap Hornu<\/a>, au <a href=\"https:\/\/www.openstreetmap.org\/#map=19\/50.18955\/1.61105\">c\u0153ur de la Baie de Somme<\/a>. (Arriv\u00e9e sur place le 8 juillet)<br \/>\n<\/span><\/p>\n<p style=\"text-align: justify;\"><span style=\"font-size: 12pt; font-family: helvetica, arial, sans-serif;\">APVP n\u2019\u00e9tant pas une conf\u00e9rence au sens traditionnel du terme, <strong>la participation \u00e0 l\u2019atelier est conditionn\u00e9e \u00e0 la soumission d\u2019une contribution.<\/strong><\/span><\/p>\n<p><span style=\"font-size: 12pt; font-family: helvetica, arial, sans-serif;\">Les th\u00e9matiques concern\u00e9es incluent (sans s&rsquo;y limiter) :<\/span><\/p>\n<ul>\n<li><span style=\"font-size: 12pt; font-family: helvetica, arial, sans-serif;\">Anonymisation et assainissement de donn\u00e9es<\/span><\/li>\n<li><span style=\"font-size: 12pt; font-family: helvetica, arial, sans-serif;\">IA, s\u00e9curit\u00e9 et vie priv\u00e9e<\/span><\/li>\n<li><span style=\"font-size: 12pt; font-family: helvetica, arial, sans-serif;\">Analyse de donn\u00e9es, \u00ab\u00a0Big Data\u00a0\u00bb<\/span><\/li>\n<li><span style=\"font-size: 12pt; font-family: helvetica, arial, sans-serif;\">Internet des objets, syst\u00e8mes ubiquitaires respectueux de la vie priv\u00e9e<\/span><\/li>\n<li><span style=\"font-size: 12pt; font-family: helvetica, arial, sans-serif;\">Consentement et contr\u00f4le sur les donn\u00e9es personnelles<\/span><\/li>\n<li><span style=\"font-size: 12pt; font-family: helvetica, arial, sans-serif;\">Responsabilit\u00e9 (accountability)<\/span><\/li>\n<li><span style=\"font-size: 12pt; font-family: helvetica, arial, sans-serif;\">Transparence (collecte, traitements, algorithmes,etc.)<\/span><\/li>\n<li><span style=\"font-size: 12pt; font-family: helvetica, arial, sans-serif;\">Cryptographie pour la protection de la vie priv\u00e9e<\/span><\/li>\n<li><span style=\"font-size: 12pt; font-family: helvetica, arial, sans-serif;\">D\u00e9finition et formalisation des notions d&rsquo;anonymat et de respect de la vie priv\u00e9e<\/span><\/li>\n<li><span style=\"font-size: 12pt; font-family: helvetica, arial, sans-serif;\">Droit \u00e0 l&rsquo;oubli<\/span><\/li>\n<li><span style=\"font-size: 12pt; font-family: helvetica, arial, sans-serif;\">Economie et sociologie de la protection de la vie priv\u00e9e<\/span><\/li>\n<li><span style=\"font-size: 12pt; font-family: helvetica, arial, sans-serif;\">Geo-privacy<\/span><\/li>\n<li><span style=\"font-size: 12pt; font-family: helvetica, arial, sans-serif;\">Gestion d&rsquo;identit\u00e9s<\/span><\/li>\n<li><span style=\"font-size: 12pt; font-family: helvetica, arial, sans-serif;\">Inf\u00e9rence de donn\u00e9es, fouille, recoupement, profilage<\/span><\/li>\n<li><span style=\"font-size: 12pt; font-family: helvetica, arial, sans-serif;\">\u00ab\u00a0PETs\u00a0\u00bb (Privacy Enhancing Technologies)<\/span><\/li>\n<li><span style=\"font-size: 12pt; font-family: helvetica, arial, sans-serif;\">\u00ab\u00a0Privacy by design\u00a0\u00bb<\/span><\/li>\n<li><span style=\"font-size: 12pt; font-family: helvetica, arial, sans-serif;\">Protections juridiques : loi \u00ab\u00a0informatique et libert\u00e9s\u00a0\u00bb, effectivit\u00e9, \u00e9volutions, nouveau r\u00e8glement europ\u00e9en, etc.<\/span><\/li>\n<li><span style=\"font-size: 12pt; font-family: helvetica, arial, sans-serif;\">Politiques de privacy, mod\u00e9lisation<\/span><\/li>\n<li><span style=\"font-size: 12pt; font-family: helvetica, arial, sans-serif;\">R\u00e9seaux sociaux et respect de la vie priv\u00e9e<\/span><\/li>\n<\/ul>\n<p style=\"text-align: justify;\"><span style=\"font-size: 12pt; font-family: helvetica, arial, sans-serif;\">Comme les \u00e9ditions pr\u00e9c\u00e9dentes, APVP 2019 reprend l&rsquo;approche pluridisciplinaire. Sont encourag\u00e9es en particulier les contributions sur les dimensions juridique, \u00e9conomique ou sociale de la protection de la vie priv\u00e9e. <strong>Le comit\u00e9 d\u2019organisation encourage tout particuli\u00e8rement la soumission d\u2019articles d\u00e9j\u00e0 publi\u00e9s dans des revues ou des conf\u00e9rences internationales r\u00e9put\u00e9es.<\/strong> <\/span><\/p>\n<p>&nbsp;<\/p>\n<div>\n<div class=\"page\" title=\"Page 1\">\n<div class=\"layoutArea\">\n<div class=\"column\">\n<p><strong>Contact<\/strong> : Organization (marc.tommasi at inria dot fr)<\/p>\n<h2>Sponsors<\/h2>\n<table>\n<tbody>\n<tr>\n<td><img loading=\"lazy\" decoding=\"async\" class=\"alignnone size-full\" src=\"https:\/\/project.inria.fr\/apvp2019\/files\/2019\/06\/logo-GDR-securite.jpg\" alt=\"\" width=\"240\" height=\"81\" \/><\/td>\n<td><img loading=\"lazy\" decoding=\"async\" class=\"aligncenter\" src=\"http:\/\/www.madics.fr\/wp-content\/uploads\/2016\/12\/Logo-CNRS-MaDICS.jpg\" width=\"276\" height=\"67\" \/><\/td>\n<td><a href=\"https:\/\/project.inria.fr\/apvp2019\/files\/2019\/03\/GDRIA.png\"><img loading=\"lazy\" decoding=\"async\" class=\"aligncenter wp-image-183\" src=\"https:\/\/project.inria.fr\/apvp2019\/files\/2019\/03\/gdria.png\" alt=\"\" width=\"134\" height=\"74\" \/><\/a><\/td>\n<\/tr>\n<tr>\n<td><img loading=\"lazy\" decoding=\"async\" class=\"aligncenter\" src=\"https:\/\/www.cristal.univ-lille.fr\/logos\/logoCRIStAL.svg\" alt=\"CRIStAL\" width=\"250\" height=\"85\" \/><\/td>\n<td><img loading=\"lazy\" decoding=\"async\" class=\"\" src=\"https:\/\/www.inria.fr\/extension\/site_inria\/design\/site_inria\/images\/logos\/logo_INRIA_FR.svg\" alt=\"Inria\" width=\"217\" height=\"95\" \/><\/td>\n<td><img loading=\"lazy\" decoding=\"async\" class=\"alignnone\" src=\"https:\/\/project.inria.fr\/apvp2019\/files\/2019\/06\/logo_HDF-150x150.png\" alt=\"\" width=\"150\" height=\"150\" \/><\/td>\n<\/tr>\n<\/tbody>\n<\/table>\n<\/div>\n<\/div>\n<\/div>\n<\/div>\n<p><\/p>","protected":false},"excerpt":{"rendered":"<p>Du 9 au 11 juillet 2019 au Cap Hornu, au c\u0153ur de la Baie de Somme La 10\u00e8me \u00e9dition de l&rsquo;Atelier sur la Protection de la Vie Priv\u00e9e (APVP) est organis\u00e9e cette ann\u00e9e par les \u00e9quipes Magnet et Spirals (Inria et laboratoire CRIStAL) du GT privacy du GDR CNRS \u00ab\u00a0S\u00e9curit\u00e9\u2026<\/p>\n<p> <a class=\"continue-reading-link\" href=\"https:\/\/project.inria.fr\/apvp2019\/\"><span>Continue reading<\/span><i class=\"crycon-right-dir\"><\/i><\/a> <\/p>\n","protected":false},"author":1,"featured_media":0,"parent":0,"menu_order":0,"comment_status":"closed","ping_status":"open","template":"","meta":{"footnotes":""},"class_list":["post-4","page","type-page","status-publish","hentry"],"_links":{"self":[{"href":"https:\/\/project.inria.fr\/apvp2019\/wp-json\/wp\/v2\/pages\/4","targetHints":{"allow":["GET"]}}],"collection":[{"href":"https:\/\/project.inria.fr\/apvp2019\/wp-json\/wp\/v2\/pages"}],"about":[{"href":"https:\/\/project.inria.fr\/apvp2019\/wp-json\/wp\/v2\/types\/page"}],"author":[{"embeddable":true,"href":"https:\/\/project.inria.fr\/apvp2019\/wp-json\/wp\/v2\/users\/1"}],"replies":[{"embeddable":true,"href":"https:\/\/project.inria.fr\/apvp2019\/wp-json\/wp\/v2\/comments?post=4"}],"version-history":[{"count":26,"href":"https:\/\/project.inria.fr\/apvp2019\/wp-json\/wp\/v2\/pages\/4\/revisions"}],"predecessor-version":[{"id":278,"href":"https:\/\/project.inria.fr\/apvp2019\/wp-json\/wp\/v2\/pages\/4\/revisions\/278"}],"wp:attachment":[{"href":"https:\/\/project.inria.fr\/apvp2019\/wp-json\/wp\/v2\/media?parent=4"}],"curies":[{"name":"wp","href":"https:\/\/api.w.org\/{rel}","templated":true}]}}