

{"id":86,"date":"2019-02-04T19:54:38","date_gmt":"2019-02-04T18:54:38","guid":{"rendered":"https:\/\/project.inria.fr\/apvp2019\/?page_id=86"},"modified":"2019-03-15T15:12:23","modified_gmt":"2019-03-15T14:12:23","slug":"editions-precedentes","status":"publish","type":"page","link":"https:\/\/project.inria.fr\/apvp2019\/editions-precedentes\/","title":{"rendered":"\u00c9ditions pr\u00e9c\u00e9dentes"},"content":{"rendered":"<table class=\"table table-striped\" style=\"width: 754.4px;\">\n<tbody>\n<tr>\n<td style=\"width: 35px;\"><span style=\"font-family: helvetica, arial, sans-serif;\">2018<\/span><\/td>\n<td style=\"width: 414px;\"><span style=\"font-family: helvetica, arial, sans-serif;\"><a href=\"https:\/\/project.inria.fr\/apvp2018\/\">9e \u00e9dition de l&rsquo;Atelier sur la Protection de la Vie Priv\u00e9e<\/a><\/span><\/td>\n<td style=\"width: 158.4px;\"><span style=\"font-family: helvetica, arial, sans-serif;\">Porquerolles<\/span><\/td>\n<\/tr>\n<tr>\n<td style=\"width: 35px;\"><span style=\"font-family: helvetica, arial, sans-serif;\">2017<\/span><\/td>\n<td style=\"width: 414px;\"><span style=\"font-family: helvetica, arial, sans-serif;\"><a href=\"https:\/\/apvp2017.sciencesconf.org\/\">8e \u00e9dition de l&rsquo;Atelier sur la Protection de la Vie Priv\u00e9e<\/a><\/span><\/td>\n<td style=\"width: 158.4px;\"><span style=\"font-family: helvetica, arial, sans-serif;\">Autrans, Vercors<\/span><\/td>\n<\/tr>\n<tr>\n<td style=\"width: 35px;\"><span style=\"font-family: helvetica, arial, sans-serif;\">2016<\/span><\/td>\n<td style=\"width: 414px;\"><span style=\"font-family: helvetica, arial, sans-serif;\"><a href=\"https:\/\/apvp2016.sciencesconf.org\/\">7e \u00e9dition de l&rsquo;Atelier sur la Protection de la Vie Priv\u00e9e<\/a><\/span><\/td>\n<td style=\"width: 158.4px;\"><span style=\"font-family: helvetica, arial, sans-serif;\">Toulouse<\/span><\/td>\n<\/tr>\n<tr>\n<td style=\"width: 35px;\"><span style=\"font-family: helvetica, arial, sans-serif;\">2015<\/span><\/td>\n<td style=\"width: 414px;\"><span style=\"font-family: helvetica, arial, sans-serif;\"><a href=\"https:\/\/apvp2015.sciencesconf.org\/\">6e \u00e9dition de l&rsquo;Atelier sur la Protection de la Vie Priv\u00e9e<\/a><\/span><\/td>\n<td style=\"width: 158.4px;\"><span style=\"font-family: helvetica, arial, sans-serif;\">Mosnes<\/span><\/td>\n<\/tr>\n<tr>\n<td style=\"width: 35px;\"><span style=\"font-family: helvetica, arial, sans-serif;\">2014<\/span><\/td>\n<td style=\"width: 414px;\"><a href=\"http:\/\/apvp14.orange-labs.fr\/\"><span style=\"font-family: helvetica, arial, sans-serif;\">5e \u00e9dition de l&rsquo;Atelier sur la Protection de la Vie Priv\u00e9e<\/span><\/a><\/td>\n<td style=\"width: 158.4px;\"><span style=\"font-family: helvetica, arial, sans-serif;\">Cabourg<\/span><\/td>\n<\/tr>\n<tr>\n<td style=\"width: 35px;\"><span style=\"font-family: helvetica, arial, sans-serif;\">2013<\/span><\/td>\n<td style=\"width: 414px;\"><a href=\"http:\/\/apvp2013.prism.uvsq.fr\/\"><span style=\"font-family: helvetica, arial, sans-serif;\">4e \u00e9dition de l&rsquo;Atelier sur la Protection de la Vie Priv\u00e9e<\/span><\/a><\/td>\n<td style=\"width: 158.4px;\"><span style=\"font-family: helvetica, arial, sans-serif;\">\u00a0Les Loges en Josas<\/span><\/td>\n<\/tr>\n<tr>\n<td style=\"width: 35px;\"><span style=\"font-family: helvetica, arial, sans-serif;\">2012<\/span><\/td>\n<td style=\"width: 414px;\"><a href=\"http:\/\/www.irisa.fr\/prive\/sgambs\/apvp2012.html\"><span style=\"font-family: helvetica, arial, sans-serif;\">3e \u00e9dition de l&rsquo;Atelier sur la Protection de la Vie Priv\u00e9e<\/span><\/a><\/td>\n<td style=\"width: 158.4px;\"><span style=\"font-family: helvetica, arial, sans-serif;\"><span style=\"font-family: helvetica, arial, sans-serif;\">\u00a0<\/span><\/span><span style=\"font-family: helvetica, arial, sans-serif;\">Ile de Groix<\/span><\/td>\n<\/tr>\n<tr>\n<td style=\"width: 35px;\"><span style=\"font-family: helvetica, arial, sans-serif;\">2011<\/span><\/td>\n<td style=\"width: 414px;\"><a href=\"http:\/\/homepages.laas.fr\/mkilliji\/APVP2011\/Site\/APVP2011.html\"><span style=\"font-family: helvetica, arial, sans-serif;\">2e \u00e9dition de l&rsquo;Atelier sur la Protection de la Vie Priv\u00e9e<\/span><\/a><\/td>\n<td style=\"width: 158.4px;\"><span style=\"font-family: helvetica, arial, sans-serif;\">\u00a0Soreze<\/span><\/td>\n<\/tr>\n<tr>\n<td style=\"width: 35px;\"><span style=\"font-family: helvetica, arial, sans-serif;\">2010<\/span><\/td>\n<td style=\"width: 414px;\"><span style=\"font-family: helvetica, arial, sans-serif;\">1e \u00e9dition de l&rsquo;Atelier sur la Protection de la Vie Priv\u00e9e<\/span><\/td>\n<td style=\"width: 158.4px;\"><span style=\"font-family: helvetica, arial, sans-serif;\">\u00a0Annecy<\/span><\/td>\n<\/tr>\n<\/tbody>\n<\/table>\n<p>&nbsp;<\/p>\n","protected":false},"excerpt":{"rendered":"<p>2018 9e \u00e9dition de l&rsquo;Atelier sur la Protection de la Vie Priv\u00e9e Porquerolles 2017 8e \u00e9dition de l&rsquo;Atelier sur la Protection de la Vie Priv\u00e9e Autrans, Vercors 2016 7e \u00e9dition de l&rsquo;Atelier sur la Protection de la Vie Priv\u00e9e Toulouse 2015 6e \u00e9dition de l&rsquo;Atelier sur la Protection de la\u2026<\/p>\n<p> <a class=\"continue-reading-link\" href=\"https:\/\/project.inria.fr\/apvp2019\/editions-precedentes\/\"><span>Continue reading<\/span><i class=\"crycon-right-dir\"><\/i><\/a> <\/p>\n","protected":false},"author":618,"featured_media":0,"parent":0,"menu_order":0,"comment_status":"closed","ping_status":"closed","template":"","meta":{"footnotes":""},"class_list":["post-86","page","type-page","status-publish","hentry"],"_links":{"self":[{"href":"https:\/\/project.inria.fr\/apvp2019\/wp-json\/wp\/v2\/pages\/86","targetHints":{"allow":["GET"]}}],"collection":[{"href":"https:\/\/project.inria.fr\/apvp2019\/wp-json\/wp\/v2\/pages"}],"about":[{"href":"https:\/\/project.inria.fr\/apvp2019\/wp-json\/wp\/v2\/types\/page"}],"author":[{"embeddable":true,"href":"https:\/\/project.inria.fr\/apvp2019\/wp-json\/wp\/v2\/users\/618"}],"replies":[{"embeddable":true,"href":"https:\/\/project.inria.fr\/apvp2019\/wp-json\/wp\/v2\/comments?post=86"}],"version-history":[{"count":3,"href":"https:\/\/project.inria.fr\/apvp2019\/wp-json\/wp\/v2\/pages\/86\/revisions"}],"predecessor-version":[{"id":160,"href":"https:\/\/project.inria.fr\/apvp2019\/wp-json\/wp\/v2\/pages\/86\/revisions\/160"}],"wp:attachment":[{"href":"https:\/\/project.inria.fr\/apvp2019\/wp-json\/wp\/v2\/media?parent=86"}],"curies":[{"name":"wp","href":"https:\/\/api.w.org\/{rel}","templated":true}]}}