

{"id":65,"date":"2019-06-20T11:56:37","date_gmt":"2019-06-20T09:56:37","guid":{"rendered":"https:\/\/project.inria.fr\/bbcc\/?page_id=65"},"modified":"2020-03-27T13:44:26","modified_gmt":"2020-03-27T12:44:26","slug":"publications","status":"publish","type":"page","link":"https:\/\/project.inria.fr\/bbcc\/publications\/","title":{"rendered":"Publications"},"content":{"rendered":"<p>&nbsp;<\/p>\n<ul>\n<li>\n<div class=\"\">\n<div class=\"\">H. K. Mondal, N. Chatterjee, R. Cataldo and J-Ph. Diguet,\u00a0Broadcast Mechanism Based on Hybrid Wireless\/Wired NoC for Efficient Barrier Synchronization in Parallel Computing, IEEE 25th Asia and South\u00a0Pacific Design Automation Conference (ASP-DAC), Beijing, China, Jan., 2020.<\/div>\n<\/div>\n<\/li>\n<li>\n<div class=\"\">A. K. Biswas, N.Chatterjee, H. K. Mondal, G. Gogniat and J-Ph. Diguet,\u00a0Attacks toward Wireless Network-on-Chip and Countermeasures, IEEE Trans. on Emerging Topics in Computing (TETC),\u00a0Special Issue on Emerging Trends and Computing Paradigms for Testing, Reliability and Security in Future VLSI Systems vol.x, no.x, to appear in 2020.<\/div>\n<\/li>\n<li><label> Ihsan El Masri, Pierre-Marie Martin, Thierry Le Gouguec, Rozenn Allanic, C\u00e9dric Quendo: <\/label> <a href=\"https:\/\/hal.archives-ouvertes.fr\/hal-02138026\/document\"> Caract\u00e9risation \u00e9lectromagn\u00e9tique du canal de propagation dans la bande millim\u00e9trique pour des r\u00e9seaux sans fils sur puce,\u00a0<\/a><label>XXI journ\u00e9e nationales microondes,<\/label><label>\u00a02019.<\/label><\/li>\n<li><label> Ihsan El Masri, Pierre-Marie Martin, Thierry Le Gouguec, Rozenn Allanic, C\u00e9dric Quendo: <\/label> Propagation Channel in Silicon in the Sub-THz Band for MPSoCs,\u00a0<label> IEEE 23rd Workshop on Signal and Power Integrity (SPI), Chamb\u00e9ry,<\/label><label>\u00a02019.<\/label><\/li>\n<li><label> I. El Masri, T. Le Gouguec, P-M. Martin, R. Allanic, C. Quendo: <\/label> EM Analysis of a Propagation Channel in the Sub-THz Band for Many-Core Architectures,\u00a0<label> 49th European Microwave Conference (EuMC),\u00a0pp. 1\u20134,<\/label><label>\u00a02019.<\/label><\/li>\n<li>I. El Masri, T. Le Gouguec, P. Martin, R. Allanic, and C. Quendo, Electromagnetic Characterization of the Intra \u2013 chip Propagation Channel in Ka and V Bands, IEEE Transactions on Components, Packaging and Manufacturing Technology, vol. PP, no. c, p. 1, 2019.<\/li>\n<li><label> J. O. Sosa, O. Sentieys, C. Roland: <\/label> Adaptive Transceiver for Wireless NoC to Enhance Multicast\/Unicast Communication Scenarios, IEEE Computer Society Annual Symposium on VLSI (ISVLSI), IEEE, p. 1\u20136, Miami, United States, July 2019.<\/li>\n<li>Joel Ortiz Sosa, Olivier Sentieys, Christian Roland, C\u00e9dric Killian. \u201cPoster paper: Multi-Carrier Spread-Spectrum Transceiver for WiNoC.\u201d In international Symposium on Network-on-Chip (NoCs), New York, U.S.A,\u00a0October 2019.<\/li>\n<li>Chatterjee, H. K. Mondal, R. Cataldo and J-Ph. Diguet,<em>CDMA-based Multiple Multicast communications on WiNOC for efficient parallel computing<\/em>, IEEE\/ACM Int. Symposium on Networks-on-Chip (NOCS), New York, USA, Oct., 2019.<\/li>\n<li><label> H. K. Mondal, R. C. Cataldo, C. Marcon, K. Martin, S. Deb and J-Ph. Diguet: <\/label> <a href=\"https:\/\/hal.archives-ouvertes.fr\/hal-02005970\/document\"> Broadcast- And Power-aware Wireless NoC for Barrier Synchronization in Parallel Computing,<\/a><label>\u00a031st IEEE International System-on-Chip Conference (SOCC),<\/label><label>\u00a02018.<\/label><\/li>\n<li><label> Ihsan El Masri (student), Thierry Le Gouguec, Pierre-Marie Martin, Rozenn Allanic, Cedric Quendo: <\/label> <a href=\"https:\/\/ieeexplore.ieee.org\/abstract\/document\/8401659\"> Integrated Dipole Antennas and Propagation Channel on Silicon in Ka Band for WiNoC Applications <\/a> <label> IEEE Workshop on Signal and Power Integrity (SPI),<\/label><label>\u00a02018.<\/label><\/li>\n<li><label> Ihsan Masri, Pierre-Marie Martin, Hemanta Mondal, Rozenn Allanic, ThierryLe Gouguec, C\u00e9dric Quendo, Christian Roland, Jean-Philippe Diguet: <\/label> <a href=\"https:\/\/hal.archives-ouvertes.fr\/hal-01922765\/file\/Accurate%20Channel%20Models%20for%20Realistic%20Design%20Space%20Exploration%20of%20Future%20Wireless%20NoCs-HAL.pdf\"> Accurate Channel Models for Realistic Design Space Exploration of Future Wireless NoCs,\u00a0<\/a><label><label>Twelfth IEEE\/ACM International Symposium on Networks-on-Chip (NOCS),<\/label><\/label><label>\u00a02018.<\/label><\/li>\n<li><label> J. O. Sosa, O. Sentieys, C. Roland: <\/label> <a href=\"https:\/\/hal.inria.fr\/hal-01941761\/document\"> A Diversity Scheme to Enhance the Reliability of Wireless NoC in Multipath Channel Environment,\u00a0<\/a><label>Twelfth IEEE\/ACM International Symposium on Networks-on-Chip (NOCS),<\/label><label>\u00a02018.<\/label><\/li>\n<li><label> Thierry Le Gouguec, Pierre-Marie Martin, Ihsan El Masri: <\/label> Transmissions sans fils \u00e0 45 GHz pour la r\u00e9alisation d\u2019un r\u00e9seau de type WINoB (Wireless Interconnect Network on Board),\u00a0<label>20i\u00e8me journ\u00e9e nationales microondes,\u00a0<\/label><label>2017.<\/label><\/li>\n<li><label> Thierry LE GOUGUEC, Pierre-Marie MARTIN: <\/label> <a href=\"https:\/\/hal.univ-brest.fr\/hal-01583298\/document\"> A 45-GHz Wireless Transmission for a Wireless Interconnect Network-on-Board,\u00a0<\/a> <label> 21th IEEE workshop on Signal and Iower Intergrity (SPI),<\/label><label>\u00a02017.<\/label><\/li>\n<\/ul>\n<p>&nbsp;<\/p>\n<p>&nbsp;<\/p>","protected":false},"excerpt":{"rendered":"<p>&nbsp; H. K. Mondal, N. Chatterjee, R. Cataldo and J-Ph. Diguet,\u00a0Broadcast Mechanism Based on Hybrid Wireless\/Wired NoC for Efficient Barrier Synchronization in Parallel Computing, IEEE\u2026<\/p>\n<p> <a class=\"continue-reading-link\" href=\"https:\/\/project.inria.fr\/bbcc\/publications\/\"><span>Continue reading<\/span><i class=\"crycon-right-dir\"><\/i><\/a> <\/p>\n","protected":false},"author":1611,"featured_media":0,"parent":0,"menu_order":0,"comment_status":"closed","ping_status":"closed","template":"","meta":{"footnotes":""},"class_list":["post-65","page","type-page","status-publish","hentry"],"_links":{"self":[{"href":"https:\/\/project.inria.fr\/bbcc\/wp-json\/wp\/v2\/pages\/65","targetHints":{"allow":["GET"]}}],"collection":[{"href":"https:\/\/project.inria.fr\/bbcc\/wp-json\/wp\/v2\/pages"}],"about":[{"href":"https:\/\/project.inria.fr\/bbcc\/wp-json\/wp\/v2\/types\/page"}],"author":[{"embeddable":true,"href":"https:\/\/project.inria.fr\/bbcc\/wp-json\/wp\/v2\/users\/1611"}],"replies":[{"embeddable":true,"href":"https:\/\/project.inria.fr\/bbcc\/wp-json\/wp\/v2\/comments?post=65"}],"version-history":[{"count":6,"href":"https:\/\/project.inria.fr\/bbcc\/wp-json\/wp\/v2\/pages\/65\/revisions"}],"predecessor-version":[{"id":107,"href":"https:\/\/project.inria.fr\/bbcc\/wp-json\/wp\/v2\/pages\/65\/revisions\/107"}],"wp:attachment":[{"href":"https:\/\/project.inria.fr\/bbcc\/wp-json\/wp\/v2\/media?parent=65"}],"curies":[{"name":"wp","href":"https:\/\/api.w.org\/{rel}","templated":true}]}}