

{"id":75,"date":"2017-09-08T12:30:48","date_gmt":"2017-09-08T10:30:48","guid":{"rendered":"https:\/\/project.inria.fr\/bendali\/?page_id=75"},"modified":"2017-12-11T11:10:27","modified_gmt":"2017-12-11T10:10:27","slug":"practical-infos","status":"publish","type":"page","link":"https:\/\/project.inria.fr\/bendali\/practical-infos\/","title":{"rendered":"Practical Infos"},"content":{"rendered":"<p>The conference will be held in the University of Pau.<\/p>\n<p><iframe loading=\"lazy\" src=\"https:\/\/www.google.com\/maps\/embed?pb=!1m18!1m12!1m3!1d11612.333108253544!2d-0.37560310855634665!3d43.31251610641325!2m3!1f0!2f0!3f0!3m2!1i1024!2i768!4f13.1!3m3!1m2!1s0xd55d141d6422ae1%3A0x480b98f39c118d!2sUniversit%C3%A9+de+Pau+et+des+Pays+de+l&#39;Adour!5e0!3m2!1sfr!2sfr!4v1512587288870\" width=\"600\" height=\"450\" frameborder=\"0\" style=\"border:0\" allowfullscreen><\/iframe><\/p>\n<p>Tuesday morning, the conference will be at Amphi E in Palassou Building<\/p>\n<p><iframe loading=\"lazy\" src=\"https:\/\/www.google.com\/maps\/embed?pb=!1m18!1m12!1m3!1d2902.9709732477477!2d-0.36485424940681!3d43.314865279031906!2m3!1f0!2f0!3f0!3m2!1i1024!2i768!4f13.1!3m3!1m2!1s0xd5648bbd1a86ffd%3A0xd40d8fae3b2af0d9!2sUPPA+Palassou!5e0!3m2!1sfr!2sfr!4v1512984880307\" width=\"600\" height=\"450\" frameborder=\"0\" style=\"border:0\" allowfullscreen><\/iframe><\/p>\n<p>From Tuesday afternoon to Thursday morning, the conference will be at &#8220;Amphith\u00e9\u00e2tre de la pr\u00e9sidence&#8221;<br \/>\n<iframe loading=\"lazy\" src=\"https:\/\/www.google.com\/maps\/embed?pb=!1m18!1m12!1m3!1d725.7574097374969!2d-0.36561717073731476!3d43.31363897449644!2m3!1f0!2f0!3f0!3m2!1i1024!2i768!4f13.1!3m3!1m2!1s0x0%3A0x0!2zNDPCsDE4JzQ5LjEiTiAwwrAyMSc1NC4zIlc!5e0!3m2!1sfr!2sfr!4v1512587116216\" width=\"600\" height=\"450\" frameborder=\"0\" style=\"border:0\" allowfullscreen><\/iframe><\/p>\n<p>The lunch will take place at restaurant La Vague of University of Pau<br \/>\n<iframe loading=\"lazy\" src=\"https:\/\/www.google.com\/maps\/embed?pb=!1m18!1m12!1m3!1d2902.9371650345697!2d-0.3662538494952857!3d43.31557478211347!2m3!1f0!2f0!3f0!3m2!1i1024!2i768!4f13.1!3m3!1m2!1s0xd5648ba3f655555%3A0x8c5e3b38a4142763!2sBrasserie+Universitaire+la+Vague!5e0!3m2!1sfr!2sfr!4v1512986792960\" width=\"600\" height=\"450\" frameborder=\"0\" style=\"border:0\" allowfullscreen><\/iframe><\/p>\n<p>The conference dinner on Wednesday 13th will be from 20.00 at &#8220;<a href=\"http:\/\/lespapillesinsolites.blogspot.fr\/\">Les papilles insolites<\/a>&#8220;, 5 rue Alexander Taylor<br \/>\n<iframe loading=\"lazy\" src=\"https:\/\/www.google.com\/maps\/embed?pb=!1m18!1m12!1m3!1d11614.160274360422!2d-0.37034115811588186!3d43.30295261998824!2m3!1f0!2f0!3f0!3m2!1i1024!2i768!4f13.1!3m3!1m2!1s0xd5648d1ae9823bb%3A0xa71f4bf478d7f31c!2sLes+Papilles+Insolites!5e0!3m2!1sfr!2sfr!4v1512587581535\" width=\"600\" height=\"450\" frameborder=\"0\" style=\"border:0\" allowfullscreen><\/iframe><\/p>\n<h1>Accommodation<\/h1>\n<h2>Close to the University<\/h2>\n<ul>\n<li>H\u00f4tel <a href=\"http:\/\/www.alhotel-pau.com\/\">A l&#8217;H\u00f4tel<\/a><br \/>\nPlease contact us before in order to get special rates\n<\/li>\n<li>Appart&#8217;h\u00f4tel <a href=\"http:\/\/www.victoriagarden.com\/hotels\/victoria-garden-pau\/\">Victoria Garden<\/a><\/li>\n<\/ul>\n<h2>In the town center<\/h2>\n<p>Approximatively 20mn walking distance, 10mn by bus<\/p>\n<ul>\n<li>H\u00f4tel <a href=\"http:\/\/hotel-roncevaux.fr\/fr\/\">Le Roncevaux<\/a><\/br>\n<\/li>\n<li>H\u00f4tel <a href=\"\n\n<li>H\u00f4tel <a href=\"http:\/\/www.hotelgramont.com\/\">de Gramont<\/a><\/br>\n<\/li>\n<li>Appart&#8217;h\u00f4tel <a href=\"https:\/\/www.appartcity.com\/fr\/appart-hotel\/pau-centre-a-pau.html\">Appart&#8217;City<\/a><\/li>\n<\/ul>\n","protected":false},"excerpt":{"rendered":"<p>The conference will be held in the University of Pau. Tuesday morning, the conference will be at Amphi E in Palassou Building From Tuesday afternoon to Thursday morning, the conference will be at &#8220;Amphith\u00e9\u00e2tre de la pr\u00e9sidence&#8221; The lunch will take place at restaurant La Vague of University of Pau\u2026<\/p>\n<p> <a class=\"continue-reading-link\" href=\"https:\/\/project.inria.fr\/bendali\/practical-infos\/\"><span>Continue reading<\/span><i class=\"crycon-right-dir\"><\/i><\/a> <\/p>\n","protected":false},"author":248,"featured_media":0,"parent":0,"menu_order":0,"comment_status":"closed","ping_status":"closed","template":"","meta":{"footnotes":""},"class_list":["post-75","page","type-page","status-publish","hentry"],"_links":{"self":[{"href":"https:\/\/project.inria.fr\/bendali\/wp-json\/wp\/v2\/pages\/75","targetHints":{"allow":["GET"]}}],"collection":[{"href":"https:\/\/project.inria.fr\/bendali\/wp-json\/wp\/v2\/pages"}],"about":[{"href":"https:\/\/project.inria.fr\/bendali\/wp-json\/wp\/v2\/types\/page"}],"author":[{"embeddable":true,"href":"https:\/\/project.inria.fr\/bendali\/wp-json\/wp\/v2\/users\/248"}],"replies":[{"embeddable":true,"href":"https:\/\/project.inria.fr\/bendali\/wp-json\/wp\/v2\/comments?post=75"}],"version-history":[{"count":16,"href":"https:\/\/project.inria.fr\/bendali\/wp-json\/wp\/v2\/pages\/75\/revisions"}],"predecessor-version":[{"id":332,"href":"https:\/\/project.inria.fr\/bendali\/wp-json\/wp\/v2\/pages\/75\/revisions\/332"}],"wp:attachment":[{"href":"https:\/\/project.inria.fr\/bendali\/wp-json\/wp\/v2\/media?parent=75"}],"curies":[{"name":"wp","href":"https:\/\/api.w.org\/{rel}","templated":true}]}}