

{"id":69,"date":"2014-07-04T12:08:21","date_gmt":"2014-07-04T12:08:21","guid":{"rendered":"https:\/\/ecoleporquerolles.inria.fr\/?page_id=69"},"modified":"2016-06-10T16:48:56","modified_gmt":"2016-06-10T14:48:56","slug":"infos-pratiques","status":"publish","type":"page","link":"https:\/\/project.inria.fr\/berder2016\/fr\/infos-pratiques\/","title":{"rendered":"Infos pratiques"},"content":{"rendered":"<p><\/p>\n<h3>Dates<\/h3>\n<ul>\n<li>Du <strong>lundi<\/strong><span style=\"font-weight: bold;\">\u00a013 juin<\/span><b>\u00a02016<\/b>\u00a0(accueil \u00e0 partir de 13:30h) au <strong>mercredi<\/strong><span style=\"font-weight: bold;\">\u00a015<\/span><b style=\"font-weight: bold;\">\u00a0juin<\/b><span style=\"font-weight: bold;\"> 2016\u00a0(12h) <\/span><\/li>\n<\/ul>\n<h3>Lieu et acc\u00e8s<\/h3>\n<ul>\n<li>Lieu: \u00a0Universit\u00e9 Denis Diderot, Paris 13eme, <strong>Amphith\u00e9\u00e2tre 4C (1er \u00e9tage), hall C<\/strong>; 15 esplanade Pierre Vidal-Naquet 75013 Paris.<\/li>\n<li>Plan d&rsquo;acc\u00e8s\u00a0<a href=\"https:\/\/drive.google.com\/open?id=1yLNyNLlQ7l-YGsaV4plXjxmaGEw&amp;usp=sharing\" target=\"_blank\">accessible ici<\/a>.<\/li>\n<\/ul>\n<h3>H\u00e9bergement<\/h3>\n<p>Vous \u00eates bien entendu libres de votre h\u00e9bergement, mais en cas de besoin nous vous signalons qu&rsquo;il y a dans le centre historique du Marais, un h\u00f4tel avec un tr\u00e8s bon rapport qualit\u00e9 prix, situ\u00e9 dans de vieux b\u00e2timents du XVII e si\u00e8cle, r\u00e9habilit\u00e9s en auberge de jeunesse:<\/p>\n<p><a href=\"https:\/\/www.mije.com\/auberge-jeunesse-paris\/reservation\">https:\/\/www.mije.com\/auberge-jeunesse-paris\/reservation<\/a><\/p>\n<p>On y trouve des chambres priv\u00e9s simples et propres : sur la page indiqu\u00e9e, descendre jusqu\u2019\u00e0 la section chambre priv\u00e9e. L\u2019endroit offre des h\u00e9bergements dits priv\u00e9s (par opposition aux dortoirs) \u00e0 1, 2, 3, 4, 5 ou 6 lits, pour 30 euros\/nuit en chambre priv\u00e9e partag\u00e9e, 55 euros en chambre single, avec petit d\u00e9j. L\u2019endroit est pris\u00e9, il faut r\u00e9server rapidement.<br \/>\n<\/p>\n<p><\/p>","protected":false},"excerpt":{"rendered":"<p>Dates Du lundi\u00a013 juin\u00a02016\u00a0(accueil \u00e0 partir de 13:30h) au mercredi\u00a015\u00a0juin 2016\u00a0(12h) Lieu et acc\u00e8s Lieu: \u00a0Universit\u00e9 Denis Diderot, Paris 13eme, Amphith\u00e9\u00e2tre 4C (1er \u00e9tage), hall C; 15 esplanade Pierre Vidal-Naquet 75013 Paris. Plan d&rsquo;acc\u00e8s\u00a0accessible ici. H\u00e9bergement Vous \u00eates bien entendu libres de votre h\u00e9bergement, mais en cas de besoin nous\u2026<\/p>\n<p> <a class=\"continue-reading-link\" href=\"https:\/\/project.inria.fr\/berder2016\/fr\/infos-pratiques\/\"><span>Continue reading<\/span><i class=\"crycon-right-dir\"><\/i><\/a> <\/p>\n","protected":false},"author":935,"featured_media":0,"parent":0,"menu_order":0,"comment_status":"closed","ping_status":"closed","template":"","meta":{"footnotes":""},"class_list":["post-69","page","type-page","status-publish","hentry"],"_links":{"self":[{"href":"https:\/\/project.inria.fr\/berder2016\/fr\/wp-json\/wp\/v2\/pages\/69","targetHints":{"allow":["GET"]}}],"collection":[{"href":"https:\/\/project.inria.fr\/berder2016\/fr\/wp-json\/wp\/v2\/pages"}],"about":[{"href":"https:\/\/project.inria.fr\/berder2016\/fr\/wp-json\/wp\/v2\/types\/page"}],"author":[{"embeddable":true,"href":"https:\/\/project.inria.fr\/berder2016\/fr\/wp-json\/wp\/v2\/users\/935"}],"replies":[{"embeddable":true,"href":"https:\/\/project.inria.fr\/berder2016\/fr\/wp-json\/wp\/v2\/comments?post=69"}],"version-history":[{"count":11,"href":"https:\/\/project.inria.fr\/berder2016\/fr\/wp-json\/wp\/v2\/pages\/69\/revisions"}],"predecessor-version":[{"id":239,"href":"https:\/\/project.inria.fr\/berder2016\/fr\/wp-json\/wp\/v2\/pages\/69\/revisions\/239"}],"wp:attachment":[{"href":"https:\/\/project.inria.fr\/berder2016\/fr\/wp-json\/wp\/v2\/media?parent=69"}],"curies":[{"name":"wp","href":"https:\/\/api.w.org\/{rel}","templated":true}]}}

<p></p>
<h3>Dates</h3>
<ul>
<li>Du <strong>lundi</strong><span style="font-weight: bold;"> 13 juin</span><b> 2016</b> (accueil à partir de 13:30h) au <strong>mercredi</strong><span style="font-weight: bold;"> 15</span><b style="font-weight: bold;"> juin</b><span style="font-weight: bold;"> 2016 (12h) </span></li>
</ul>
<h3>Lieu et accès</h3>
<ul>
<li>Lieu:  Université Denis Diderot, Paris 13eme, <strong>Amphithéâtre 4C (1er étage), hall C</strong>; 15 esplanade Pierre Vidal-Naquet 75013 Paris.</li>
<li>Plan d&rsquo;accès <a href="https://drive.google.com/open?id=1yLNyNLlQ7l-YGsaV4plXjxmaGEw&amp;usp=sharing" target="_blank">accessible ici</a>.</li>
</ul>
<h3>Hébergement</h3>
<p>Vous êtes bien entendu libres de votre hébergement, mais en cas de besoin nous vous signalons qu&rsquo;il y a dans le centre historique du Marais, un hôtel avec un très bon rapport qualité prix, situé dans de vieux bâtiments du XVII e siècle, réhabilités en auberge de jeunesse:</p>
<p><a href="https://www.mije.com/auberge-jeunesse-paris/reservation">https://www.mije.com/auberge-jeunesse-paris/reservation</a></p>
<p>On y trouve des chambres privés simples et propres : sur la page indiquée, descendre jusqu’à la section chambre privée. L’endroit offre des hébergements dits privés (par opposition aux dortoirs) à 1, 2, 3, 4, 5 ou 6 lits, pour 30 euros/nuit en chambre privée partagée, 55 euros en chambre single, avec petit déj. L’endroit est prisé, il faut réserver rapidement.<br />
</p>
<p></p>

<p>Dates Du lundi 13 juin 2016 (accueil à partir de 13:30h) au mercredi 15 juin 2016 (12h) Lieu et accès Lieu:  Université Denis Diderot, Paris 13eme, Amphithéâtre 4C (1er étage), hall C; 15 esplanade Pierre Vidal-Naquet 75013 Paris. Plan d&rsquo;accès accessible ici. Hébergement Vous êtes bien entendu libres de votre hébergement, mais en cas de besoin nous…</p>
<p> <a class="continue-reading-link" href="https://project.inria.fr/berder2016/fr/infos-pratiques/"><span>Continue reading</span><i class="crycon-right-dir"></i></a> </p>
