

{"id":32,"date":"2014-07-04T10:52:24","date_gmt":"2014-07-04T10:52:24","guid":{"rendered":"https:\/\/ecoleporquerolles.inria.fr\/?page_id=32"},"modified":"2017-02-23T23:18:01","modified_gmt":"2017-02-23T22:18:01","slug":"comites","status":"publish","type":"page","link":"https:\/\/project.inria.fr\/berder2017\/comites\/","title":{"rendered":"Comit\u00e9s"},"content":{"rendered":"<p><\/p>\n<h4>Comit\u00e9 d&rsquo;organisation<\/h4>\n<ul>\n<li>Anne Atlan, \u00e9cologie\/sociologie, CNRS UMR 6590 ESO Rennes<\/li>\n<li>Fran\u00e7oise Burel, \u00e9cologie, CNRS UMR 6553 ECOBIO, Rennes<\/li>\n<li>V\u00e9ronique van Tilbeurgh, sociologie, Universit\u00e9 Rennes 2, UMR 6590 ESO Rennes<\/li>\n<li>Hugues Berry, bioinformatique, INRIA, Lyon<\/li>\n<li>B\u00e9reng\u00e8re Abou, biophysique, CNRS UMR7057, Paris<\/li>\n<\/ul>\n<h4>Comit\u00e9 scientifique<\/h4>\n<ul>\n<li>Benjamin Audit (mod\u00e9lisation bioinformatique), ENS Lyon<\/li>\n<li>S\u00e9bastien Caillault (g\u00e9ographie), UMR ESO Angers<\/li>\n<li>Sophie Caillon (ethnobiologie), CNRS, CEFE, Montpellier<\/li>\n<li>Pierre-Henri Gouyon (biologie de l&rsquo;\u00e9volution), MNHN, Paris<\/li>\n<li>Brigitte Harttman (biophysique), CNRS, UMR LBPA &#8211; ENS de Cachan<\/li>\n<li>Evelyne Heyer (\u00e9volution humaine\/anthropologie g\u00e9n\u00e9tique), MNHN, Paris<\/li>\n<li>Thierry Hocquet (philosophie), Universit\u00e9 Jean Moulin, Lyon<\/li>\n<li>Christophe Lavelle (biophysique), MNHN, Paris<\/li>\n<li>Franck Molina (biologie int\u00e9grative), CNRS\/SYSDIAG, Montpellier<\/li>\n<li>Florence Rudolf (sociologie environnementale), Universit\u00e9 Strasbourg, IMR AMUP, Srasbourg<\/li>\n<li>Jean-Michel Salles (\u00e9conomie environnementale), UMR LAMETA, Montpellier<\/li>\n<li>Zina Skandrani (homme et biosph\u00e8re), MNHN \/ UNESCO, Paris<\/li>\n<\/ul>\n<p><\/p>","protected":false},"excerpt":{"rendered":"<p>Comit\u00e9 d&rsquo;organisation Anne Atlan, \u00e9cologie\/sociologie, CNRS UMR 6590 ESO Rennes Fran\u00e7oise Burel, \u00e9cologie, CNRS UMR 6553 ECOBIO, Rennes V\u00e9ronique van Tilbeurgh, sociologie, Universit\u00e9 Rennes 2, UMR 6590 ESO Rennes Hugues Berry, bioinformatique, INRIA, Lyon B\u00e9reng\u00e8re Abou, biophysique, CNRS UMR7057, Paris Comit\u00e9 scientifique Benjamin Audit (mod\u00e9lisation bioinformatique), ENS Lyon S\u00e9bastien Caillault\u2026<\/p>\n<p> <a class=\"continue-reading-link\" href=\"https:\/\/project.inria.fr\/berder2017\/comites\/\"><span>Continue reading<\/span><i class=\"crycon-right-dir\"><\/i><\/a> <\/p>\n","protected":false},"author":935,"featured_media":0,"parent":0,"menu_order":0,"comment_status":"closed","ping_status":"closed","template":"","meta":{"footnotes":""},"class_list":["post-32","page","type-page","status-publish","hentry"],"_links":{"self":[{"href":"https:\/\/project.inria.fr\/berder2017\/wp-json\/wp\/v2\/pages\/32","targetHints":{"allow":["GET"]}}],"collection":[{"href":"https:\/\/project.inria.fr\/berder2017\/wp-json\/wp\/v2\/pages"}],"about":[{"href":"https:\/\/project.inria.fr\/berder2017\/wp-json\/wp\/v2\/types\/page"}],"author":[{"embeddable":true,"href":"https:\/\/project.inria.fr\/berder2017\/wp-json\/wp\/v2\/users\/935"}],"replies":[{"embeddable":true,"href":"https:\/\/project.inria.fr\/berder2017\/wp-json\/wp\/v2\/comments?post=32"}],"version-history":[{"count":3,"href":"https:\/\/project.inria.fr\/berder2017\/wp-json\/wp\/v2\/pages\/32\/revisions"}],"predecessor-version":[{"id":317,"href":"https:\/\/project.inria.fr\/berder2017\/wp-json\/wp\/v2\/pages\/32\/revisions\/317"}],"wp:attachment":[{"href":"https:\/\/project.inria.fr\/berder2017\/wp-json\/wp\/v2\/media?parent=32"}],"curies":[{"name":"wp","href":"https:\/\/api.w.org\/{rel}","templated":true}]}}