

{"id":4,"date":"2011-12-08T11:55:34","date_gmt":"2011-12-08T11:55:34","guid":{"rendered":"http:\/\/project.inria.fr\/template1\/?page_id=4"},"modified":"2021-10-29T13:38:10","modified_gmt":"2021-10-29T11:38:10","slug":"home","status":"publish","type":"page","link":"https:\/\/project.inria.fr\/classcode\/","title":{"rendered":"Ma\u00eetriser la pens\u00e9e informatique pour la transmettre"},"content":{"rendered":"<p><\/p>\n<div id=\"background-projet\">\n<h2><span style=\"color: #26cfcf; font-weight: bolder;\"><br \/>\nClass&rsquo;Code : se former pour initier les jeunes \u00e0 la <a href=\"https:\/\/project.inria.fr\/classcode\/mais-pourquoi-classcode-parle-de-pensee-informatique\/\">pens\u00e9e informatique<\/a><\/span><\/h2>\n<p>Class\u2019Code, est un programme de formation innovant, qui forme depuis la rentr\u00e9e 2016 les professionnels de l\u2019\u00e9ducation et de\u00a0l&rsquo;animation pour leur donner les moyens d\u2019initier les filles et les gar\u00e7ons de 8 \u00e0 14 ans \u00e0 la <a href=\"https:\/\/project.inria.fr\/classcode\/mais-pourquoi-classcode-parle-de-pensee-informatique\/\">pens\u00e9e informatique<\/a>. Il comporte 5 modules en ligne (type MOOC) coupl\u00e9s \u00e0 des temps de rencontre entre apprenants. Chaque module permet en une dizaine d\u2019heures r\u00e9parties sur 3 \u00e0 4 semaines, d\u2019animer des premiers ateliers de d\u00e9couverte avec les jeunes : programmation cr\u00e9ative, codage de l&rsquo;information, robotique ludique et enjeux soci\u00e9taux li\u00e9s.<\/p>\n<style type=\"text\/css\">\n#foogallery-gallery-1937 .fg-image { width: 800px; }<\/style>\n\t\t\t<div class=\"foogallery foogallery-container foogallery-image-viewer foogallery-link-custom foogallery-lightbox-foobox fg-center fg-image-viewer fg-ready fg-light fg-border-thin fg-shadow-outline fg-loading-default fg-loaded-fade-in fg-caption-always fg-hover-fade fg-hover-zoom\" id=\"foogallery-gallery-1937\" data-foogallery=\"{&quot;item&quot;:{&quot;showCaptionTitle&quot;:false,&quot;showCaptionDescription&quot;:false},&quot;lazy&quot;:true,&quot;template&quot;:{&quot;loop&quot;:true}}\" >\n\t<div class=\"fiv-inner\">\n\t\t<div class=\"fiv-inner-container\">\n\t\t\t<div class=\"fg-item fg-type-image fg-idle\"><figure class=\"fg-item-inner\"><a href=\"https:\/\/project.inria.fr\/classcode\/files\/2017\/10\/Home-02.png\" data-attachment-id=\"1938\" data-type=\"image\" class=\"fg-thumb\"><span class=\"fg-image-wrap\"><img fetchpriority=\"high\" decoding=\"async\" width=\"800\" height=\"250\" class=\"skip-lazy fg-image\" data-src-fg=\"https:\/\/project.inria.fr\/classcode\/files\/cache\/2017\/10\/Home-02\/1346002446.png\" src=\"data:image\/svg+xml,%3Csvg%20xmlns%3D%22http%3A%2F%2Fwww.w3.org%2F2000%2Fsvg%22%20width%3D%22800%22%20height%3D%22250%22%20viewBox%3D%220%200%20800%20250%22%3E%3C%2Fsvg%3E\" loading=\"eager\"><\/span><span class=\"fg-image-overlay\"><\/span><\/a><\/figure><div class=\"fg-loader\"><\/div><\/div><div class=\"fg-item fg-type-image fg-idle\"><figure class=\"fg-item-inner\"><a href=\"https:\/\/project.inria.fr\/classcode\/files\/2017\/10\/Home-03.png\" data-attachment-id=\"1939\" data-type=\"image\" class=\"fg-thumb\"><span class=\"fg-image-wrap\"><img decoding=\"async\" width=\"800\" height=\"250\" class=\"skip-lazy fg-image\" data-src-fg=\"https:\/\/project.inria.fr\/classcode\/files\/cache\/2017\/10\/Home-03\/3828501592.png\" src=\"data:image\/svg+xml,%3Csvg%20xmlns%3D%22http%3A%2F%2Fwww.w3.org%2F2000%2Fsvg%22%20width%3D%22800%22%20height%3D%22250%22%20viewBox%3D%220%200%20800%20250%22%3E%3C%2Fsvg%3E\" loading=\"eager\"><\/span><span class=\"fg-image-overlay\"><\/span><\/a><\/figure><div class=\"fg-loader\"><\/div><\/div><div class=\"fg-item fg-type-image fg-idle\"><figure class=\"fg-item-inner\"><a href=\"https:\/\/project.inria.fr\/classcode\/files\/2017\/10\/Home-04.png\" data-attachment-id=\"1940\" data-type=\"image\" class=\"fg-thumb\"><span class=\"fg-image-wrap\"><img decoding=\"async\" width=\"800\" height=\"250\" class=\"skip-lazy fg-image\" data-src-fg=\"https:\/\/project.inria.fr\/classcode\/files\/cache\/2017\/10\/Home-04\/3121764921.png\" src=\"data:image\/svg+xml,%3Csvg%20xmlns%3D%22http%3A%2F%2Fwww.w3.org%2F2000%2Fsvg%22%20width%3D%22800%22%20height%3D%22250%22%20viewBox%3D%220%200%20800%20250%22%3E%3C%2Fsvg%3E\" loading=\"eager\"><\/span><span class=\"fg-image-overlay\"><\/span><\/a><\/figure><div class=\"fg-loader\"><\/div><\/div><div class=\"fg-item fg-type-image fg-idle\"><figure class=\"fg-item-inner\"><a href=\"https:\/\/project.inria.fr\/classcode\/files\/2017\/10\/Home-05.png\" data-attachment-id=\"1941\" data-type=\"image\" class=\"fg-thumb\"><span class=\"fg-image-wrap\"><img decoding=\"async\" width=\"800\" height=\"250\" class=\"skip-lazy fg-image\" data-src-fg=\"https:\/\/project.inria.fr\/classcode\/files\/cache\/2017\/10\/Home-05\/236603503.png\" src=\"data:image\/svg+xml,%3Csvg%20xmlns%3D%22http%3A%2F%2Fwww.w3.org%2F2000%2Fsvg%22%20width%3D%22800%22%20height%3D%22250%22%20viewBox%3D%220%200%20800%20250%22%3E%3C%2Fsvg%3E\" loading=\"eager\"><\/span><span class=\"fg-image-overlay\"><\/span><\/a><\/figure><div class=\"fg-loader\"><\/div><\/div>\t\t<\/div>\n\t\t<div class=\"fiv-ctrls\">\n\t\t\t<div class=\"fiv-prev\"><span>Pr\u00e9c\u00e9dent<\/span><\/div>\n\t\t\t<label class=\"fiv-count\"><span class=\"fiv-count-current\">1<\/span>de<span class=\"fiv-count-total\">4<\/span><\/label>\n\t\t\t<div class=\"fiv-next\"><span>Suivant<\/span><\/div>\n\t\t<\/div>\n\t<\/div>\n<\/div>\n<h1 style=\"text-align: center;\"><strong><span style=\"color: #26cfcf;\">Aller sur <a href=\"https:\/\/classcode.fr\">https:\/\/classcode.fr<\/a><\/span><\/strong><\/h1>\n<\/div>\n<hr \/>\n<h2 id=\"partenaires\"><span style=\"color: #26cfcf;\">Les partenaires<\/span><\/h2>\n<p>Ce projet est soutenu par les associations professionnelles de l\u2019informatique et des r\u00e9seaux d\u2019\u00e9ducation, r\u00e9unis par la<strong> SIF<\/strong>. Il est port\u00e9 par<strong> Inria<\/strong>, institut public de recherche en sciences du num\u00e9rique.<\/p>\n<p>Les start-up <strong>Magic Makers et OpenClassrooms<\/strong> en assurent respectivement la direction p\u00e9dagogique et la production. Le d\u00e9ploiement sur les territoires s\u2019effectue sous l\u2019impulsion des <strong>Petits D\u00e9brouillards<\/strong>.<\/p>\n<p><a href=\"https:\/\/classcode.fr\/classcode-qui-fait-quoi\/\">En savoir plus sur les partenaires et la gouvernance du projet<\/a><\/p>\n<div id=\"logos\" class=\"content-wp description-projet\">\n<div>Les partenaires d&rsquo;origine:<\/div>\n<p><a href=\"http:\/\/www.inria.fr\/\" target=\"_blank\" rel=\"noopener\"><img decoding=\"async\" src=\"https:\/\/pixees.fr\/wp-content\/plugins\/class_code_v2\/partenaires\/LogosPartenaires\/Groupe1-consortium\/Logo_Inria.jpg\" alt=\"logo\" height=\"120\" \/><\/a> <a href=\"http:\/\/magicmakers.fr\" target=\"_blank\" rel=\"noopener\"> <img decoding=\"async\" src=\"https:\/\/pixees.fr\/wp-content\/plugins\/class_code_v2\/partenaires\/LogosPartenaires\/Groupe1-consortium\/Logo-MagicMakers.jpg\" alt=\"logo\" height=\"120\" \/><\/a> <a href=\"https:\/\/openclassrooms.com\" target=\"_blank\" rel=\"noopener\"><img decoding=\"async\" src=\"https:\/\/pixees.fr\/wp-content\/plugins\/class_code_v2\/partenaires\/LogosPartenaires\/Groupe1-consortium\/Logo-OpenClassrooms.jpg\" alt=\"logo\" height=\"120\" \/><\/a> <a href=\"http:\/\/www.lespetitsdebrouillards.org\" target=\"_blank\" rel=\"noopener\"><img decoding=\"async\" src=\"https:\/\/pixees.fr\/wp-content\/plugins\/class_code_v2\/partenaires\/LogosPartenaires\/Groupe1-consortium\/Logo-PetitsDebrouillards.jpg\" alt=\"logo\" height=\"120\" \/><\/a> <a href=\"http:\/\/www.univ-nantes.fr\" target=\"_blank\" rel=\"noopener\"><img decoding=\"async\" src=\"https:\/\/pixees.fr\/wp-content\/plugins\/class_code_v2\/partenaires\/LogosPartenaires\/Groupe1-consortium\/Logo-UNantes.jpeg\" alt=\"logo\" height=\"120\" \/><\/a> <a href=\"http:\/\/www.societe-informatique-de-france.fr\" target=\"_blank\" rel=\"noopener\"><img decoding=\"async\" src=\"https:\/\/pixees.fr\/wp-content\/plugins\/class_code_v2\/partenaires\/LogosPartenaires\/Groupe1-consortium\/Logo-Sif.jpg\" alt=\"logo\" height=\"120\" \/><\/a> <a href=\"http:\/\/www.assopascaline.fr\" target=\"_blank\" rel=\"noopener\"><img decoding=\"async\" src=\"https:\/\/pixees.fr\/wp-content\/plugins\/class_code_v2\/partenaires\/LogosPartenaires\/Groupe1-consortium\/Logo-Pascaline.jpg\" alt=\"logo\" height=\"120\" \/><\/a> <a href=\"http:\/\/www.cigref.fr\" target=\"_blank\" rel=\"noopener\"><img decoding=\"async\" src=\"https:\/\/pixees.fr\/wp-content\/plugins\/class_code_v2\/partenaires\/LogosPartenaires\/Groupe1-consortium\/Logo-Cigref.jpg\" alt=\"logo\" height=\"120\" \/><\/a> <a href=\"http:\/\/www.techinfrance.fr\/\" target=\"_blank\" rel=\"noopener\"><img decoding=\"async\" src=\"https:\/\/pixees.fr\/wp-content\/plugins\/class_code_v2\/partenaires\/LogosPartenaires\/Groupe1-consortium\/Logo-TechInFrance.jpg\" alt=\"logo\" height=\"120\" \/><\/a> <a href=\"http:\/\/www.univ-evry.fr\" target=\"_blank\" rel=\"noopener\"><img decoding=\"async\" src=\"https:\/\/pixees.fr\/wp-content\/plugins\/class_code_v2\/partenaires\/LogosPartenaires\/Groupe1-consortium\/Logo-UEvry.jpeg\" alt=\"logo\" height=\"120\" \/><\/a> <a href=\"http:\/\/www.fondation-lamap.org\" target=\"_blank\" rel=\"noopener\"><img decoding=\"async\" src=\"https:\/\/pixees.fr\/wp-content\/plugins\/class_code_v2\/partenaires\/LogosPartenaires\/Groupe1-consortium\/Logo-LaManalaPate.jpg\" alt=\"logo\" height=\"120\" \/><\/a> <a href=\"https:\/\/www.reseau-canope.fr\" target=\"_blank\" rel=\"noopener\"><img decoding=\"async\" src=\"https:\/\/pixees.fr\/wp-content\/plugins\/class_code_v2\/partenaires\/LogosPartenaires\/Groupe1-consortium\/Logo-Canope.jpg\" alt=\"logo\" height=\"120\" \/><\/a> <a href=\"http:\/\/www.lespep.org\" target=\"_blank\" rel=\"noopener\"><img decoding=\"async\" src=\"https:\/\/pixees.fr\/wp-content\/plugins\/class_code_v2\/partenaires\/LogosPartenaires\/Groupe1-consortium\/Logo-Pep.jpg\" alt=\"logo\" height=\"120\" \/><\/a> <a href=\"http:\/\/simplon.co\" target=\"_blank\" rel=\"noopener\"><img decoding=\"async\" src=\"https:\/\/pixees.fr\/wp-content\/plugins\/class_code_v2\/partenaires\/LogosPartenaires\/Groupe1-consortium\/Logo-Simplon.jpg\" alt=\"logo\" height=\"120\" \/><\/a> <a href=\"http:\/\/univ-cotedazur.fr\" target=\"_blank\" rel=\"noopener\"><img decoding=\"async\" src=\"https:\/\/pixees.fr\/wp-content\/plugins\/class_code_v2\/partenaires\/LogosPartenaires\/Groupe1-consortium\/Logo-UCoteDazur.jpeg\" alt=\"logo\" height=\"120\" \/><\/a> <a href=\"http:\/\/www.paysdelaloire.fr\" target=\"_blank\" rel=\"noopener\"><img decoding=\"async\" src=\"https:\/\/pixees.fr\/wp-content\/plugins\/class_code_v2\/partenaires\/LogosPartenaires\/Groupe1-consortium\/Logo-Pdll.jpg\" alt=\"logo\" height=\"120\" \/><\/a> <a href=\"http:\/\/www.regionpaca.fr\" target=\"_blank\" rel=\"noopener\"><img decoding=\"async\" src=\"https:\/\/pixees.fr\/wp-content\/plugins\/class_code_v2\/partenaires\/LogosPartenaires\/Groupe1-consortium\/Logo-Paca.jpg\" alt=\"logo\" height=\"120\" \/><\/a><\/p>\n<div id=\"logos2\">sont rejoints par des partenaires associ\u00e9s :<\/div>\n<p><a href=\"http:\/\/www.laligue.org\/\" target=\"_blank\" rel=\"noopener\"><img decoding=\"async\" src=\"https:\/\/pixees.fr\/wp-content\/plugins\/class_code_v2\/partenaires\/LogosPartenaires\/Groupe2-maillage\/Logo-LiguedelEnseignement.jpg\" alt=\"logo\" height=\"120\" \/><\/a> <a href=\"http:\/\/www.cemea.asso.fr\/\" target=\"_blank\" rel=\"noopener\"><img decoding=\"async\" src=\"https:\/\/pixees.fr\/wp-content\/plugins\/class_code_v2\/partenaires\/LogosPartenaires\/Groupe2-maillage\/Logo-Cemea.jpg\" alt=\"logo\" height=\"120\" \/><\/a> <a href=\"http:\/\/peep.asso.fr\" target=\"_blank\" rel=\"noopener\"><img decoding=\"async\" src=\"https:\/\/pixees.fr\/wp-content\/plugins\/class_code_v2\/partenaires\/LogosPartenaires\/Groupe3-soutien\/Logo-peep.jpg\" alt=\"logo\" height=\"120\" \/><\/a> <a href=\"http:\/\/espe-nice-toulon.fr\/la-recherche\/laboratoires-et-instituts-de-recherche\/line\" target=\"_blank\" rel=\"noopener\"><img decoding=\"async\" src=\"https:\/\/pixees.fr\/wp-content\/plugins\/class_code_v2\/partenaires\/LogosPartenaires\/Groupe3-soutien\/Logo-LINE.jpg\" alt=\"logo\" height=\"120\" \/><\/a><a href=\"https:\/\/educazur.fr\/\" target=\"_blank\" rel=\"noopener\"><img loading=\"lazy\" decoding=\"async\" class=\"alignnone\" src=\"https:\/\/pixees.fr\/wp-content\/plugins\/class_code_v2\/partenaires\/LogosPartenaires\/Groupe3-soutien\/Logo-EducAzur.jpg\" alt=\"logo\" width=\"200\" height=\"120\" \/><\/a><\/p>\n<div id=\"logos3\">dont plusieurs assurent la coordination :<\/div>\n<p><a href=\"http:\/\/www.lacompagnieducode.org\" target=\"_blank\" rel=\"noopener\"><img decoding=\"async\" src=\"https:\/\/pixees.fr\/wp-content\/plugins\/class_code_v2\/partenaires\/LogosPartenaires\/Groupe2-maillage\/Logo-CompagnideduCode.jpg\" alt=\"logo\" height=\"120\" \/><\/a> <a href=\"https:\/\/cai.community\/\" target=\"_blank\" rel=\"noopener\"><img decoding=\"async\" src=\"https:\/\/pixees.fr\/wp-content\/plugins\/class_code_v2\/partenaires\/LogosPartenaires\/Groupe2-maillage\/Logo-CAI.jpg\" alt=\"logo\" height=\"120\" \/><\/a> <a href=\"http:\/\/www.pingbase.net\/\" target=\"_blank\" rel=\"noopener\"><img decoding=\"async\" src=\"https:\/\/pixees.fr\/wp-content\/plugins\/class_code_v2\/partenaires\/LogosPartenaires\/Groupe2-maillage\/Logo-Oing.jpg\" alt=\"logo\" height=\"120\" \/><\/a> <a href=\"http:\/\/emf.fr\" target=\"_blank\" rel=\"noopener\"><img decoding=\"async\" src=\"https:\/\/pixees.fr\/wp-content\/plugins\/class_code_v2\/partenaires\/LogosPartenaires\/Groupe2-maillage\/Logo-EspaceMendesFrance.jpg\" alt=\"logo\" height=\"120\" \/><\/a> <a href=\"https:\/\/www.univ-lille.fr\/\" target=\"_blank\" rel=\"noopener\"><img decoding=\"async\" src=\"https:\/\/pixees.fr\/wp-content\/plugins\/class_code_v2\/partenaires\/LogosPartenaires\/Groupe2-maillage\/Logo-ULille.jpg\" alt=\"logo\" height=\"120\" \/><\/a> <a href=\"http:\/\/www.univ-ag.fr\" target=\"_blank\" rel=\"noopener\"><img decoding=\"async\" src=\"https:\/\/pixees.fr\/wp-content\/plugins\/class_code_v2\/partenaires\/LogosPartenaires\/Groupe2-maillage\/Logo-UAntilles.jpg\" alt=\"logo\" height=\"120\" \/><\/a> <a href=\"http:\/\/www.univ-fcomte.fr\" target=\"_blank\" rel=\"noopener\"><img decoding=\"async\" src=\"https:\/\/pixees.fr\/wp-content\/plugins\/class_code_v2\/partenaires\/LogosPartenaires\/Groupe2-maillage\/Logo-UFRancheComte.jpg\" alt=\"logo\" height=\"120\" \/><\/a><a href=\"https:\/\/www.digitalwallonia.be\/\" target=\"_blank\" rel=\"noopener\"><img decoding=\"async\" src=\"https:\/\/pixees.fr\/wp-content\/plugins\/class_code_v2\/partenaires\/LogosPartenaires\/Groupe2-maillage\/Logo-DigitalWallonia.jpg\" alt=\"logo\" height=\"120\" \/><\/a><a href=\"https:\/\/kidscodejeunesse.org\/\" target=\"_blank\" rel=\"noopener\"><img loading=\"lazy\" decoding=\"async\" src=\"https:\/\/kidscodejeunesse.org\/img\/logo_KCJ_short.svg\" alt=\"logo\" width=\"200\" height=\"120\" \/><\/a><a href=\"https:\/\/www.poppystation.org\/\" target=\"_blank\" rel=\"noopener\"><img loading=\"lazy\" decoding=\"async\" src=\"https:\/\/www.poppystation.org\/wp-content\/uploads\/2018\/08\/poppy-station-logo.png\" alt=\"logo\" width=\"200\" height=\"120\" \/><\/a><\/p>\n<div id=\"logos4\">en cr\u00e9ant un maillage de territoire avec les partenaires locaux :<\/div>\n<div style=\"text-align: center;\"><iframe loading=\"lazy\" style=\"border: none;\" src=\"https:\/\/pixees.fr\/wp-content\/plugins\/class_code_v2\/structures\/logos.php\" width=\"800\" height=\"2200\"><\/iframe><\/div>\n<div id=\"logos5\">compl\u00e9t\u00e9s par des partenaires de diffusion :<\/div>\n<p><a href=\"http:\/\/www.unit.eu\/\" target=\"_blank\" rel=\"noopener\"><img decoding=\"async\" style=\"max-width: 200px; max-height: 120px;\" src=\"http:\/\/www.unit.eu\/themes\/custom\/unit\/logo.png\" alt=\"logo\" height=\"120\" \/><\/a> <a href=\"https:\/\/eduscol.education.fr\/ecogest\/reseaux\/reseaux-eg\/le_cerpet\" target=\"_blank\" rel=\"noopener\"><img decoding=\"async\" style=\"max-width: 200px; max-height: 120px;\" src=\"https:\/\/project.inria.fr\/classcode\/files\/2019\/07\/LOGO-CEFPEP-2020-E.jpg\" alt=\"logo\" height=\"120\" \/><\/a> <a href=\"http:\/\/www.universcience.tv\/\" target=\"_blank\" rel=\"noopener\"><img decoding=\"async\" style=\"max-width: 200px; max-height: 120px;\" src=\"http:\/\/www.universcience.fr\/fileadmin\/fileadmin_CSI\/fichiers\/accueil\/_images\/logos_du_site\/logo-universcience.png\" alt=\"logo\" height=\"120\" \/><\/a> <a href=\"http:\/\/education.francetv.fr\/\" target=\"_blank\" rel=\"noopener\"><img decoding=\"async\" style=\"max-width: 200px; max-height: 120px;\" src=\"http:\/\/kezako.unisciel.fr\/wp-content\/uploads\/2014\/10\/francetelevision.jpg\" alt=\"logo\" height=\"120\" \/><\/a> <a href=\"http:\/\/binaire.blog.lemonde.fr\/\" target=\"_blank\" rel=\"noopener\"><img decoding=\"async\" style=\"max-width: 200px; max-height: 120px;\" src=\"http:\/\/binaire.blog.lemonde.fr\/files\/2017\/11\/logo-monde-binaire.jpg\" alt=\"logo\" height=\"120\" \/><\/a>\u00a0 <a href=\"https:\/\/www.brainyup.com\"><img loading=\"lazy\" decoding=\"async\" class=\"alignnone wp-image-2335\" src=\"https:\/\/project.inria.fr\/classcode\/files\/2018\/05\/brainy-up.png\" alt=\"\" width=\"234\" height=\"73\" srcset=\"https:\/\/project.inria.fr\/classcode\/files\/2018\/05\/brainy-up.png 398w, https:\/\/project.inria.fr\/classcode\/files\/2018\/05\/brainy-up-300x93.png 300w, https:\/\/project.inria.fr\/classcode\/files\/2018\/05\/brainy-up-150x47.png 150w\" sizes=\"auto, (max-width: 234px) 100vw, 234px\" \/><\/a><a href=\"https:\/\/project.inria.fr\/classcode\/files\/2021\/03\/Logo_MV_D_2020.jpg\"><img loading=\"lazy\" decoding=\"async\" class=\"alignnone wp-image-2754 size-medium\" src=\"https:\/\/project.inria.fr\/classcode\/files\/2021\/03\/Logo_MV_D_2020-300x40.jpg\" alt=\"\" width=\"300\" height=\"40\" srcset=\"https:\/\/project.inria.fr\/classcode\/files\/2021\/03\/Logo_MV_D_2020-300x40.jpg 300w, https:\/\/project.inria.fr\/classcode\/files\/2021\/03\/Logo_MV_D_2020-768x102.jpg 768w, https:\/\/project.inria.fr\/classcode\/files\/2021\/03\/Logo_MV_D_2020-1024x136.jpg 1024w, https:\/\/project.inria.fr\/classcode\/files\/2021\/03\/Logo_MV_D_2020-600x79.jpg 600w, https:\/\/project.inria.fr\/classcode\/files\/2021\/03\/Logo_MV_D_2020-150x20.jpg 150w, https:\/\/project.inria.fr\/classcode\/files\/2021\/03\/Logo_MV_D_2020.jpg 1782w\" sizes=\"auto, (max-width: 300px) 100vw, 300px\" \/><\/a><\/p>\n<div id=\"logos6\">D&rsquo;autres partenaires soutiennent moralement l&rsquo;initiative ou soutiennent des partenaires de Class\u00b4Code :<\/div>\n<p><a href=\"https:\/\/www.fondation-blaise-pascal.org\" target=\"_blank\" rel=\"noopener\"><img decoding=\"async\" src=\"https:\/\/pixees.fr\/wp-content\/plugins\/class_code_v2\/partenaires\/LogosPartenaires\/Groupe3-soutien\/Logo-FBP.jpg\" alt=\"logo\" height=\"120\" \/><\/a> <a href=\"http:\/\/epi.asso.fr\/\" target=\"_blank\" rel=\"noopener\"><img decoding=\"async\" src=\"https:\/\/pixees.fr\/wp-content\/plugins\/class_code_v2\/partenaires\/LogosPartenaires\/Groupe3-soutien\/Logo-Epi.jpg\" alt=\"logo\" height=\"120\" \/><\/a> <a href=\"http:\/\/jecode.org\" target=\"_blank\" rel=\"noopener\"><img decoding=\"async\" src=\"https:\/\/pixees.fr\/wp-content\/plugins\/class_code_v2\/partenaires\/LogosPartenaires\/Groupe3-soutien\/Logo-jeCode.jpg\" alt=\"logo\" height=\"120\" \/><\/a> <a href=\"http:\/\/www.insa-centrevaldeloire.fr\" target=\"_blank\" rel=\"noopener\"><img decoding=\"async\" src=\"https:\/\/pixees.fr\/wp-content\/plugins\/class_code_v2\/partenaires\/LogosPartenaires\/Groupe3-soutien\/Logo-Insa.jpg\" alt=\"logo\" height=\"120\" \/><\/a> <a href=\"http:\/\/www.ens-rennes.fr\/\" target=\"_blank\" rel=\"noopener\"><img decoding=\"async\" src=\"https:\/\/pixees.fr\/wp-content\/plugins\/class_code_v2\/partenaires\/LogosPartenaires\/Groupe3-soutien\/Logo-EnsRennes.jpg \" alt=\"logo\" height=\"120\" \/><\/a> <a href=\"http:\/\/www.wildcodeschool.fr\/\" target=\"_blank\" rel=\"noopener\"><img decoding=\"async\" src=\"https:\/\/pixees.fr\/wp-content\/plugins\/class_code_v2\/partenaires\/LogosPartenaires\/Groupe3-soutien\/Logo-WildeCodeSchool.jpg\" alt=\"logo\" height=\"120\" \/><\/a> <a href=\"http:\/\/www.colombbus.org\" target=\"_blank\" rel=\"noopener\"><img decoding=\"async\" src=\"https:\/\/pixees.fr\/wp-content\/plugins\/class_code_v2\/partenaires\/LogosPartenaires\/Groupe3-soutien\/Logo-Columbbus.jpg\" alt=\"logo\" height=\"120\" \/><\/a> <a href=\"http:\/\/www.epitech.eu\/\" target=\"_blank\" rel=\"noopener\"><img decoding=\"async\" src=\"https:\/\/pixees.fr\/wp-content\/plugins\/class_code_v2\/partenaires\/LogosPartenaires\/Groupe2-maillage\/logo-epitech.jpg\" alt=\"logo\" height=\"120\" \/> <\/a><a href=\"http:\/\/www.tralalere.com\/\" target=\"_blank\" rel=\"noopener\"><img decoding=\"async\" src=\"https:\/\/pixees.fr\/wp-content\/plugins\/class_code_v2\/partenaires\/LogosPartenaires\/Groupe3-soutien\/Logo-Tralalere.jpg\" alt=\"logo\" height=\"120\" \/><\/a><a href=\"http:\/\/www.cnrs.fr\/ins2i\/\" target=\"_blank\" rel=\"noopener\"><img decoding=\"async\" src=\"https:\/\/pixees.fr\/wp-content\/plugins\/class_code_v2\/partenaires\/LogosPartenaires\/Groupe3-soutien\/Logo-Cnrs.jpg\" alt=\"logo\" height=\"120\" \/><\/a><a href=\"https:\/\/www.cnil.fr\" target=\"_blank\" rel=\"noopener\"><img decoding=\"async\" src=\"https:\/\/pixees.fr\/wp-content\/plugins\/class_code_v2\/partenaires\/LogosPartenaires\/Groupe3-soutien\/Logo-Cnil.jpg\" alt=\"logo\" height=\"120\" \/><\/a><a href=\"https:\/\/edu.google.com\/intl\/fr_be\" target=\"_blank\" rel=\"noopener\"><img decoding=\"async\" src=\"https:\/\/project.inria.fr\/classcode\/files\/2018\/09\/Logo-Google.jpg\" alt=\"logo\" height=\"120\" \/><\/a><a href=\"http:\/\/www.france-ioi.org\" target=\"_blank\" rel=\"noopener\"><img decoding=\"async\" src=\"https:\/\/pixees.fr\/wp-content\/plugins\/class_code_v2\/partenaires\/LogosPartenaires\/Groupe3-soutien\/Logo-FranceIOI.jpg\" alt=\"logo\" height=\"120\" \/><\/a><a href=\"http:\/\/www.clubcode.org\/\" target=\"_blank\" rel=\"noopener\"><img decoding=\"async\" src=\"https:\/\/pixees.fr\/wp-content\/plugins\/class_code_v2\/partenaires\/LogosPartenaires\/Groupe2-maillage\/Logo-CodeClub.jpg\" alt=\"logo\" height=\"120\" \/><\/a><a href=\"http:\/\/www.codingschool.fr\/\" target=\"_blank\" rel=\"noopener\"><img decoding=\"async\" src=\"https:\/\/pixees.fr\/wp-content\/plugins\/class_code_v2\/partenaires\/LogosPartenaires\/Groupe2-maillage\/Logo-CodingSchool.jpg\" alt=\"logo\" height=\"120\" \/><\/a><a href=\"https:\/\/www.davidson.fr\/\" target=\"_blank\" rel=\"noopener\"><img decoding=\"async\" src=\"https:\/\/project.inria.fr\/classcode\/files\/2021\/04\/Davidson_consulting_logo_small.png\" alt=\"logo\" height=\"120\" \/><\/a><a href=\"https:\/\/pixees.fr\/classcode-v2\/contacts\" target=\"_blank\" rel=\"noopener\"><img decoding=\"async\" src=\"https:\/\/classcode.fr\/projet\/files\/2011\/12\/logo-vous.png\" alt=\"logo\" height=\"120\" \/><\/a><\/p>\n<div>Class\u2019Code est soutenu (sous le nom de MAAISoN) au titre du PIA, suite \u00e0 l\u2019appel \u00e0 projets \u00ab Culture de l\u2019innovation et de l\u2019entrepreneuriat \u00bb lanc\u00e9 dans le cadre du Fonds national de l\u2019Innovation. Cette action est g\u00e9r\u00e9e par la Caisse des D\u00e9p\u00f4ts pour le compte de l\u2019Etat avec le concours et le suivi du Commissariat G\u00e9n\u00e9ral \u00e0 l\u2019Investissement et des minist\u00e8res charg\u00e9s de l\u2019Education Nationale, de l\u2019Enseignement sup\u00e9rieur et de la Recherche, et de l\u2019\u00c9conomie, de l\u2019Industrie et du Num\u00e9rique.<\/div>\n<div><img decoding=\"async\" src=\"https:\/\/pixees.fr\/wp-content\/plugins\/class_code_v2\/partenaires\/LogosPartenaires\/Groupe4-institutionnels\/Logo-MENSR.jpg\" alt=\"logo\" \/><img decoding=\"async\" src=\"https:\/\/pixees.fr\/wp-content\/plugins\/class_code_v2\/partenaires\/LogosPartenaires\/Groupe4-institutionnels\/Logo-MEIN.jpg\" alt=\"logo\" \/><img decoding=\"async\" src=\"https:\/\/pixees.fr\/wp-content\/plugins\/class_code_v2\/partenaires\/LogosPartenaires\/Groupe4-institutionnels\/Logo-CGI.jpg\" alt=\"logo\" \/><img decoding=\"async\" src=\"https:\/\/pixees.fr\/wp-content\/plugins\/class_code_v2\/partenaires\/LogosPartenaires\/Groupe4-institutionnels\/Logo-CDC.jpg\" alt=\"logo\" \/><\/div>\n<\/div>\n<p><\/p>","protected":false},"excerpt":{"rendered":"<p>Class&rsquo;Code : se former pour initier les jeunes \u00e0 la pens\u00e9e informatique Class\u2019Code, est un programme de formation innovant, qui forme depuis la rentr\u00e9e 2016 les professionnels de l\u2019\u00e9ducation et de\u00a0l&rsquo;animation pour leur donner les moyens d\u2019initier les filles et les gar\u00e7ons de 8 \u00e0 14 ans \u00e0 la pens\u00e9e informatique. Il comporte 5 modules en ligne\u2026<\/p>\n<p class=\"continue-reading-button\"> <a class=\"continue-reading-link\" href=\"https:\/\/project.inria.fr\/classcode\/\">Lire la suite<i class=\"crycon-right-dir\"><\/i><\/a><\/p>\n","protected":false},"author":1,"featured_media":0,"parent":0,"menu_order":0,"comment_status":"closed","ping_status":"open","template":"","meta":{"twitterCardType":"summary","cardImageID":0,"cardImage":"","cardTitle":"","cardDesc":"","cardImageAlt":"","cardPlayer":"","cardPlayerWidth":0,"cardPlayerHeight":0,"cardPlayerStream":"","cardPlayerCodec":"","footnotes":""},"class_list":["post-4","page","type-page","status-publish","hentry"],"_links":{"self":[{"href":"https:\/\/project.inria.fr\/classcode\/wp-json\/wp\/v2\/pages\/4","targetHints":{"allow":["GET"]}}],"collection":[{"href":"https:\/\/project.inria.fr\/classcode\/wp-json\/wp\/v2\/pages"}],"about":[{"href":"https:\/\/project.inria.fr\/classcode\/wp-json\/wp\/v2\/types\/page"}],"author":[{"embeddable":true,"href":"https:\/\/project.inria.fr\/classcode\/wp-json\/wp\/v2\/users\/1"}],"replies":[{"embeddable":true,"href":"https:\/\/project.inria.fr\/classcode\/wp-json\/wp\/v2\/comments?post=4"}],"version-history":[{"count":416,"href":"https:\/\/project.inria.fr\/classcode\/wp-json\/wp\/v2\/pages\/4\/revisions"}],"predecessor-version":[{"id":2773,"href":"https:\/\/project.inria.fr\/classcode\/wp-json\/wp\/v2\/pages\/4\/revisions\/2773"}],"wp:attachment":[{"href":"https:\/\/project.inria.fr\/classcode\/wp-json\/wp\/v2\/media?parent=4"}],"curies":[{"name":"wp","href":"https:\/\/api.w.org\/{rel}","templated":true}]}}