

{"id":276,"date":"2019-06-17T11:59:54","date_gmt":"2019-06-17T09:59:54","guid":{"rendered":"https:\/\/project.inria.fr\/cominlabs\/?page_id=276"},"modified":"2021-06-08T16:23:53","modified_gmt":"2021-06-08T14:23:53","slug":"journee-numerique-2015","status":"publish","type":"page","link":"https:\/\/project.inria.fr\/cominlabs\/journee-numerique-2015\/","title":{"rendered":"Journ\u00e9e SHS et Num\u00e9rique, 24 juin 2015"},"content":{"rendered":"<div id=\"content\">\n<p>Le Labex CominLabs organise le 24 juin prochain au <a href=\"https:\/\/www.inria.fr\/centre\/rennes\/presentation\/infos-pratiques\">Centre Inria \u00e0 Rennes <\/a>une journ\u00e9e SHS et Num\u00e9rique.<\/p>\n<p>Elle consistera en un ensemble de pr\u00e9sentations de coll\u00e8gues des SHS et des STIC sur diff\u00e9rentes th\u00e9matiques crois\u00e9es et sur des retours de projets communs. Elle comprendra plusieurs temps pour la discussion, l&#8217;interaction et le r\u00e9seautage.<\/p>\n<p>L&#8217;objectif est aussi de pr\u00e9parer au mieux la construction de projets collaboratifs sur ces th\u00e9matiques pour le (dernier) appel \u00e0 projets CominLabs de l&#8217;automne prochain.<\/p>\n<p>Vous trouverez le programme complet de la journ\u00e9e <a href=\"https:\/\/project.inria.fr\/cominlabs\/files\/2019\/06\/programmev3.pdf\" target=\"_blank\" rel=\"noopener\">ici<\/a>.<\/p>\n<p>&nbsp;<\/p>\n<p><em>L&#8217;inscription est gratuite mais obligatoire pour des raisons d&#8217;organisation.<\/em><\/p>\n<p><em>La date butoir d&#8217;inscription est le 17 juin.<\/em><\/p>\n<\/div>\n<p>&nbsp;<\/p>\n<p><a href=\"https:\/\/anr.fr\/fr\/investissements-davenir\/les-investissements-davenir\/\" target=\"_blank\" rel=\"noopener\"><img loading=\"lazy\" decoding=\"async\" class=\"alignnone wp-image-1018 size-full\" src=\"https:\/\/project.inria.fr\/cominlabs\/files\/2020\/11\/1-Investissements_davenir-logo.png\" alt=\"\" width=\"186\" height=\"137\" srcset=\"https:\/\/project.inria.fr\/cominlabs\/files\/2020\/11\/1-Investissements_davenir-logo.png 186w, https:\/\/project.inria.fr\/cominlabs\/files\/2020\/11\/1-Investissements_davenir-logo-150x110.png 150w\" sizes=\"auto, (max-width: 186px) 100vw, 186px\" \/><\/a> <a href=\"https:\/\/anr.fr\/\" target=\"_blank\" rel=\"noopener\"><img loading=\"lazy\" decoding=\"async\" class=\"alignnone wp-image-1019 size-full\" src=\"https:\/\/project.inria.fr\/cominlabs\/files\/2020\/11\/2-Agence_Nationale_de_la_Recherche-ANR_Logo.png\" alt=\"\" width=\"186\" height=\"137\" srcset=\"https:\/\/project.inria.fr\/cominlabs\/files\/2020\/11\/2-Agence_Nationale_de_la_Recherche-ANR_Logo.png 186w, https:\/\/project.inria.fr\/cominlabs\/files\/2020\/11\/2-Agence_Nationale_de_la_Recherche-ANR_Logo-150x110.png 150w\" sizes=\"auto, (max-width: 186px) 100vw, 186px\" \/><\/a> <a href=\"https:\/\/cominlabs.inria.fr\/\"><img loading=\"lazy\" decoding=\"async\" class=\"alignnone wp-image-1020 size-full\" src=\"https:\/\/project.inria.fr\/cominlabs\/files\/2020\/11\/3-Logo_Labex-CominLabs.png\" alt=\"\" width=\"186\" height=\"137\" srcset=\"https:\/\/project.inria.fr\/cominlabs\/files\/2020\/11\/3-Logo_Labex-CominLabs.png 186w, https:\/\/project.inria.fr\/cominlabs\/files\/2020\/11\/3-Logo_Labex-CominLabs-150x110.png 150w\" sizes=\"auto, (max-width: 186px) 100vw, 186px\" \/><\/a> <a href=\"https:\/\/www.univ-rennes1.fr\/interlocuteurs\/ueb-universite-europeenne-de-bretagne\" target=\"_blank\" rel=\"noopener\"><img loading=\"lazy\" decoding=\"async\" class=\"alignnone wp-image-1021 size-full\" src=\"https:\/\/project.inria.fr\/cominlabs\/files\/2020\/11\/4-Universite\u0301_europe\u0301enne_de_Bretagne_logo.png\" alt=\"\" width=\"186\" height=\"137\" srcset=\"https:\/\/project.inria.fr\/cominlabs\/files\/2020\/11\/4-Universite\u0301_europe\u0301enne_de_Bretagne_logo.png 186w, https:\/\/project.inria.fr\/cominlabs\/files\/2020\/11\/4-Universite\u0301_europe\u0301enne_de_Bretagne_logo-150x110.png 150w\" sizes=\"auto, (max-width: 186px) 100vw, 186px\" \/><\/a> <a href=\"http:\/\/www.univ-nantes.fr\/\" target=\"_blank\" rel=\"noopener\"><img loading=\"lazy\" decoding=\"async\" class=\"alignnone wp-image-1022 size-full\" src=\"https:\/\/project.inria.fr\/cominlabs\/files\/2020\/11\/5-Univ_Nantes_logo.png\" alt=\"\" width=\"186\" height=\"137\" srcset=\"https:\/\/project.inria.fr\/cominlabs\/files\/2020\/11\/5-Univ_Nantes_logo.png 186w, https:\/\/project.inria.fr\/cominlabs\/files\/2020\/11\/5-Univ_Nantes_logo-150x110.png 150w\" sizes=\"auto, (max-width: 186px) 100vw, 186px\" \/><\/a> <a href=\"https:\/\/www.inria.fr\/\" target=\"_blank\" rel=\"noopener\"><img loading=\"lazy\" decoding=\"async\" class=\"alignnone wp-image-1023 size-full\" src=\"https:\/\/project.inria.fr\/cominlabs\/files\/2020\/11\/6-Inria_logo.png\" alt=\"\" width=\"186\" height=\"136\" srcset=\"https:\/\/project.inria.fr\/cominlabs\/files\/2020\/11\/6-Inria_logo.png 186w, https:\/\/project.inria.fr\/cominlabs\/files\/2020\/11\/6-Inria_logo-150x110.png 150w\" sizes=\"auto, (max-width: 186px) 100vw, 186px\" \/><\/a> <a href=\"https:\/\/www.imt-atlantique.fr\/fr\" target=\"_blank\" rel=\"noopener\"><img loading=\"lazy\" decoding=\"async\" class=\"alignnone wp-image-1037 size-full\" src=\"https:\/\/project.inria.fr\/cominlabs\/files\/2020\/11\/7-Institut_Mines-Te\u0301le\u0301com_logo-1.png\" alt=\"\" width=\"185\" height=\"136\" srcset=\"https:\/\/project.inria.fr\/cominlabs\/files\/2020\/11\/7-Institut_Mines-Te\u0301le\u0301com_logo-1.png 185w, https:\/\/project.inria.fr\/cominlabs\/files\/2020\/11\/7-Institut_Mines-Te\u0301le\u0301com_logo-1-150x110.png 150w\" sizes=\"auto, (max-width: 185px) 100vw, 185px\" \/><\/a> <a href=\"https:\/\/www.univ-rennes1.fr\/\" target=\"_blank\" rel=\"noopener\"><img loading=\"lazy\" decoding=\"async\" class=\"alignnone wp-image-1025 size-full\" src=\"https:\/\/project.inria.fr\/cominlabs\/files\/2020\/11\/8-Logo_Universite\u0301_Rennes_1.png\" alt=\"\" width=\"186\" height=\"136\" srcset=\"https:\/\/project.inria.fr\/cominlabs\/files\/2020\/11\/8-Logo_Universite\u0301_Rennes_1.png 186w, https:\/\/project.inria.fr\/cominlabs\/files\/2020\/11\/8-Logo_Universite\u0301_Rennes_1-150x110.png 150w\" sizes=\"auto, (max-width: 186px) 100vw, 186px\" \/><\/a> <a href=\"https:\/\/www.univ-rennes2.fr\/\" target=\"_blank\" rel=\"noopener\"><img loading=\"lazy\" decoding=\"async\" class=\"alignnone wp-image-1026 size-full\" src=\"https:\/\/project.inria.fr\/cominlabs\/files\/2020\/11\/9-Univ_Rennes-2_logo.png\" alt=\"\" width=\"186\" height=\"136\" srcset=\"https:\/\/project.inria.fr\/cominlabs\/files\/2020\/11\/9-Univ_Rennes-2_logo.png 186w, https:\/\/project.inria.fr\/cominlabs\/files\/2020\/11\/9-Univ_Rennes-2_logo-150x110.png 150w\" sizes=\"auto, (max-width: 186px) 100vw, 186px\" \/><\/a> <a href=\"https:\/\/www.univ-brest.fr\/\" target=\"_blank\" rel=\"noopener\"><img loading=\"lazy\" decoding=\"async\" class=\"alignnone wp-image-1027 size-full\" src=\"https:\/\/project.inria.fr\/cominlabs\/files\/2020\/11\/10-UBO_logo.png\" alt=\"\" width=\"186\" height=\"136\" srcset=\"https:\/\/project.inria.fr\/cominlabs\/files\/2020\/11\/10-UBO_logo.png 186w, https:\/\/project.inria.fr\/cominlabs\/files\/2020\/11\/10-UBO_logo-150x110.png 150w\" sizes=\"auto, (max-width: 186px) 100vw, 186px\" \/><\/a> <a href=\"http:\/\/www.univ-ubs.fr\/fr\/index.html\" target=\"_blank\" rel=\"noopener\"><img loading=\"lazy\" decoding=\"async\" class=\"alignnone wp-image-1028 size-full\" src=\"https:\/\/project.inria.fr\/cominlabs\/files\/2020\/11\/11-UBS_logo.png\" alt=\"\" width=\"186\" height=\"137\" srcset=\"https:\/\/project.inria.fr\/cominlabs\/files\/2020\/11\/11-UBS_logo.png 186w, https:\/\/project.inria.fr\/cominlabs\/files\/2020\/11\/11-UBS_logo-150x110.png 150w\" sizes=\"auto, (max-width: 186px) 100vw, 186px\" \/><\/a> <a href=\"http:\/\/www.cnrs.fr\/index.php\" target=\"_blank\" rel=\"noopener\"><img loading=\"lazy\" decoding=\"async\" class=\"alignnone wp-image-1029 size-full\" src=\"https:\/\/project.inria.fr\/cominlabs\/files\/2020\/11\/12-CNRS_logo.png\" alt=\"\" width=\"186\" height=\"137\" srcset=\"https:\/\/project.inria.fr\/cominlabs\/files\/2020\/11\/12-CNRS_logo.png 186w, https:\/\/project.inria.fr\/cominlabs\/files\/2020\/11\/12-CNRS_logo-150x110.png 150w\" sizes=\"auto, (max-width: 186px) 100vw, 186px\" \/><\/a> <a href=\"https:\/\/www.inserm.fr\/\" target=\"_blank\" rel=\"noopener\"><img loading=\"lazy\" decoding=\"async\" class=\"alignnone wp-image-1030 size-full\" src=\"https:\/\/project.inria.fr\/cominlabs\/files\/2020\/11\/13-Inserm_logo.png\" alt=\"\" width=\"186\" height=\"137\" srcset=\"https:\/\/project.inria.fr\/cominlabs\/files\/2020\/11\/13-Inserm_logo.png 186w, https:\/\/project.inria.fr\/cominlabs\/files\/2020\/11\/13-Inserm_logo-150x110.png 150w\" sizes=\"auto, (max-width: 186px) 100vw, 186px\" \/><\/a> <a href=\"https:\/\/www.imt-atlantique.fr\/fr\" target=\"_blank\" rel=\"noopener\"><img loading=\"lazy\" decoding=\"async\" class=\"alignnone wp-image-1031 size-full\" src=\"https:\/\/project.inria.fr\/cominlabs\/files\/2020\/11\/14-Logo_Mines_Nantes.png\" alt=\"\" width=\"186\" height=\"137\" srcset=\"https:\/\/project.inria.fr\/cominlabs\/files\/2020\/11\/14-Logo_Mines_Nantes.png 186w, https:\/\/project.inria.fr\/cominlabs\/files\/2020\/11\/14-Logo_Mines_Nantes-150x110.png 150w\" sizes=\"auto, (max-width: 186px) 100vw, 186px\" \/><\/a> <a href=\"https:\/\/www.centralesupelec.fr\/\" target=\"_blank\" rel=\"noopener\"><img loading=\"lazy\" decoding=\"async\" class=\"alignnone wp-image-1032 size-full\" src=\"https:\/\/project.inria.fr\/cominlabs\/files\/2020\/11\/15-.png\" alt=\"\" width=\"186\" height=\"137\" srcset=\"https:\/\/project.inria.fr\/cominlabs\/files\/2020\/11\/15-.png 186w, https:\/\/project.inria.fr\/cominlabs\/files\/2020\/11\/15--150x110.png 150w\" sizes=\"auto, (max-width: 186px) 100vw, 186px\" \/><\/a> <a href=\"http:\/\/www.ens-rennes.fr\/\" target=\"_blank\" rel=\"noopener\"><img loading=\"lazy\" decoding=\"async\" class=\"alignnone wp-image-1033 size-full\" src=\"https:\/\/project.inria.fr\/cominlabs\/files\/2020\/11\/16-ENS-logo.png\" alt=\"\" width=\"186\" height=\"136\" srcset=\"https:\/\/project.inria.fr\/cominlabs\/files\/2020\/11\/16-ENS-logo.png 186w, https:\/\/project.inria.fr\/cominlabs\/files\/2020\/11\/16-ENS-logo-150x110.png 150w\" sizes=\"auto, (max-width: 186px) 100vw, 186px\" \/><\/a> <a href=\"https:\/\/www.insa-rennes.fr\/\" target=\"_blank\" rel=\"noopener\"><img loading=\"lazy\" decoding=\"async\" class=\"alignnone wp-image-1034 size-full\" src=\"https:\/\/project.inria.fr\/cominlabs\/files\/2020\/11\/17-logo_lnsa.png\" alt=\"\" width=\"186\" height=\"136\" srcset=\"https:\/\/project.inria.fr\/cominlabs\/files\/2020\/11\/17-logo_lnsa.png 186w, https:\/\/project.inria.fr\/cominlabs\/files\/2020\/11\/17-logo_lnsa-150x110.png 150w\" sizes=\"auto, (max-width: 186px) 100vw, 186px\" \/><\/a> <a href=\"https:\/\/polytech.univ-nantes.fr\/fr\/une-ecole-sur-3-campus\/actualites\/universite-nantes-angers-le-mans-le-pole-de-recherche-et-denseignement-superieur-regional-pres-unam\" target=\"_blank\" rel=\"noopener\"><img loading=\"lazy\" decoding=\"async\" class=\"alignnone wp-image-1035 size-full\" src=\"https:\/\/project.inria.fr\/cominlabs\/files\/2020\/11\/18-logo_lunam.png\" alt=\"\" width=\"186\" height=\"136\" srcset=\"https:\/\/project.inria.fr\/cominlabs\/files\/2020\/11\/18-logo_lunam.png 186w, https:\/\/project.inria.fr\/cominlabs\/files\/2020\/11\/18-logo_lunam-150x110.png 150w\" sizes=\"auto, (max-width: 186px) 100vw, 186px\" \/><\/a><\/p>\n","protected":false},"excerpt":{"rendered":"<p>Le Labex CominLabs organise le 24 juin prochain au Centre Inria \u00e0 Rennes une journ\u00e9e SHS et Num\u00e9rique. Elle consistera en un ensemble de pr\u00e9sentations\u2026<\/p>\n<p> <a class=\"continue-reading-link\" href=\"https:\/\/project.inria.fr\/cominlabs\/journee-numerique-2015\/\"><span>Continue reading<\/span><i class=\"crycon-right-dir\"><\/i><\/a> <\/p>\n","protected":false},"author":1611,"featured_media":0,"parent":0,"menu_order":0,"comment_status":"closed","ping_status":"closed","template":"","meta":{"footnotes":""},"class_list":["post-276","page","type-page","status-publish","hentry"],"_links":{"self":[{"href":"https:\/\/project.inria.fr\/cominlabs\/wp-json\/wp\/v2\/pages\/276","targetHints":{"allow":["GET"]}}],"collection":[{"href":"https:\/\/project.inria.fr\/cominlabs\/wp-json\/wp\/v2\/pages"}],"about":[{"href":"https:\/\/project.inria.fr\/cominlabs\/wp-json\/wp\/v2\/types\/page"}],"author":[{"embeddable":true,"href":"https:\/\/project.inria.fr\/cominlabs\/wp-json\/wp\/v2\/users\/1611"}],"replies":[{"embeddable":true,"href":"https:\/\/project.inria.fr\/cominlabs\/wp-json\/wp\/v2\/comments?post=276"}],"version-history":[{"count":8,"href":"https:\/\/project.inria.fr\/cominlabs\/wp-json\/wp\/v2\/pages\/276\/revisions"}],"predecessor-version":[{"id":2034,"href":"https:\/\/project.inria.fr\/cominlabs\/wp-json\/wp\/v2\/pages\/276\/revisions\/2034"}],"wp:attachment":[{"href":"https:\/\/project.inria.fr\/cominlabs\/wp-json\/wp\/v2\/media?parent=276"}],"curies":[{"name":"wp","href":"https:\/\/api.w.org\/{rel}","templated":true}]}}