

{"id":19,"date":"2014-12-08T22:26:17","date_gmt":"2014-12-08T22:26:17","guid":{"rendered":"https:\/\/compsysbio.inria.fr\/?page_id=19"},"modified":"2021-11-22T12:27:03","modified_gmt":"2021-11-22T11:27:03","slug":"program","status":"publish","type":"page","link":"https:\/\/project.inria.fr\/compsysbio2021\/program\/","title":{"rendered":"Program"},"content":{"rendered":"<p>The program can be found <a href=\"http:\/\/project.inria.fr\/compsysbio2021\/files\/2021\/11\/Program_CompSysBio2021_11-17.pdf\">HERE<\/a>.<\/p>\n<h4>Plenary lectures<\/h4>\n<h5><strong>Lectures<\/strong><\/h5>\n<h6><strong><a href=\"https:\/\/homepages.warwick.ac.uk\/staff\/M.Asally\/\">Munehiro Asally<\/a><\/strong><br \/>\n<em>Electrical signalling in bacteria<\/em><\/h6>\n<h6><strong><a href=\"https:\/\/www.epfl.ch\/labs\/bitbol-lab\/\">Anne-Florence Bitbol<\/a><\/strong><br \/>\n<em>Inferring interaction partners and evolutionary constraints from protein sequences<\/em><\/h6>\n<h6><strong><a href=\"http:\/\/www.cvijoviclab.org\/\">Marija Cvijovic<\/a><\/strong><br \/>\n<em>Understand ageing in unicellular organisms: a systems biology approach<\/em><\/h6>\n<h6><em><strong><a href=\"http:\/\/grimagroup.bio.ed.ac.uk\/\">Ramon Grima<\/a><\/strong><\/em><br \/>\n<em>Building realistic models of stochastic gene expression<\/em><\/h6>\n<h6><strong><a href=\"https:\/\/www.jic.ac.uk\/people\/martin-howard\/\">Martin Howard<\/a><\/strong><br \/>\n<em>Dissecting epigenetic switching and memory using mathematical modelling and experiments<\/em><\/h6>\n<h6><strong><a href=\"https:\/\/www.slcu.cam.ac.uk\/people\/jonsson-henrik\">Henrik Jonsson<\/a><\/strong><br \/>\n<em>Multi-scale models of plant development<\/em><\/h6>\n<h6><strong><a href=\"https:\/\/www.caesar.de\/en\/research\/groups\/cellular-computations-and-learning\/research-focus-ccl-eng.html\">Aneta Koseska<\/a><\/strong><br \/>\n<em>Principles of biochemical computations at criticality<\/em><\/h6>\n<h6><strong><a href=\"https:\/\/www.nbi.ku.dk\/english\/staff\/?pure=en\/persons\/370970\">Ala Trusina<\/a><\/strong><br \/>\n<em>Bridging cell polarities with development of robust morphologies<\/em><\/h6>\n<h6><strong><a href=\"https:\/\/www.jesus.ox.ac.uk\/people\/dr-berta-verd\">Berta Verd<\/a><\/strong><br \/>\n<em>Live-modelling the temporal regulation of mesoderm specification<\/em><\/h6>\n<h6><strong><a href=\"http:\/\/www.youklab.org\/\"><strong><span class=\"author-a-qgz85zz70zdmb2tb0z82z5z77z9t b\">Hyun Youk<\/span><\/strong><\/a><\/strong><br \/>\n<em>At the cusp of life: Single-cell studies of bi-directional transitions between life and &#8220;death&#8221;<\/em><\/h6>\n<h5><strong>Afternoon blackboard teaching and hands-on sessions<\/strong><\/h5>\n<h6><strong><a href=\"https:\/\/www.ibens.ens.fr\/spip.php?rubrique27\" target=\"_blank\" rel=\"noopener\">Denis Thieffry<\/a><\/strong><br \/>\n<em>Logical modeling of cellular networks<\/em><\/h6>\n<h6><strong><a href=\"https:\/\/team.inria.fr\/ibis\/hidde-de-jong\/\" target=\"_blank\" rel=\"noopener\">Hidde de Jong<\/a><\/strong><br \/>\n<em>Dynamic models integrating metabolism and gene expression<\/em><\/h6>\n<h6><strong><a href=\"http:\/\/genome.jouy.inra.fr\/~agoelzer\/\" target=\"_blank\" rel=\"noopener\">Anne Goelzer<\/a><\/strong><br \/>\n<em>Computing resource allocation of the cell<\/em><\/h6>\n<h6><strong><a href=\"https:\/\/www2.ulb.ac.be\/sciences\/utc\/dgonze.html\" target=\"_blank\" rel=\"noopener\">Didier Gonze<\/a><\/strong><br \/>\n<em>Multistability, bifurcation, and differentiation<\/em><\/h6>\n<h6><strong><a href=\"http:\/\/genome.jouy.inra.fr\/~wliebermeis\/index_en.html\" target=\"_blank\" rel=\"noopener\">Wolfram Liebermeister<\/a><\/strong><br \/>\n<em>Enzyme economy in metabolic models<\/em><\/h6>\n<h6><strong><a href=\"https:\/\/www.slcu.cam.ac.uk\/people\/francois-nedelec\" target=\"_blank\" rel=\"noopener\">Fran\u00e7ois N\u00e9d\u00e9lec<\/a><\/strong><br \/>\n<em>Simulation of intracellular mechanics<\/em><\/h6>\n<h6><strong><a href=\"https:\/\/www.weizmann.ac.il\/plants\/Milo\/group-members\" target=\"_blank\" rel=\"noopener\">Elad Noor<\/a><\/strong><br \/>\n<em>The laws of thermodynamics: applications in models of metabolism<\/em><\/h6>\n<h6><strong><a href=\"https:\/\/www.imperial.ac.uk\/people\/andrea.weisse\" target=\"_blank\" rel=\"noopener\">Andrea Weisse<\/a><\/strong><br \/>\n<i>Modeling\u00a0cellular growth<\/i><\/h6>\n<p><\/p>","protected":false},"excerpt":{"rendered":"<p>The program can be found HERE. Plenary lectures Lectures Munehiro Asally Electrical signalling in bacteria Anne-Florence Bitbol Inferring interaction partners and evolutionary constraints from protein sequences Marija Cvijovic Understand ageing in unicellular organisms: a systems biology approach Ramon Grima Building realistic models of stochastic gene expression Martin Howard Dissecting epigenetic\u2026<\/p>\n<p> <a class=\"continue-reading-link\" href=\"https:\/\/project.inria.fr\/compsysbio2021\/program\/\"><span>Continue reading<\/span><i class=\"crycon-right-dir\"><\/i><\/a> <\/p>\n","protected":false},"author":935,"featured_media":0,"parent":0,"menu_order":0,"comment_status":"closed","ping_status":"closed","template":"","meta":{"footnotes":""},"class_list":["post-19","page","type-page","status-publish","hentry"],"_links":{"self":[{"href":"https:\/\/project.inria.fr\/compsysbio2021\/wp-json\/wp\/v2\/pages\/19","targetHints":{"allow":["GET"]}}],"collection":[{"href":"https:\/\/project.inria.fr\/compsysbio2021\/wp-json\/wp\/v2\/pages"}],"about":[{"href":"https:\/\/project.inria.fr\/compsysbio2021\/wp-json\/wp\/v2\/types\/page"}],"author":[{"embeddable":true,"href":"https:\/\/project.inria.fr\/compsysbio2021\/wp-json\/wp\/v2\/users\/935"}],"replies":[{"embeddable":true,"href":"https:\/\/project.inria.fr\/compsysbio2021\/wp-json\/wp\/v2\/comments?post=19"}],"version-history":[{"count":64,"href":"https:\/\/project.inria.fr\/compsysbio2021\/wp-json\/wp\/v2\/pages\/19\/revisions"}],"predecessor-version":[{"id":894,"href":"https:\/\/project.inria.fr\/compsysbio2021\/wp-json\/wp\/v2\/pages\/19\/revisions\/894"}],"wp:attachment":[{"href":"https:\/\/project.inria.fr\/compsysbio2021\/wp-json\/wp\/v2\/media?parent=19"}],"curies":[{"name":"wp","href":"https:\/\/api.w.org\/{rel}","templated":true}]}}