

{"id":68,"date":"2020-10-09T18:25:37","date_gmt":"2020-10-09T16:25:37","guid":{"rendered":"https:\/\/project.inria.fr\/daterac\/?page_id=68"},"modified":"2025-01-15T10:11:48","modified_gmt":"2025-01-15T09:11:48","slug":"publications","status":"publish","type":"page","link":"https:\/\/project.inria.fr\/daterac\/publications\/","title":{"rendered":"Publications"},"content":{"rendered":"<p><strong>International Conference Papers<\/strong><\/p>\n<ol>\n<li>C. Raguenes, E. Fourn, C. Quendo, R. Allanic, D. Le Berre, &#8220;Tunable feeding network for beam steeringapplications based on chalcogenide material&#8221;, IEEE International Conference on Antenna Measurements and Applications (2023 IEEE CAMA)&#8221;, Genoa, Italy, Nov. 2023, DOI: 10.1109\/CAMA57522.2023.10352778, <a href=\"https:\/\/hal.science\/hal-04385171\">hal-04385171<\/a>.<\/li>\n<li>C. Raguenes, Y. Amara, E. Fourn, D. Le Berre, C. Quendo, R. Allanic, C. Paranthoen, M. Perrin, V. Nazabal, A. Benardais, L. Calvez, R. Gillard, N. Martin, C. Levallois, \u201cMulti-reconfiguration of microwave Antennas and Circuits with Independent Electrical and Optical controls\u201d, 2024 European Microwave Week (EuMW), Workshop on Reconfigurable Devices Using New Materials and Technologies, Paris, Sept. 2024.<\/li>\n<\/ol>\n<p><strong>International Invited Papers<\/strong><\/p>\n<ol>\n<li>E. Fourn, &#8220;Towards multiple reconfigurations of microwave circuits and antennas by mixing substrate-integrated semi-conductor junctions and phase change materials&#8221;, Tunable Metasurface Workshop, Queen Mary University of London, 26th March 2024.<\/li>\n<\/ol>\n<p><strong>National Conference Papers<\/strong><\/p>\n<ol>\n<li>C. Raguenes, E. Fourn, D. Le Berre, C. Quendo, R. Allanic, C. Paranthoen, M. Perrin, V. Nazabal, A. Benardais, L. Calvez, &#8220;Filtre reconfigurable passe-bande \/ coupebande \u00e0 base de couches minces de chalcog\u00e9nure,&#8221; French Microwave National Days &#8220;XXIII\u00e8mes Journ\u00e9es Nationales Micro-ondes (JNM 2024)&#8221;<span style=\"font-size: revert;\">, Antibes Juan-Les-Pins, France, June 2024.<\/span><\/li>\n<li>C. Raguenes, E. Fourn, C. Quendo, R. Allanic, D. Le Berre, &#8220;Application de verres de chalcog\u00e9nure \u00e0 la reconfiguration de filtres DBR&#8221;, French Microwave National Days &#8220;XXII\u00e8mes Journ\u00e9es Nationales Micro-ondes (JNM 2022)&#8221;, Limoges, June 2022, <a href=\"https:\/\/hal.science\/hal-03986677\">hal-03986677<\/a>.<\/li>\n<li>Y. Amara, R. Allanic, D. Le Berre, C. Quendo, E. Fourn, &#8220;R\u00e9sonateur reconfigurable \u00e0 base de lignes coupl\u00e9es \u00e0 \u00e9l\u00e9ments d&#8217;accord int\u00e9gr\u00e9s sur substrat silicium&#8221;, French Microwave National Days &#8220;XXII\u00e8mes Journ\u00e9es Nationales Micro-ondes (JNM 2022)&#8221;, Limoges, June 2022.<\/li>\n<\/ol>\n","protected":false},"excerpt":{"rendered":"<p>International Conference Papers C. Raguenes, E. Fourn, C. Quendo, R. Allanic, D. Le Berre, &#8220;Tunable feeding network for beam steeringapplications based on chalcogenide material&#8221;, IEEE\u2026<\/p>\n<p> <a class=\"continue-reading-link\" href=\"https:\/\/project.inria.fr\/daterac\/publications\/\"><span>Continue reading<\/span><i class=\"crycon-right-dir\"><\/i><\/a> <\/p>\n","protected":false},"author":1885,"featured_media":0,"parent":0,"menu_order":0,"comment_status":"closed","ping_status":"closed","template":"","meta":{"footnotes":""},"class_list":["post-68","page","type-page","status-publish","hentry"],"_links":{"self":[{"href":"https:\/\/project.inria.fr\/daterac\/wp-json\/wp\/v2\/pages\/68","targetHints":{"allow":["GET"]}}],"collection":[{"href":"https:\/\/project.inria.fr\/daterac\/wp-json\/wp\/v2\/pages"}],"about":[{"href":"https:\/\/project.inria.fr\/daterac\/wp-json\/wp\/v2\/types\/page"}],"author":[{"embeddable":true,"href":"https:\/\/project.inria.fr\/daterac\/wp-json\/wp\/v2\/users\/1885"}],"replies":[{"embeddable":true,"href":"https:\/\/project.inria.fr\/daterac\/wp-json\/wp\/v2\/comments?post=68"}],"version-history":[{"count":9,"href":"https:\/\/project.inria.fr\/daterac\/wp-json\/wp\/v2\/pages\/68\/revisions"}],"predecessor-version":[{"id":227,"href":"https:\/\/project.inria.fr\/daterac\/wp-json\/wp\/v2\/pages\/68\/revisions\/227"}],"wp:attachment":[{"href":"https:\/\/project.inria.fr\/daterac\/wp-json\/wp\/v2\/media?parent=68"}],"curies":[{"name":"wp","href":"https:\/\/api.w.org\/{rel}","templated":true}]}}