

{"id":70,"date":"2020-10-09T18:25:45","date_gmt":"2020-10-09T16:25:45","guid":{"rendered":"https:\/\/project.inria.fr\/daterac\/?page_id=70"},"modified":"2022-03-04T14:20:19","modified_gmt":"2022-03-04T13:20:19","slug":"team-members","status":"publish","type":"page","link":"https:\/\/project.inria.fr\/daterac\/team-members\/","title":{"rendered":"Team members"},"content":{"rendered":"<p>Two academic partners (<a href=\"https:\/\/www.ietr.fr\/?lang=en\">IETR<\/a> and <a href=\"https:\/\/www.labsticc.fr\/en\/index\/\">Lab-STICC<\/a>) are directly involved in DATERAC project. Two others academic ones (<a href=\"https:\/\/iscr.univ-rennes1.fr\">ISCR<\/a> and <a href=\"https:\/\/greman.univ-tours.fr\/greman-1\">GREMAN<\/a>) and an industrial one (<a href=\"https:\/\/www.thalesgroup.com\/en\">Thales<\/a> OME LAS) will help them to complete it since the beginning.\u00a0Since the end of 2021, another academic partner (<a href=\"http:\/\/foton.cnrs.fr\/v2016\/?lang=en\">FOTON Institute<\/a>) has joined us and brings us its expertise in terms of laser sources and an access to the Nano-Rennes micro- and nano-fabrication platform.<\/p>\n<p><strong>IETR:<\/strong><\/p>\n<ul>\n<li><a href=\"https:\/\/www.ietr.fr\/spip.php?auteur330\">Erwan FOURN<\/a>, Associate-Professor, INSA Rennes<\/li>\n<li><a href=\"https:\/\/www.ietr.fr\/clement-raguenes\">Cl\u00e9ment RAGUENES<\/a>, PhD student, INSA Rennes<\/li>\n<\/ul>\n<p><strong>Lab-STICC:<\/strong><\/p>\n<ul>\n<li><a href=\"https:\/\/www.labsticc.fr\/en\/teams-members\/730-allanic-rozenn.htm\">Rozenn ALLANIC<\/a>, Researcher, University of Brest<\/li>\n<li><a href=\"https:\/\/labsticc.fr\/fr\/annuaire\/amara-youcef\">Youcef AMARA<\/a>, PhD Student, University of Brest<\/li>\n<li><a href=\"https:\/\/www.labsticc.fr\/en\/teams-members\/330-le-berre-denis.htm\">Denis LE BERRE<\/a>, Associate-Professor, University of Brest<\/li>\n<li><a href=\"https:\/\/www.labsticc.fr\/en\/teams-members\/484-quendo-cedric.htm\">C\u00e9dric QUENDO<\/a>, Professor, University of Brest<\/li>\n<\/ul>\n<p><strong>ISCR:<\/strong><\/p>\n<ul>\n<li><a href=\"https:\/\/iscr.univ-rennes1.fr\/laurent-calvez\">Laurent CALVEZ<\/a>, Professor, University of Rennes 1<\/li>\n<li><a href=\"https:\/\/iscr.univ-rennes1.fr\/virginie-nazabal\">Virginie NAZABAL<\/a>, Research Director, CNRS<\/li>\n<\/ul>\n<p><strong>GREMAN:<\/strong><\/p>\n<ul>\n<li>J\u00e9r\u00f4me BILLOU\u00c9, <a href=\"https:\/\/certem.univ-tours.fr\/certem-1\">CERTeM<\/a> Scientific Director, University of Tours<\/li>\n<\/ul>\n<p><strong>THALES OME LAS:<\/strong><\/p>\n<ul>\n<li>Aude LEULIET, Engineer, THALES OME LAS<\/li>\n<\/ul>\n<p><strong>FOTON Institute:<\/strong><\/p>\n<ul>\n<li><a href=\"http:\/\/foton.cnrs.fr\/v2016\/article134.html\">Cyril PARANTHOEN<\/a>, Associate-Professor, INSA Rennes<\/li>\n<\/ul>\n","protected":false},"excerpt":{"rendered":"<p>Two academic partners (IETR and Lab-STICC) are directly involved in DATERAC project. Two others academic ones (ISCR and GREMAN) and an industrial one (Thales OME\u2026<\/p>\n<p> <a class=\"continue-reading-link\" href=\"https:\/\/project.inria.fr\/daterac\/team-members\/\"><span>Continue reading<\/span><i class=\"crycon-right-dir\"><\/i><\/a> <\/p>\n","protected":false},"author":1754,"featured_media":0,"parent":0,"menu_order":0,"comment_status":"closed","ping_status":"closed","template":"","meta":{"footnotes":""},"class_list":["post-70","page","type-page","status-publish","hentry"],"_links":{"self":[{"href":"https:\/\/project.inria.fr\/daterac\/wp-json\/wp\/v2\/pages\/70","targetHints":{"allow":["GET"]}}],"collection":[{"href":"https:\/\/project.inria.fr\/daterac\/wp-json\/wp\/v2\/pages"}],"about":[{"href":"https:\/\/project.inria.fr\/daterac\/wp-json\/wp\/v2\/types\/page"}],"author":[{"embeddable":true,"href":"https:\/\/project.inria.fr\/daterac\/wp-json\/wp\/v2\/users\/1754"}],"replies":[{"embeddable":true,"href":"https:\/\/project.inria.fr\/daterac\/wp-json\/wp\/v2\/comments?post=70"}],"version-history":[{"count":6,"href":"https:\/\/project.inria.fr\/daterac\/wp-json\/wp\/v2\/pages\/70\/revisions"}],"predecessor-version":[{"id":104,"href":"https:\/\/project.inria.fr\/daterac\/wp-json\/wp\/v2\/pages\/70\/revisions\/104"}],"wp:attachment":[{"href":"https:\/\/project.inria.fr\/daterac\/wp-json\/wp\/v2\/media?parent=70"}],"curies":[{"name":"wp","href":"https:\/\/api.w.org\/{rel}","templated":true}]}}