

{"id":180,"date":"2019-02-04T10:38:48","date_gmt":"2019-02-04T09:38:48","guid":{"rendered":"https:\/\/project.inria.fr\/digitalbrain\/?page_id=180"},"modified":"2019-04-26T15:37:48","modified_gmt":"2019-04-26T13:37:48","slug":"about","status":"publish","type":"page","link":"https:\/\/project.inria.fr\/digitalbrain\/about\/","title":{"rendered":"About"},"content":{"rendered":"<p><\/p>\n<h3 style=\"margin-top:50px\">Aramis Team<\/p>\n<h3>\n<p lang=\"fr\" style=\"margin: 0in; text-align: justify;\">The results presented are the outcome of a strong inter-disciplinary research effort within the <a href=\"http:\/\/www.aramislab.fr\">AramisLab<\/a> (<a href=\"https:\/\/www.inria.fr\/en\/\">Inria<\/a> and <a href=\"https:\/\/icm-institute.org\/en\/\">ICM Institute<\/a>) based at the Piti\u00e9-Salp\u00e9tri\u00e8re Hospital in Paris:<\/p>\n<h3 style=\"margin-top:50px\">Contributors<\/h3>\n<div>\n<div style=\"float: left; width:50%\">\n<div><strong>Mathematics &amp; Computer Science<\/strong><\/div>\n<ul>\n<li>S. Allassonni\u00e8re, PhD<\/li>\n<li>A. B\u00f4ne<\/li>\n<li>N. Burgos, PhD<\/li>\n<li>B. Charlier, PhD<\/li>\n<li>O. Colliot, PhD<\/li>\n<li><a href=\"https:\/\/who.rocq.inria.fr\/Stanley.Durrleman\/\">S. Durrleman,<\/a> PhD (coordinator)<\/li>\n<li>I. Koval<\/li>\n<li>M. Louis<\/li>\n<\/ul>\n<\/div>\n<div style=\"float: left; width:50%\">\n<div><strong>Neurology &amp; Neuroradiology<\/strong><\/div>\n<ul>\n<li>A. Bertrand, MD, PhD<\/li>\n<li>S. Epelbaum, MD, PhD<\/li>\n<\/ul>\n<div><strong>Data Management &amp; Processing<\/strong><\/div>\n<ul>\n<li>S. Bottani<\/li>\n<li>A. Marcoux<\/li>\n<li>J. Samper-Gonz\u00e0lez<\/li>\n<\/ul>\n<div><strong>Software Engineering &amp; Web Development<\/strong><\/div>\n<ul>\n<li>P. Boursin<\/li>\n<li>B. Martin<\/li>\n<\/ul>\n<\/div>\n<\/div>\n<h3 style=\"margin-top:50px\">Contact<\/h3>\n<p>stanley [dot] durrleman [at] inria [dot] fr<\/p>\n<h3  style=\"margin-top:50px\">Acknowledgments<\/h3>\n<p lang=\"fr\" style=\"margin: 0in; text-align: justify;\">This project has been supported in part by the European Research Council (project LEASP under grant agreement No 678304), European Union\u2019s Horizon 2020 research and innovation programme (project EuroPOND under grant agreement No 666992), Agence Nationale pour la Recherche (project IHU under grant agreement No ANR-10-IAIHU-06) and institutional funding from Inria and ICM Institute.<\/p>\n<div>\n<p lang=\"fr\"><img loading=\"lazy\" decoding=\"async\" class=\"aligncenter wp-image-141 size-full\" src=\"https:\/\/project.inria.fr\/digitalbrain\/files\/2018\/07\/5logos.png\" alt=\"\" width=\"720\" height=\"111\" srcset=\"https:\/\/project.inria.fr\/digitalbrain\/files\/2018\/07\/5logos.png 720w, https:\/\/project.inria.fr\/digitalbrain\/files\/2018\/07\/5logos-300x46.png 300w, https:\/\/project.inria.fr\/digitalbrain\/files\/2018\/07\/5logos-150x23.png 150w\" sizes=\"auto, (max-width: 720px) 100vw, 720px\" \/><\/p>\n<\/div>\n<p><\/p>","protected":false},"excerpt":{"rendered":"<p>Aramis Team The results presented are the outcome of a strong inter-disciplinary research effort within the AramisLab (Inria and ICM Institute) based at the Piti\u00e9-Salp\u00e9tri\u00e8re Hospital in Paris: Contributors Mathematics &amp; Computer Science S. Allassonni\u00e8re, PhD A. B\u00f4ne N. Burgos, PhD B. Charlier, PhD O. Colliot, PhD S. Durrleman, PhD\u2026<\/p>\n<p> <a class=\"continue-reading-link\" href=\"https:\/\/project.inria.fr\/digitalbrain\/about\/\"><span>Continue reading<\/span><i class=\"crycon-right-dir\"><\/i><\/a> <\/p>\n","protected":false},"author":1511,"featured_media":0,"parent":0,"menu_order":0,"comment_status":"closed","ping_status":"closed","template":"","meta":{"footnotes":""},"class_list":["post-180","page","type-page","status-publish","hentry"],"_links":{"self":[{"href":"https:\/\/project.inria.fr\/digitalbrain\/wp-json\/wp\/v2\/pages\/180","targetHints":{"allow":["GET"]}}],"collection":[{"href":"https:\/\/project.inria.fr\/digitalbrain\/wp-json\/wp\/v2\/pages"}],"about":[{"href":"https:\/\/project.inria.fr\/digitalbrain\/wp-json\/wp\/v2\/types\/page"}],"author":[{"embeddable":true,"href":"https:\/\/project.inria.fr\/digitalbrain\/wp-json\/wp\/v2\/users\/1511"}],"replies":[{"embeddable":true,"href":"https:\/\/project.inria.fr\/digitalbrain\/wp-json\/wp\/v2\/comments?post=180"}],"version-history":[{"count":20,"href":"https:\/\/project.inria.fr\/digitalbrain\/wp-json\/wp\/v2\/pages\/180\/revisions"}],"predecessor-version":[{"id":232,"href":"https:\/\/project.inria.fr\/digitalbrain\/wp-json\/wp\/v2\/pages\/180\/revisions\/232"}],"wp:attachment":[{"href":"https:\/\/project.inria.fr\/digitalbrain\/wp-json\/wp\/v2\/media?parent=180"}],"curies":[{"name":"wp","href":"https:\/\/api.w.org\/{rel}","templated":true}]}}