

{"id":101,"date":"2018-12-13T10:48:38","date_gmt":"2018-12-13T09:48:38","guid":{"rendered":"https:\/\/project.inria.fr\/dirtydata\/?page_id=101"},"modified":"2021-10-23T12:38:34","modified_gmt":"2021-10-23T10:38:34","slug":"team","status":"publish","type":"page","link":"https:\/\/project.inria.fr\/dirtydata\/team\/","title":{"rendered":"Team"},"content":{"rendered":"<p>The DirtyData team is multi-disciplinary. Composed of mathematicians, computer scientists, software engineers, and industry data scientists.<\/p>\n<h3>Partners<\/h3>\n<ul>\n<li><a href=\"https:\/\/team.inria.fr\/parietal\/\">INRIA, parietal team<\/a><\/li>\n<li><a href=\"https:\/\/portail.polytechnique.edu\/cmap\/fr\">Polytechnique, CMAP<\/a><\/li>\n<li><a href=\"https:\/\/www.sidetrade.com\/products\/acquisition\">Data Publica<\/a><\/li>\n<li><a href=\"https:\/\/appstat.lal.in2p3.fr\/\">Laboratoire de l&#8217;acc\u00e9lerateur lin\u00e9aire, AppStat group<\/a><\/li>\n<li><a href=\"https:\/\/dig.telecom-paristech.fr\">T\u00e9l\u00e9com ParisTech Institut Mines-T\u00e9l\u00e9com &#8211; Data, Intelligence and Graphs group <\/a><\/li>\n<\/ul>\n<h3>Senior members<\/h3>\n<ul>\n<li><a href=\"http:\/\/gael-varoquaux.info\">Gael Varoquaux<\/a> &#8211; INRIA, research director, PI of the DirtyData project<\/li>\n<li><a href=\"https:\/\/marinelm.github.io\/\">Marine Le Morvan<\/a> &#8211; INRIA, tenured researcher. Working on supervised learning with missing values.<\/li>\n<li><a href=\"http:\/\/juliejosse.com\">Julie Josse<\/a> &#8211; INRIA Montpellier, senior researcher<\/li>\n<li><a href=\"https:\/\/erwanscornet.github.io\">Erwan Scornet<\/a> &#8211; CMAP, researcher<\/li>\n<li><a href=\"https:\/\/suchanek.name\/\">Fabian Suchanek<\/a> &#8211; T\u00e9l\u00e9com Paritech, professor<\/li>\n<li><a href=\"https:\/\/clementc.github.io\/pages\/about.html\">Cl\u00e9ment Chastagnol<\/a> &#8211; Sidetrade, head of data science<\/li>\n<\/ul>\n<h3>Junior members<\/h3>\n<ul>\n<li>B\u00e9n\u00e9dicte Colnet &#8211;\u00a0INRIA, PhD student. Working on causal inference.<\/li>\n<li><a href=\"https:\/\/straymat.gitlab.io\/matDou_pages\/\">Matthieu Doutreligne<\/a> &#8211; INRIA-HAS, PhD student. Working on transfer learning for public health.<\/li>\n<li>Alexis Cvetkov-Iliev &#8211; INRIA, PhD student. Working on statistical analysis across relational databases with embeddings.<\/li>\n<li>Leo Grinsztajn &#8211; INRIA, PhD Student. Working on neural networks for tabular and relational data<\/li>\n<li>Alexandre Perez &#8211; INRIA, PhD Student. Working on neural networks for classification in the presence of missing values.<\/li>\n<li><a href=\"https:\/\/lilian.boulard.fr\/\">Lilian Boulard<\/a> &#8211; INRIA, software engineering apprentice. Working on <a href=\"https:\/\/project.inria.fr\/dirtydata\/software\/\">dirty_cat<\/a>.<\/li>\n<\/ul>\n<h3>Former members<\/h3>\n<ul>\n<li><a href=\"https:\/\/www.linkedin.com\/in\/nicolas-prost\/\">Nicolas Prost<\/a> &#8211; INRIA\/CMAP, PhD student<\/li>\n<li><a href=\"https:\/\/www.linkedin.com\/in\/patricio-cerda\/\">Patricio Cerda<\/a> &#8211; INRIA, PhD student<\/li>\n<li><a href=\"https:\/\/www.linkedin.com\/in\/mcuny\/\">Maxime Cuny<\/a> &#8211; INRIA, developer intern<\/li>\n<li><a href=\"https:\/\/users.lal.in2p3.fr\/kegl\/\">Bal\u00e1zs K\u00e9gl<\/a> &#8211; CNRS, senior researcher (on leave at Huawei Data Science)<\/li>\n<\/ul>\n<h3>Associated teams<\/h3>\n<p>Many in the DirtyData project share offices and work culture with the <a href=\"https:\/\/team.inria.fr\/parietal\/\">Parietal research group<\/a>, and the <a href=\"https:\/\/scikit-learn.fondation-inria.fr\/\">scikit-learn consortium @ Inria<\/a>.<\/p>","protected":false},"excerpt":{"rendered":"<p>The DirtyData team is multi-disciplinary. Composed of mathematicians, computer scientists, software engineers, and industry data scientists. Partners INRIA, parietal team Polytechnique, CMAP Data Publica Laboratoire de l&#8217;acc\u00e9lerateur lin\u00e9aire, AppStat group T\u00e9l\u00e9com ParisTech Institut Mines-T\u00e9l\u00e9com &#8211; Data, Intelligence and Graphs group Senior members Gael Varoquaux &#8211; INRIA, research director, PI of\u2026<\/p>\n<p> <a class=\"continue-reading-link\" href=\"https:\/\/project.inria.fr\/dirtydata\/team\/\"><span>Continue reading<\/span><i class=\"crycon-right-dir\"><\/i><\/a> <\/p>\n","protected":false},"author":1508,"featured_media":0,"parent":0,"menu_order":0,"comment_status":"closed","ping_status":"closed","template":"","meta":{"footnotes":""},"class_list":["post-101","page","type-page","status-publish","hentry"],"_links":{"self":[{"href":"https:\/\/project.inria.fr\/dirtydata\/wp-json\/wp\/v2\/pages\/101","targetHints":{"allow":["GET"]}}],"collection":[{"href":"https:\/\/project.inria.fr\/dirtydata\/wp-json\/wp\/v2\/pages"}],"about":[{"href":"https:\/\/project.inria.fr\/dirtydata\/wp-json\/wp\/v2\/types\/page"}],"author":[{"embeddable":true,"href":"https:\/\/project.inria.fr\/dirtydata\/wp-json\/wp\/v2\/users\/1508"}],"replies":[{"embeddable":true,"href":"https:\/\/project.inria.fr\/dirtydata\/wp-json\/wp\/v2\/comments?post=101"}],"version-history":[{"count":33,"href":"https:\/\/project.inria.fr\/dirtydata\/wp-json\/wp\/v2\/pages\/101\/revisions"}],"predecessor-version":[{"id":244,"href":"https:\/\/project.inria.fr\/dirtydata\/wp-json\/wp\/v2\/pages\/101\/revisions\/244"}],"wp:attachment":[{"href":"https:\/\/project.inria.fr\/dirtydata\/wp-json\/wp\/v2\/media?parent=101"}],"curies":[{"name":"wp","href":"https:\/\/api.w.org\/{rel}","templated":true}]}}