

{"id":654,"date":"2017-06-21T15:29:00","date_gmt":"2017-06-21T13:29:00","guid":{"rendered":"http:\/\/project.inria.fr\/dl2017\/?page_id=654"},"modified":"2017-06-21T17:30:46","modified_gmt":"2017-06-21T15:30:46","slug":"accepted-papers","status":"publish","type":"page","link":"https:\/\/project.inria.fr\/dl2017\/program-2\/accepted-papers\/","title":{"rendered":"Accepted papers"},"content":{"rendered":"<p><span style=\"font-family: arial,helvetica,sans-serif;\"><strong>LONG PRESENTATIONS<\/strong><\/span><\/p>\n<p><span style=\"font-family: arial,helvetica,sans-serif; font-size: 10pt;\"><strong>Franz Baader, Stefan Borgwardt and Marcel Lippmann<\/strong>.\u00a0Query Rewriting for DL-Lite with n-ary Concrete Domains (Abstract)<\/span><\/p>\n<p><span style=\"font-family: arial,helvetica,sans-serif; font-size: 10pt;\"><strong>Franz Baader, Stefan Borgwardt, Patrick Koopmann, Ana Ozaki and Veronika Thost<\/strong>.\u00a0Metric Temporal Description Logics with Interval-Rigid Names (Extended Abstract)<\/span><\/p>\n<p><span style=\"font-family: arial,helvetica,sans-serif; font-size: 10pt;\"><strong>Franz Baader, Patrick Koopmann and Anni-Yasmin Turhan<\/strong>.\u00a0Using Ontologies to Query Probabilistic Numerical Data (Extended Abstract)<\/span><\/p>\n<p><span style=\"font-family: arial,helvetica,sans-serif; font-size: 10pt;\"><strong>Franz Baader, Pavlos Marantidis and Alexander Okhotin<\/strong>.\u00a0Approximate Unification in the Description Logic FL0<\/span><\/p>\n<p><span style=\"font-family: arial,helvetica,sans-serif; font-size: 10pt;\"><strong>Jean-Fran\u00e7ois Baget, Meghyn Bienvenu, Marie-Laure Mugnier and Micha\u00ebl Thomazo<\/strong>.\u00a0Answering Conjunctive Regular Path Queries over Guarded Existential Rules<\/span><\/p>\n<p><span style=\"font-family: arial,helvetica,sans-serif; font-size: 10pt;\"><strong>Labinot Bajraktari, Magdalena Ortiz and Mantas Simkus<\/strong>.\u00a0Clopen Knowledge Bases: Combining Description Logics and Answer Set Programming<\/span><\/p>\n<p><span style=\"font-family: arial,helvetica,sans-serif; font-size: 10pt;\"><strong>Michael Benedikt, Bernardo Cuenca Grau and Egor V. Kostylev<\/strong>.\u00a0Source Information Disclosure in Ontology-based Data Integration (Extended Abstract)<\/span><\/p>\n<p><span style=\"font-family: arial,helvetica,sans-serif; font-size: 10pt;\"><strong>Meghyn Bienvenu, Stanislav Kikot,\u00a0Roman Kontchakov, Vladislav Ryzhikov and\u00a0Michael Zakharyaschev.<\/strong> On the Parametrised Complexity of Tree-Shaped Ontology-Mediated Queries in OWL 2 QL<\/span><\/p>\n<p><span style=\"font-family: arial,helvetica,sans-serif; font-size: 10pt;\"><strong>Meghyn Bienvenu, Stanislav Kikot,\u00a0Roman Kontchakov, Vladislav Ryzhikov and\u00a0Michael Zakharyaschev.<\/strong> Optimal Nonrecursive Datalog Rewritings of Linear TGDs and Bounded Hypertree-Width Queries<\/span><\/p>\n<p><span style=\"font-family: arial,helvetica,sans-serif; font-size: 10pt;\"><strong>Stefan Borgwardt, Ismail Ilkan Ceylan and Thomas Lukasiewicz.<\/strong>\u00a0Ontology-Mediated Queries for Probabilistic Databases (Extended Abstract)<\/span><\/p>\n<p><span style=\"font-family: arial,helvetica,sans-serif; font-size: 10pt;\"><strong>Camille Bourgaux and Anni-Yasmin Turhan<\/strong>.\u00a0Temporal Query Answering in DL-Lite over Inconsistent Data (Extended Abstract)<\/span><\/p>\n<p><span style=\"font-family: arial,helvetica,sans-serif; font-size: 10pt;\"><strong>Markus Brenner and Birte Glimm<\/strong>.\u00a0Incremental Materialization Update via Abstraction Refinement<\/span><\/p>\n<p><span style=\"font-family: arial,helvetica,sans-serif; font-size: 10pt;\"><strong>Diego Calvanese, Marlon Dumas, Fabrizio Maria Maggi and Marco Montali<\/strong>.\u00a0Semantic DMN: Formalizing Decision Models with Domain Knowledge<\/span><\/p>\n<p><span style=\"font-family: arial,helvetica,sans-serif; font-size: 10pt;\"><strong>David Carral, Dragoste Irina and Markus Kr\u00f6tzsch<\/strong>.\u00a0Answering Conjunctive Queries for Expressive DLs with the Restricted Chase<\/span><\/p>\n<p><span style=\"font-family: arial,helvetica,sans-serif; font-size: 10pt;\"><strong>Ismail Ilkan Ceylan, Stefan Borgwardt and Thomas Lukasiewicz.<\/strong>\u00a0Most Probable Explanations for Probabilistic Database Queries (Extended Abstract)<\/span><\/p>\n<p><span style=\"font-family: arial,helvetica,sans-serif; font-size: 10pt;\"><strong>V\u00edctor Guti\u00e9rrez Basulto, Jean Christoph Jung and Yazm\u00edn Ang\u00e9lica Ib\u00e1\u00f1ez Garc\u00eda<\/strong>.\u00a0Number Restrictions on Transitive Roles in Description Logics with Nominals<\/span><\/p>\n<p><span style=\"font-family: arial,helvetica,sans-serif; font-size: 10pt;\"><strong>V\u00edctor Guti\u00e9rrez Basulto, Jean Christoph Jung and Yazm\u00edn Ang\u00e9lica Ib\u00e1\u00f1ez Garc\u00eda<\/strong>.\u00a0On Query Answering in Description Logics with Number Restrictions on Transitive Roles<\/span><\/p>\n<p><span style=\"font-family: arial,helvetica,sans-serif; font-size: 10pt;\"><strong>Peter Hansen and Carsten Lutz.<\/strong>\u00a0Computing FO-Rewritings in EL in Practice: from Atomic to Conjunctive Queries<\/span><\/p>\n<p><span style=\"font-family: arial,helvetica,sans-serif; font-size: 10pt;\"><strong>Andr\u00e9 Hernich, Carsten Lutz, Fabio Papacchini and Frank Wolter.<\/strong>\u00a0Horn-Rewritability vs PTime Query Answering for Description Logic TBoxes<\/span><\/p>\n<p><span style=\"font-family: arial,helvetica,sans-serif; font-size: 10pt;\"><strong>Alexey Ignatiev, Joao Marques-Silva, Carlos Menc\u00eda and Rafael Pe\u00f1aloza.<\/strong>\u00a0Debugging EL+ Ontologies through MUS Enumeration<\/span><\/p>\n<p><span style=\"font-family: arial,helvetica,sans-serif; font-size: 10pt;\"><strong>Jean Christoph Jung, Carsten Lutz, Mauricio Martel and Thomas Schneider.<\/strong>\u00a0Query Conservative Extensions in Horn Description Logics with Inverse Roles<\/span><\/p>\n<p><span style=\"font-family: arial,helvetica,sans-serif; font-size: 10pt;\"><strong>Yevgeny Kazakov, Pavel Klinov and Alexander Stupnikov.\u00a0<\/strong>Towards Reusable Explanation Services in Protege<\/span><\/p>\n<p><span style=\"font-family: arial,helvetica,sans-serif; font-size: 10pt;\"><strong>Yevgeny Kazakov and Denis Ponomaryov<\/strong>.\u00a0On the Complexity of Semantic Integration of OWL Ontologies<\/span><\/p>\n<p><span style=\"font-family: arial,helvetica,sans-serif; font-size: 10pt;\"><strong>Yevgeny Kazakov and Peter Sko\u010dovsk\u00fd.<\/strong>\u00a0Enumerating Justifications using Resolution<\/span><\/p>\n<p><span style=\"font-family: arial,helvetica,sans-serif; font-size: 10pt;\"><strong>Markus Kr\u00f6tzsch, Maximilian Marx, Ana Ozaki and Veronika Thost<\/strong>.\u00a0Reasoning with Attributed Description Logics<\/span><\/p>\n<p><span style=\"font-family: arial,helvetica,sans-serif; font-size: 10pt;\"><strong>Carsten Lutz and Leif Sabellek.<\/strong>\u00a0Ontology-Mediated Querying with EL: Trichotomy and Linear Datalog Rewritability<\/span><\/p>\n<p><span style=\"font-family: arial,helvetica,sans-serif; font-size: 10pt;\"><strong>Charalampos Nikolaou, Egor V. Kostylev, George Konstantinidis, Mark Kaminski, Bernardo Cuenca Grau and Ian Horrocks.\u00a0<\/strong>The Bag Semantics of Ontology-Based Data Access<\/span><\/p>\n<p><span style=\"font-family: arial,helvetica,sans-serif; font-size: 10pt;\"><strong>Sebastian Rudolph and Lukas Schweizer<\/strong>.\u00a0Not too Big, Not too Small&#8230; Complexities of Fixed-Domain Reasoning in First-Order and Description Logics<\/span><\/p>\n<p><span style=\"font-family: arial,helvetica,sans-serif; font-size: 10pt;\"><strong>Marvin Schiller, Florian Schiller and Birte Glimm.<\/strong>\u00a0Testing the Adequacy of Automated Explanations of EL Subsumptions<\/span><\/p>\n<p><span style=\"font-family: arial,helvetica,sans-serif; font-size: 10pt;\"><strong>Yizheng Zhao and Renate A. Schmidt<\/strong>.\u00a0Role Forgetting for ALCOQH(universal role)-Ontologies Using an Ackermann Approach<\/span><\/p>\n<p>&nbsp;<\/p>\n<p><span style=\"font-family: arial,helvetica,sans-serif;\"><strong>SHORT PRESENTATIONS<\/strong><\/span><\/p>\n<p><span style=\"font-family: arial,helvetica,sans-serif; font-size: 10pt;\"><strong>Abdallah Arioua, Madalina Croitoru, Abdelraouf Hecham and Gem Stapleton.<\/strong>\u00a0An empirical evaluation of argumentation in explaining inconsistency tolerant query answering<\/span><\/p>\n<p><span style=\"font-family: arial,helvetica,sans-serif; font-size: 10pt;\"><strong>Alessandro Artale, Marco Montali, Simone Tritini and Wil van der Aalst.<\/strong>\u00a0Object-Centric Behavioral Constraints: Integrating Data and Declarative Process Modelling<\/span><\/p>\n<p><span style=\"font-family: arial,helvetica,sans-serif; font-size: 10pt;\"><strong>Stefan Borgwardt, Marco Cerami and Rafael Pe\u00f1aloza.\u00a0\u0141ukasiewicz Fuzzy.<\/strong> EL is Undecidable<\/span><\/p>\n<p><span style=\"font-family: arial,helvetica,sans-serif; font-size: 10pt;\"><strong>Arina Britz and Ivan Varzinczak<\/strong>.\u00a0Towards defeasible SROIQ<\/span><\/p>\n<p><span style=\"font-family: arial,helvetica,sans-serif; font-size: 10pt;\"><strong>Jieying Chen, Michel Ludwig, Yue Ma and Dirk Walther<\/strong>.\u00a0Computing Subsumption Justifications of Ontologies<\/span><\/p>\n<p><span style=\"font-family: arial,helvetica,sans-serif; font-size: 10pt;\"><strong>Roberto Confalonieri, Oliver Kutz, Nicolas Troquard, Pietro Galliani, Rafael Pe\u00f1aloza, Daniele Porrello and Marco Schorlemmer.<\/strong>\u00a0Coherence, Similarity, and Concept Generalisation<\/span><\/p>\n<p><span style=\"font-family: arial,helvetica,sans-serif; font-size: 10pt;\"><strong>Olga Gerasimova, Stanislav Kikot, Vladimir Podolskii and Michael Zakharyaschev.<\/strong>\u00a0On the Data Complexity of Ontology-Mediated Queries with a Covering Axiom<\/span><\/p>\n<p><span style=\"font-family: arial,helvetica,sans-serif; font-size: 10pt;\"><strong>Birte Glimm, Yevgeny Kazakov and Trung-Kien Tran.<\/strong>\u00a0Scalable Reasoning by Abstraction in DL-Lite<\/span><\/p>\n<p><span style=\"font-family: arial,helvetica,sans-serif; font-size: 10pt;\"><strong>Arash Karimi, Heng Zhang and Jia-Huai You.\u00a0Beyond Skolem Chase.<\/strong> A Study of Finite Chase under Standard Chase Variant<\/span><\/p>\n<p><span style=\"font-family: arial,helvetica,sans-serif; font-size: 10pt;\"><strong>Adrian Nuradiansyah, Franz Baader and Daniel Borchmann.<\/strong>\u00a0The Identity Problem in Description Logic Ontologies<\/span><\/p>\n<p><span style=\"font-family: arial,helvetica,sans-serif; font-size: 10pt;\"><strong>Rafael Pe\u00f1aloza, Carlos Menc\u00eda, Alexey Ignatiev and Joao Marques-Silva.<\/strong>\u00a0Lean Kernels in DLs (Extended Abstract)<\/span><\/p>\n<p><span style=\"font-family: arial,helvetica,sans-serif; font-size: 10pt;\"><strong>David Tena Cucala, Bernardo Cuenca Grau and Ian Horrocks.<\/strong>\u00a0Consequence-based Reasoning for Description Logics with Disjunction, Inverse Roles, and Nominals<\/span><\/p>\n<p><span style=\"font-family: arial,helvetica,sans-serif; font-size: 10pt;\"><strong>David Toman and Grant Weddell<\/strong>.\u00a0On Partial Features in the DLF Dialects of Description Logic with Inverse Features<\/span><\/p>\n<p><span style=\"font-family: arial,helvetica,sans-serif; font-size: 10pt;\"><strong>Despoina Trivela, Giorgos Stoilos and Vasilis Vassalos.<\/strong>\u00a0A Framework and Positive Results for Query Answering over Inconsistent Description Logic Knowledge Bases<\/span><\/p>\n<p>&nbsp;<\/p>\n<p><span style=\"font-family: arial,helvetica,sans-serif;\"><strong>POSTERS<\/strong><\/span><\/p>\n<p><span style=\"font-family: arial,helvetica,sans-serif; font-size: 10pt;\"><strong>Labinot Bajraktari, Magdalena Ortiz and Mantas \u0160imkus<\/strong>.\u00a0Goal-oriented type-based reasoning for expressive DLs<\/span><\/p>\n<p><span style=\"font-family: arial,helvetica,sans-serif; font-size: 10pt;\"><strong>Loris Bozzato, Luciano Serafini and Gaetano Calabrese.<\/strong>\u00a0CKR:Live Demo: Using Contexts and Exceptions for Representing Evolving Knowledge States<\/span><\/p>\n<p><span style=\"font-family: arial,helvetica,sans-serif; font-size: 10pt;\"><strong>Germ\u00e1n Alejandro Braun, Christian Gimenez, Laura Cecchi and Pablo Fillottrani.<\/strong>\u00a0Towards a Visualisation Process for Ontology-Based Conceptual Modelling<\/span><\/p>\n<p><span style=\"font-family: arial,helvetica,sans-serif; font-size: 10pt;\"><strong>Germ\u00e1n Alejandro Braun, Matias Pol&#8217;La, Laura Cecchi, Agustina Buccella, Pablo Fillottrani and Alejandra Cechich.<\/strong>\u00a0A DL Semantics for Reasoning over OVM-based Variability Models<\/span><\/p>\n<p><span style=\"font-family: arial,helvetica,sans-serif; font-size: 10pt;\"><strong>Gianluca Cima<\/strong>.\u00a0Preliminary results on Ontology-based Open Data Publishing<\/span><\/p>\n<p><span style=\"font-family: arial,helvetica,sans-serif; font-size: 10pt;\"><strong>Henrik Forssell, Daniel P. Lupp, Martin G. Skj\u00e6veland and Evgenij Thorstensen<\/strong>.\u00a0Reasonable Macros for Ontology Construction and Maintenance<\/span><\/p>\n<p><span style=\"font-family: arial,helvetica,sans-serif; font-size: 10pt;\"><strong>Laura Giordano and Daniele Theseider Dupre&#8217;.<\/strong>\u00a0ASP for Minimal Entailment in a Rational Extension of SROEL (Extended Absrtact)<\/span><\/p>\n<p><span style=\"font-family: arial,helvetica,sans-serif; font-size: 10pt;\"><strong>Laura Giordano, Valentina Gliozzi, Gian Luca Pozzato and Riccardo Renzulli.<\/strong>\u00a0An Efficient Reasoner for Description Logics of Typicality and Rational Closure<\/span><\/p>\n<p><span style=\"font-family: arial,helvetica,sans-serif; font-size: 10pt;\"><strong>Nadia Labai, Martin Homola and Magdalena Ortiz.<\/strong>\u00a0Constructive Satisfiability Procedure for ALC^P(Z) (Preliminary Report)<\/span><\/p>\n<p><span style=\"font-family: arial,helvetica,sans-serif; font-size: 10pt;\"><strong>Martin Leinberger, Ralf L\u00e4mmel and Steffen Staab<\/strong>.\u00a0The essence of functional programming on semantic data<\/span><\/p>\n<p><span style=\"font-family: arial,helvetica,sans-serif; font-size: 10pt;\"><strong>Yuri Malheiros and Fred Freitas.<\/strong>\u00a0Unification in EL for Competency Question Generation<\/span><\/p>\n<p><span style=\"font-family: arial,helvetica,sans-serif; font-size: 10pt;\"><strong>Enrique Matos Alfonso and Giorgos Stamou.<\/strong>\u00a0Rewriting Queries with Negated Atoms<\/span><\/p>\n<p><span style=\"font-family: arial,helvetica,sans-serif; font-size: 10pt;\"><strong>Razieh Mehri and Volker Haarslev.\u00a0<\/strong>Applying Machine Learning to Enhance Optimization Techniques for OWL Reasoning<\/span><\/p>\n<p><span style=\"font-family: arial,helvetica,sans-serif; font-size: 10pt;\"><strong>Maximilian Pensel and Anni-Yasmin Turhan<\/strong>.\u00a0Quantification in Defeasible DLs matters again (Extended Abstract)<\/span><\/p>\n<p><span style=\"font-family: arial,helvetica,sans-serif; font-size: 10pt;\"><strong>J\u00falia Pukancov\u00e1 and Martin Homola.<\/strong>\u00a0Tableau-Based ABox Abduction for the ALCHO Description Logic<\/span><\/p>\n<p><span style=\"font-family: arial,helvetica,sans-serif; font-size: 10pt;\"><strong>Christos Rantsoudis, Guillaume Feuillade and Andreas Herzig.<\/strong>\u00a0Repairing ABoxes through active integrity constraints<\/span><\/p>\n<p><span style=\"font-family: arial,helvetica,sans-serif; font-size: 10pt;\"><strong>Paula Severi.<\/strong>\u00a0Complexity of Consistency and Query Answering in Description Logics with Metamodelling<\/span><\/p>\n<p><span style=\"font-family: arial,helvetica,sans-serif; font-size: 10pt;\"><strong>Nikoo Zolfaghar Karahroodi and Volker Haarslev<\/strong>.\u00a0A Consequence-based Algebraic Calculus for SHOQ<\/span><\/p>\n<p>&nbsp;<\/p>\n<p>&nbsp;<\/p>\n","protected":false},"excerpt":{"rendered":"<p>LONG PRESENTATIONS Franz Baader, Stefan Borgwardt and Marcel Lippmann.\u00a0Query Rewriting for DL-Lite with n-ary Concrete Domains (Abstract) Franz Baader, Stefan Borgwardt, Patrick Koopmann, Ana Ozaki and Veronika Thost.\u00a0Metric Temporal Description Logics with Interval-Rigid Names (Extended Abstract) Franz Baader, Patrick Koopmann and Anni-Yasmin Turhan.\u00a0Using Ontologies to Query Probabilistic Numerical Data (Extended\u2026<\/p>\n<p> <a class=\"continue-reading-link\" href=\"https:\/\/project.inria.fr\/dl2017\/program-2\/accepted-papers\/\"><span>Continue reading<\/span><i class=\"crycon-right-dir\"><\/i><\/a> <\/p>\n","protected":false},"author":27,"featured_media":0,"parent":582,"menu_order":0,"comment_status":"closed","ping_status":"closed","template":"","meta":{"footnotes":""},"class_list":["post-654","page","type-page","status-publish","hentry"],"_links":{"self":[{"href":"https:\/\/project.inria.fr\/dl2017\/wp-json\/wp\/v2\/pages\/654","targetHints":{"allow":["GET"]}}],"collection":[{"href":"https:\/\/project.inria.fr\/dl2017\/wp-json\/wp\/v2\/pages"}],"about":[{"href":"https:\/\/project.inria.fr\/dl2017\/wp-json\/wp\/v2\/types\/page"}],"author":[{"embeddable":true,"href":"https:\/\/project.inria.fr\/dl2017\/wp-json\/wp\/v2\/users\/27"}],"replies":[{"embeddable":true,"href":"https:\/\/project.inria.fr\/dl2017\/wp-json\/wp\/v2\/comments?post=654"}],"version-history":[{"count":46,"href":"https:\/\/project.inria.fr\/dl2017\/wp-json\/wp\/v2\/pages\/654\/revisions"}],"predecessor-version":[{"id":701,"href":"https:\/\/project.inria.fr\/dl2017\/wp-json\/wp\/v2\/pages\/654\/revisions\/701"}],"up":[{"embeddable":true,"href":"https:\/\/project.inria.fr\/dl2017\/wp-json\/wp\/v2\/pages\/582"}],"wp:attachment":[{"href":"https:\/\/project.inria.fr\/dl2017\/wp-json\/wp\/v2\/media?parent=654"}],"curies":[{"name":"wp","href":"https:\/\/api.w.org\/{rel}","templated":true}]}}