

{"id":88,"date":"2018-04-04T17:49:55","date_gmt":"2018-04-04T15:49:55","guid":{"rendered":"https:\/\/project.inria.fr\/dygame\/?page_id=88"},"modified":"2018-04-04T18:17:15","modified_gmt":"2018-04-04T16:17:15","slug":"results","status":"publish","type":"page","link":"https:\/\/project.inria.fr\/dygame\/results\/","title":{"rendered":"Results"},"content":{"rendered":"<p><\/p>\n<h3>Publications related to the project<\/h3>\n<ul>\n<li>De Frutos J., Erdlenbruch K., Tidball M.<br \/>\nSharing a groundwater resource in a context of regime shifts.<br \/>\n<em>Environmental and Resource Economics<\/em>, to appear, 2018., 2016.<\/li>\n<li>De Frutos J., Erdlenbruch K., Tidball M.<br \/>\nA dynamic model of irrigation and land-use choice: an application to the Beauce aquifer in France.<br \/>\n<em>European Review of Agricultural Economics<\/em>, 44, 1, 99-120, 2017.<\/li>\n<li>Alvarez M.E., Erdlenbruch K., Di Marco S., Tidball M.,<br \/>\nA mixed control problem of the management of natural resources.<br \/>\n<em>Natural Resource Modeling<\/em>, 29, 3, 353-373, August 2016.<\/li>\n<\/ul>\n<p><!--\n \t\n\n<li>Bucarey V., Della Vecchia, E., Jean-Marie A., Tidball M., Ord\u00f3\u00f1ez, F.\nSolving Stochastic Stackelberg Games in a Security Domain\nIn preparation, 2016.<\/li>\n\n\n--><\/p>\n<h3>Participation in seminars and congresses<\/h3>\n<ul>\n<li>Dubois D., Farolfi, S., Tidball M., D\u00e9sol\u00e9 M., Hofstetter A.<br \/>\nDoes environmental connotation affect coordination issues in an experimental stag hunt game?<br \/>\nAGCO Seminar, Santiago, Chile (2016-04-06)<br \/>\nAlso: Seminario General, Rosario, Argentina (2016-04-08).<\/li>\n<li>Jean-Marie A., Tidball M.<br \/>\nExtraction cost: before or after harvesting? Economic and environmental consequences.<br \/>\n17th International Symposium on Dynamic Games and Applications, Urbino, Italy, July 2016.<br \/>\nAlso: Seminar of the HEC Foundation, Montr\u00e9al, Canada, December 2016.<\/li>\n<li>Bucarey V., Casorr\u00e1n, C., Rosas, K., Navarrete, H., Ord\u00f3\u00f1ez, F.<br \/>\nA model for joint patrolling in Stackelberg Security Games.<br \/>\nEURO 2016, Poznan, Poland, July 2016<\/li>\n<li>E. Hyon.<br \/>\nA tutorial on algorithms for stochastic games.<br \/>\nSeminario del Departamento de Ingenier\u00eda Industrial, U. De Chile, 22 July 2016.<\/li>\n<li>Bucarey V., Casorr\u00e1n, C., Rosas, K., Navarrete, H., Ord\u00f3\u00f1ez, F.<br \/>\nA model for joint patrolling in Stackelberg Security Games<br \/>\nCLAIO 2016, Santiago, Chile, October 2016.<\/li>\n<li>Jean-Marie A., Tidball M.<br \/>\nExtraction cost: before or after harvesting? Economic and environmental consequences.<br \/>\nSeminar of the HEC Foundation, Montr\u00e9al, Canada, December 2016.<\/li>\n<li>Della Vecchia E., Vidal F.,<br \/>\nJuegos Markovianos con Aversi\u00f3n al Riesgo y Descuentos Variables<br \/>\nPrimer Encuentro Conjunto de la Sociedad de Matem\u00e1tica de Chile y la Uni\u00f3n<br \/>\nMatem\u00e1tica Argentina, SUMA 2016. Valpara\u00edso, Chile, December 2016 (<a href=\"https:\/\/project.inria.fr\/dygame\/files\/2018\/04\/suma2016edv.pdf\">PDF<\/a>).<\/li>\n<li>\u00c1lvarez M.E,<br \/>\nEstrategias mixtas en problemas de gesti\u00f3n de recursos naturales renovables.<br \/>\nPrimer Encuentro Conjunto de la Sociedad de Matem\u00e1tica de Chile y la Uni\u00f3n<br \/>\nMatem\u00e1tica Argentina, SUMA 2016. Valpara\u00edso, Chile, December 2016<\/li>\n<li>Jean-Marie A., Tidball M., Ord\u00f3\u00f1ez F., Bucarey V.,<br \/>\nStackelberg Games of Water Extraction.<br \/>\n11th International Workshop of the ISDG, Warsaw, Poland, July 2017 (<a href=\"https:\/\/project.inria.fr\/dygame\/files\/2018\/04\/Jean-MarieTidball_ISDG2017.pdf\">PDF<\/a>).<\/li>\n<li>Tidball M.,<br \/>\nRosario y la teor\u00eda de control \u00f3ptimo. Aplicaciones a la gesti\u00f3n de recursos naturales.<br \/>\nTalk at the celebration of the 50 th year of the Licenciatura en Matematicas y Fisica,<br \/>\nRosario, November 2017 (<a href=\"https:\/\/project.inria.fr\/dygame\/files\/2018\/04\/50a\u00f1os-Rosario-2017.pdf\">PDF<\/a>).<\/li>\n<li><strong>The DyGaMe Workshop, Rosario, 2nd of November 2017<\/strong><br \/>\n<a href=\"https:\/\/web.fceia.unr.edu.ar\/es\/tramites-mesa-de-entradas\/125-paginas-sueltas\/1185-dygame-seminario-de-teor%c3%ada-y-algoritmos-para-juegos-din%c3%a1micos.html\">Program<\/a><\/p>\n<ul>\n<li>Dessouky M.M, Ord\u00f3\u00f1ez F.,<br \/>\nDynamic Ridesharing (<a href=\"https:\/\/project.inria.fr\/dygame\/files\/2018\/04\/transportationmarketRosario2017.pdf\">PDF<\/a>)<\/li>\n<li>Hyon E., Yemele N., Perrotin L.,<br \/>\nZero-Sum Stochastic Games An algorithmic review (<a href=\"https:\/\/project.inria.fr\/dygame\/files\/2018\/04\/dygame2017.pdf\">PDF<\/a>)<\/li>\n<li>Bucarey V.,<br \/>\nSolving Stackelberg Equilibrium in Stochastic Games (<a href=\"https:\/\/project.inria.fr\/dygame\/files\/2018\/04\/presentacion_victor.pdf\">PDF<\/a>)<\/li>\n<li>Jean-Marie A., Tidball M., Ord\u00f3\u00f1ez F., Bucarey V.,<br \/>\nStackelberg Games of Water Extraction (<a href=\"https:\/\/project.inria.fr\/dygame\/files\/2018\/04\/Jean-MarieTidball_ISDG2017.pdf\">PDF<\/a>)<\/li>\n<\/ul>\n<\/li>\n<li>Bucarey V., Ord\u00f3\u00f1ez F., Della Vecchia E., Jean-Marie A.<br \/>\nSolving strong Stackelberg equilibrium in stochastic games.<br \/>\nOPTIMA 2017 conference, Vi\u00f1a del Mar, Chile 27-29, Nov 2017 (<a href=\"https:\/\/project.inria.fr\/dygame\/files\/2018\/04\/stoc_stackelberg.pdf\">PDF<\/a>).<\/li>\n<li>\u00c1lvarez M.E<br \/>\nAn\u00e1lisis de ciertos modelos para la gesti\u00f3n de recursos renovables<br \/>\nPrimer Encuentro Conjunto de la Real Sociedad Matem\u00e1tica Espa\u00f1ola (RSME) y la Uni\u00f3n<br \/>\nMatem\u00e1tica Argentina (UMA), Buenos Aires, Argentina, December 2017.<\/li>\n<li>Bucarey V.<br \/>\nSolving strong Stackelberg equilibrium in stochastic games.<br \/>\nSeminar at INRIA Lille, December 2017 (<a href=\"https:\/\/project.inria.fr\/dygame\/files\/2018\/04\/2017_-_Lille.pdf\">PDF<\/a>).<\/li>\n<\/ul>\n<h3>Classes related with the project<\/h3>\n<ul>\n<li>Della Vecchia E.,<br \/>\nProgramaci\u00f3n Din\u00e1mica Estoc\u00e1stica.<br \/>\nMini course at the National University of Cuyo. Mendoza, Argentina. November 2016.<\/li>\n<li>Jean-Marie A.,<br \/>\n\u201cMarkov Chains\u201d and \u201cOptimal Stochastic Control\u201d.<br \/>\nMini doctoral course at the University of Valladolid, Spain, April 2017.<\/li>\n<\/ul>\n<h3>Thesis developed in the project<\/h3>\n<ul>\n<li>Alvarez M.E.<br \/>\nPol\u00edticas mixtas impulsionales-continuas en la gesti\u00f3n de recursos naturales.<br \/>\nPhd in Matematics from the University of Rosario, Argentina. April 1st, 2016.<\/li>\n<li>Bucarey V.S.D.<br \/>\nAddressing Problem Size in Stackelberg Security Games.<br \/>\nPhD in Sistemas de Ingenier\u00eda from the Universidad de Chile, Chile. September 1st, 2017.<\/li>\n<li>Perotin L.<br \/>\n&#8220;Stochastic game resolution and sharing of renewable resources&#8221;,<br \/>\nInitiation to research internship, 3rd year, ENS Lyon, June-July 2017.<\/li>\n<\/ul>\n<p><\/p>","protected":false},"excerpt":{"rendered":"<p>Publications related to the project De Frutos J., Erdlenbruch K., Tidball M. Sharing a groundwater resource in a context of regime shifts. Environmental and Resource Economics, to appear, 2018., 2016. De Frutos J., Erdlenbruch K., Tidball M. A dynamic model of irrigation and land-use choice: an application to the Beauce\u2026<\/p>\n<p> <a class=\"continue-reading-link\" href=\"https:\/\/project.inria.fr\/dygame\/results\/\"><span>Continue reading<\/span><i class=\"crycon-right-dir\"><\/i><\/a> <\/p>\n","protected":false},"author":442,"featured_media":0,"parent":0,"menu_order":0,"comment_status":"closed","ping_status":"closed","template":"","meta":{"footnotes":""},"class_list":["post-88","page","type-page","status-publish","hentry"],"_links":{"self":[{"href":"https:\/\/project.inria.fr\/dygame\/wp-json\/wp\/v2\/pages\/88","targetHints":{"allow":["GET"]}}],"collection":[{"href":"https:\/\/project.inria.fr\/dygame\/wp-json\/wp\/v2\/pages"}],"about":[{"href":"https:\/\/project.inria.fr\/dygame\/wp-json\/wp\/v2\/types\/page"}],"author":[{"embeddable":true,"href":"https:\/\/project.inria.fr\/dygame\/wp-json\/wp\/v2\/users\/442"}],"replies":[{"embeddable":true,"href":"https:\/\/project.inria.fr\/dygame\/wp-json\/wp\/v2\/comments?post=88"}],"version-history":[{"count":20,"href":"https:\/\/project.inria.fr\/dygame\/wp-json\/wp\/v2\/pages\/88\/revisions"}],"predecessor-version":[{"id":146,"href":"https:\/\/project.inria.fr\/dygame\/wp-json\/wp\/v2\/pages\/88\/revisions\/146"}],"wp:attachment":[{"href":"https:\/\/project.inria.fr\/dygame\/wp-json\/wp\/v2\/media?parent=88"}],"curies":[{"name":"wp","href":"https:\/\/api.w.org\/{rel}","templated":true}]}}