

{"id":75,"date":"2016-05-23T10:39:02","date_gmt":"2016-05-23T08:39:02","guid":{"rendered":"http:\/\/project.inria.fr\/ecal2017\/?page_id=75"},"modified":"2017-09-07T10:55:41","modified_gmt":"2017-09-07T08:55:41","slug":"keynotes","status":"publish","type":"page","link":"https:\/\/project.inria.fr\/ecal2017\/keynotes\/","title":{"rendered":"Keynotes"},"content":{"rendered":"<p><!-- Bill Sellers --><\/p>\n<div style=\"overflow: auto;\">\n<h3 id=\"sellers\">Synthetic palaeontology: Reconstructing Ancient Life using Virtual Robots<\/h3>\n<p><a href=\"http:\/\/www.animalsimulation.org\/\">Bill Sellers<\/a>, University of Manchester, United Kingdom<br \/>\n<a style=\"float: left; margin-right: 20px;\" href=\"http:\/\/project.inria.fr\/ecal2017\/files\/2016\/05\/BillSellers2.jpg\"><img decoding=\"async\" class=\"alignnone size-medium wp-image-194\" src=\"http:\/\/project.inria.fr\/ecal2017\/files\/2016\/05\/BillSellers2-300x225.jpg\" alt=\"billsellers2\" width=\"333\" srcset=\"https:\/\/project.inria.fr\/ecal2017\/files\/2016\/05\/BillSellers2-300x225.jpg 300w, https:\/\/project.inria.fr\/ecal2017\/files\/2016\/05\/BillSellers2-768x576.jpg 768w, https:\/\/project.inria.fr\/ecal2017\/files\/2016\/05\/BillSellers2-1024x768.jpg 1024w, https:\/\/project.inria.fr\/ecal2017\/files\/2016\/05\/BillSellers2-200x150.jpg 200w, https:\/\/project.inria.fr\/ecal2017\/files\/2016\/05\/BillSellers2-150x113.jpg 150w\" sizes=\"(max-width: 300px) 100vw, 300px\" \/><\/a><\/p>\n<p style=\"font-size: smaller;\">Dr Bill Sellers is a Reader in Integrative Vertebrate Biology in the School of Earth and Environmental Sciences at the University of Manchester. His research looks at how we can use virtual robotic representations of animals to investigate their biomechanics, and in particular how we can use simulation technology to reconstruct the locomotion of fossil animals such as dinosaurs and early humans. Ultimately he sees this work as part of a process of developing virtual worlds in silico to represent past ecosystems to help us to understand the evolutionary stages of life on Earth. He is a firm believer that simulation is only half the battle and so spends plenty of time with real animals in various exotic parts of the world.<\/p>\n<\/div>\n<p><!-- Viola Schiaffonati --><\/p>\n<div style=\"overflow: auto;\">\n<h3 id=\"schiaffonati\">Experimenting with computing and in computing: Stretching the traditional notion of experimentation<\/h3>\n<p><a href=\"http:\/\/www.deib.polimi.it\/eng\/people\/details\/70304\">Viola Schiaffonati<\/a>, Politecnico di Milano, Italy<br \/>\n<a style=\"float: left; margin-right: 20px;\" href=\"http:\/\/project.inria.fr\/ecal2017\/files\/2017\/02\/viola-schiaffonati-3.jpg\"><img decoding=\"async\" class=\"alignnone size-medium wp-image-194\" src=\"http:\/\/project.inria.fr\/ecal2017\/files\/2017\/02\/viola-schiaffonati-3.jpg\" alt=\"Photo of Viola Schiaffonati\" width=\"200\" \/><\/a><\/p>\n<p style=\"font-size: smaller;\">Viola Schiaffonati is associate professor of Logic and Philosophy of Science at the Dipartimento di Elettronica, Informazione e Bioingegneria of Politecnico di Milano. Her main research interests include: the philosophical foundations of artificial intelligence and robotics and the philosophy of computing sciences, with particular attention to the epistemology of experiments in the engineering sciences. She holds a PhD in Philosophy of Science from Universit\u00e0 di Genova. She has been visiting scholar at the Department of Philosophy of the University of California at Berkeley and visiting researcher at the Suppes Center for the Interdisciplinary Study of Science and Technology of the Stanford University.<\/p>\n<\/div>\n<p><!-- Csaba Pal --><\/p>\n<div style=\"overflow: auto;\">\n<h3 id=\"pal\">Evolution of complex adaptations<\/h3>\n<p><a href=\"http:\/\/group.szbk.u-szeged.hu\/sysbiol\/pal-csaba-lab-index.html\">Csaba P&aacute;l<\/a>, Biological Research Centre of the Hungarian Academy of Sciences, Szeged, Hungary<br \/>\n<a style=\"float: left; margin-right: 20px;\" href=\"http:\/\/project.inria.fr\/ecal2017\/files\/2016\/12\/CsabaPal.jpg\"><img decoding=\"async\" class=\"alignnone size-medium wp-image-175\" src=\"http:\/\/project.inria.fr\/ecal2017\/files\/2016\/12\/CsabaPal-233x300.jpg\" alt=\"csabapal\" width=\"194\" srcset=\"https:\/\/project.inria.fr\/ecal2017\/files\/2016\/12\/CsabaPal-233x300.jpg 233w, https:\/\/project.inria.fr\/ecal2017\/files\/2016\/12\/CsabaPal-116x150.jpg 116w, https:\/\/project.inria.fr\/ecal2017\/files\/2016\/12\/CsabaPal.jpg 350w\" sizes=\"(max-width: 233px) 100vw, 233px\" \/><\/a><\/p>\n<p style=\"font-size: smaller;\">Dr. Csaba P\u00e1l is the group leader of the Evolutionary Systems Biology Group at the Biological Research Center of the Hungarian Academy of Sciences, in Szeged, Hungary. His current research focuses on compensatory adaptation as a major driving force in evolution, on the evolution of antibiotic resistance and on evolutionary genome engineering. He holds a PhD degree in Evolutionary Biology from E\u00f6tv\u00f6s Lor\u00e1nd University in Budapest. He has held fellowship positions at the University of Bath (UK), the European Molecular Biology Lab (EMBL), the University of Oxford (UK) and the University of Trento (Italy).<\/p>\n<\/div>\n<p><!-- Andr\u00e9 Brack--><\/p>\n<div style=\"overflow: auto;\">\n<h3 id=\"brack\">What is life? The emergence of life in a mineral world<\/h3>\n<p>Andr&eacute; Brack, Honorary Research Director, CNRS, Center for molecular biophysics, Orleans, France<br \/>\n<a style=\"float: left; margin-right: 20px;\" href=\"http:\/\/project.inria.fr\/ecal2017\/files\/2017\/08\/brack.jpg\"><img decoding=\"async\" class=\"alignnone size-medium wp-image-175\" src=\"http:\/\/project.inria.fr\/ecal2017\/files\/2017\/08\/brack.jpg\" alt=\"andre_brack\" width=\"194\" \/><\/a><\/p>\n<p style=\"font-size: smaller;\">Andr\u00e9 Brack is presently Honorary Director of Research CNRS in Orl\u00e9ans where he created the Group of Exobiology. He is acknowledged as the founder of this discipline in France. He is Fellow and former President of the International Society for the Study of the Origin of Life. He is Honorary Member of the NASA Astrobiology Institute and Honorary Founder President of the European Astrobiology Network. He is Honorary Founder President of Centre-Sciences, a centre for science popularization. He has published over 220 articles in peer-reviewed journals, 7 books and many science-popularizing articles in magazines.<\/p>\n<p>You can download the slides  <a href=\"http:\/\/project.inria.fr\/ecal2017\/files\/2017\/09\/slides-andre-brack.pdf\">here<\/a>.<\/p>\n<\/div>\n<p><!-- Philippe Faure --><\/p>\n<div style=\"overflow: auto;\">\n<h3 id=\"faure\">Drug addiction and alteration of decision making process<\/h3>\n<p><a href=\"http:\/\/faurelab.cnrs.fr\/research\/\">Philippe Faure<\/a>, Universit\u00e9 Pierre et Marie Curie, Paris, France<br \/>\n<a style=\"float: left; margin-right: 20px;\" href=\"http:\/\/project.inria.fr\/ecal2017\/files\/2016\/12\/PhilippeFaure.jpg\"><img decoding=\"async\" class=\"alignnone size-medium wp-image-178\" src=\"http:\/\/project.inria.fr\/ecal2017\/files\/2016\/12\/PhilippeFaure-300x189.jpg\" alt=\"philippefaure\" width=\"397\" srcset=\"https:\/\/project.inria.fr\/ecal2017\/files\/2016\/12\/PhilippeFaure-300x189.jpg 300w, https:\/\/project.inria.fr\/ecal2017\/files\/2016\/12\/PhilippeFaure-238x150.jpg 238w, https:\/\/project.inria.fr\/ecal2017\/files\/2016\/12\/PhilippeFaure-150x94.jpg 150w, https:\/\/project.inria.fr\/ecal2017\/files\/2016\/12\/PhilippeFaure.jpg 750w\" sizes=\"(max-width: 300px) 100vw, 300px\" \/><\/a><\/p>\n<p style=\"font-size: smaller;\">Dr. Ph Faure is research director at CNRS. He currently heads the \u00ab Neurophysiology and behaviour Group \u00bb in the neuroscience Paris seine department at Pierre and Marie Curie University. His research aims at understanding the neurophysiological basis of reward-directed decision-making and their alteration in addiction. In particular, he is interested in how nicotine exposure can also affect behaviours, unrelated to cigarettes, such as exploration.<\/p>\n<\/div>\n<p><!-- Sabine Hauert --><\/p>\n<div style=\"overflow: auto;\">\n<h3 id=\"hauert\">Swarm engineering across scales: From robots to nanomedicine<\/h3>\n<p><a href=\"http:\/\/sabinehauert.com\/\">Sabine Hauert<\/a>, University of Bristol, United Kingdom<br \/>\n<a style=\"float: left; margin-right: 20px;\" href=\"http:\/\/project.inria.fr\/ecal2017\/files\/2016\/05\/SabineHauert2.jpg\"><img decoding=\"async\" class=\"alignnone size-medium wp-image-193\" src=\"http:\/\/project.inria.fr\/ecal2017\/files\/2016\/05\/SabineHauert2-225x300.jpg\" alt=\"sabinehauert2\" width=\"188\" srcset=\"https:\/\/project.inria.fr\/ecal2017\/files\/2016\/05\/SabineHauert2-225x300.jpg 225w, https:\/\/project.inria.fr\/ecal2017\/files\/2016\/05\/SabineHauert2-768x1024.jpg 768w, https:\/\/project.inria.fr\/ecal2017\/files\/2016\/05\/SabineHauert2-113x150.jpg 113w\" sizes=\"(max-width: 225px) 100vw, 225px\" \/><\/a><\/p>\n<p style=\"font-size: smaller;\">Dr. Sabine Hauert is Assistant Professor in Robotics at the University of Bristol in the UK where she focuses in designing swarms that work in large numbers (&gt;1000), and at small scales (&lt;1 cm). Before joining the University of Bristol, she engineered swarms of nanoparticles for cancer treatment at MIT, and deployed swarms of flying robots at EPFL. Passionate about Science Communication, she is also the President and Cofounder of <a href=\"http:\/\/robohub.org\">Robohub.org<\/a>, a non-profit dedicated to connecting the robotics community to the world.<\/p>\n<\/div>\n<p><!-- Laurent Pujo-Menjouet and Andreas Wessel-Therhorn --><\/p>\n<div style=\"overflow: auto;\">\n<h3 id=\"lpm\">The Illusion of Life<\/h3>\n<p><a href=\"http:\/\/www.imdb.com\/name\/nm0921813\/?ref_=nv_sr_1\">Andreas Wessel-Therhorn<\/a> (animator and film director) and <a href=\"http:\/\/math.univ-lyon1.fr\/~pujo\/\">Laurent Pujo-Menjouet<\/a> (Universit\u00e9 Lyon 1, France)<\/p>\n<div style=\"float: left; margin-right: 20px;\"><a href=\"http:\/\/project.inria.fr\/ecal2017\/files\/2017\/02\/andreas_wessel-therhorn.jpg\"><img decoding=\"async\" class=\"alignnone size-medium wp-image-193\" src=\"http:\/\/project.inria.fr\/ecal2017\/files\/2017\/02\/andreas_wessel-therhorn.jpg\" alt=\"Headshot of Andreas Wessel-Therhorn\" width=\"320\" \/><\/a><br \/>\n<a href=\"http:\/\/project.inria.fr\/ecal2017\/files\/2017\/03\/laurent-pujo-menjouet.png\"><img decoding=\"async\" class=\"alignnone size-medium wp-image-193\" src=\"http:\/\/project.inria.fr\/ecal2017\/files\/2017\/03\/laurent-pujo-menjouet.png\" alt=\"Headshot of Laurent Pujo-Menjouet\" width=\"320\" \/><\/a><\/div>\n<div>\n<p style=\"font-size: smaller;\">Andreas Wessel-Therhorn was born in 1964 in M\u00fcnster, Germany. From early childhood, he wanted to pursue a career in animation. After studying Design, he moved to London to work on his first feature film, Richard Williams&#8217; The Thief and the Cobbler. He then followed work at Disney Paris and Amblimation, London as well as several commercial houses before relocating to Los Angeles in 1996 to animate on Disney&#8217;s Hercules. In a career spanning 27 years, he worked for Walt Disney Studios, Amblin, Universal, Warner Bros, Dreamworks on theatrical features as well as a variety of commercials, infomercials, straight to Home Video movies and theme park attractions. In 2014, he also animated and directed his own short film, which played in over 50 festivals worldwide.<\/p>\n<p><iframe loading=\"lazy\" width=\"640\" height=\"360\" src=\"https:\/\/www.youtube.com\/embed\/0Fw0l9LCSgE?version=3&#038;loop=1&#038;playlist=0Fw0l9LCSgE\" frameborder=\"0\" allowfullscreen><\/iframe><\/div>\n<p><iframe loading=\"lazy\" width=\"853\" height=\"480\" src=\"https:\/\/www.youtube.com\/embed\/5-v2_7MihdA?version=3&#038;loop=1&#038;playlist=5-v2_7MihdA\" frameborder=\"0\" allowfullscreen><\/iframe>\n<\/div>\n<div style=\"overflow: auto;\"><\/div>\n","protected":false},"excerpt":{"rendered":"<p>Synthetic palaeontology: Reconstructing Ancient Life using Virtual Robots Bill Sellers, University of Manchester, United Kingdom Dr Bill Sellers is a Reader in Integrative Vertebrate Biology in the School of Earth and Environmental Sciences at the University of Manchester. His research looks at how we can use virtual robotic representations of\u2026<\/p>\n<p> <a class=\"continue-reading-link\" href=\"https:\/\/project.inria.fr\/ecal2017\/keynotes\/\"><span>Continue reading<\/span><i class=\"crycon-right-dir\"><\/i><\/a> <\/p>\n","protected":false},"author":972,"featured_media":0,"parent":0,"menu_order":0,"comment_status":"closed","ping_status":"closed","template":"","meta":{"footnotes":""},"class_list":["post-75","page","type-page","status-publish","hentry"],"_links":{"self":[{"href":"https:\/\/project.inria.fr\/ecal2017\/wp-json\/wp\/v2\/pages\/75","targetHints":{"allow":["GET"]}}],"collection":[{"href":"https:\/\/project.inria.fr\/ecal2017\/wp-json\/wp\/v2\/pages"}],"about":[{"href":"https:\/\/project.inria.fr\/ecal2017\/wp-json\/wp\/v2\/types\/page"}],"author":[{"embeddable":true,"href":"https:\/\/project.inria.fr\/ecal2017\/wp-json\/wp\/v2\/users\/972"}],"replies":[{"embeddable":true,"href":"https:\/\/project.inria.fr\/ecal2017\/wp-json\/wp\/v2\/comments?post=75"}],"version-history":[{"count":43,"href":"https:\/\/project.inria.fr\/ecal2017\/wp-json\/wp\/v2\/pages\/75\/revisions"}],"predecessor-version":[{"id":821,"href":"https:\/\/project.inria.fr\/ecal2017\/wp-json\/wp\/v2\/pages\/75\/revisions\/821"}],"wp:attachment":[{"href":"https:\/\/project.inria.fr\/ecal2017\/wp-json\/wp\/v2\/media?parent=75"}],"curies":[{"name":"wp","href":"https:\/\/api.w.org\/{rel}","templated":true}]}}