

{"id":64,"date":"2018-04-04T18:12:29","date_gmt":"2018-04-04T16:12:29","guid":{"rendered":"https:\/\/project.inria.fr\/elker\/?page_id=64"},"modified":"2019-03-29T11:03:29","modified_gmt":"2019-03-29T10:03:29","slug":"consortium","status":"publish","type":"page","link":"https:\/\/project.inria.fr\/elker\/consortium\/","title":{"rendered":"Partners"},"content":{"rendered":"<p><\/p>\n<p><strong>Inria Nancy Grand Est<\/strong><\/p>\n<p>Nacira Abbas (PhD student)<br \/>\nMiguel Couceiro (Professeur)<br \/>\nAdrien Coulet (Ma\u00eetre de conf\u00e9rences)<br \/>\nAmedeo Napoli (Directeur de recherche)<br \/>\nChedy Ra\u00efssi (Charg\u00e9 de recherche)<\/p>\n<p><strong>LIASD &#8211; Laboratoire d\u2019Informatique Avanc\u00e9e de Saint-Denis<\/strong><\/p>\n<p>Mario Cataldi (Ma\u00eetre de conf\u00e9rences)<br \/>\nMyriam Lamolle (Professeur)<br \/>\nChan Le Duc (Ma\u00eetre de conf\u00e9rences)<br \/>\nJ\u00e9r\u00e9my Lhez (Postdoc)<\/p>\n<p><strong>LIG &#8211; Laboratoire d&#8217;Informatique de Grenoble<\/strong><\/p>\n<p>Manuel Atencia, coordinator (Ma\u00eetre de conf\u00e9rences)<br \/>\nJ\u00e9r\u00f4me David (Ma\u00eetre de conf\u00e9rences)<br \/>\nJ\u00e9r\u00f4me Euzenat (Directeur de recherche)<br \/>\nKhadija Jradeh (PhD student)<br \/>\nMarie-Christine Rousset (Professeur)<\/p>","protected":false},"excerpt":{"rendered":"<p>Inria Nancy Grand Est Nacira Abbas (PhD student) Miguel Couceiro (Professeur) Adrien Coulet (Ma\u00eetre de conf\u00e9rences) Amedeo Napoli (Directeur de recherche) Chedy Ra\u00efssi (Charg\u00e9 de recherche) LIASD &#8211; Laboratoire d\u2019Informatique Avanc\u00e9e de Saint-Denis Mario Cataldi (Ma\u00eetre de conf\u00e9rences) Myriam Lamolle (Professeur) Chan Le Duc (Ma\u00eetre de conf\u00e9rences) J\u00e9r\u00e9my Lhez (Postdoc)\u2026<\/p>\n<p> <a class=\"continue-reading-link\" href=\"https:\/\/project.inria.fr\/elker\/consortium\/\"><span>Continue reading<\/span><i class=\"crycon-right-dir\"><\/i><\/a> <\/p>\n","protected":false},"author":1191,"featured_media":0,"parent":0,"menu_order":0,"comment_status":"closed","ping_status":"closed","template":"","meta":{"footnotes":""},"class_list":["post-64","page","type-page","status-publish","hentry"],"_links":{"self":[{"href":"https:\/\/project.inria.fr\/elker\/wp-json\/wp\/v2\/pages\/64","targetHints":{"allow":["GET"]}}],"collection":[{"href":"https:\/\/project.inria.fr\/elker\/wp-json\/wp\/v2\/pages"}],"about":[{"href":"https:\/\/project.inria.fr\/elker\/wp-json\/wp\/v2\/types\/page"}],"author":[{"embeddable":true,"href":"https:\/\/project.inria.fr\/elker\/wp-json\/wp\/v2\/users\/1191"}],"replies":[{"embeddable":true,"href":"https:\/\/project.inria.fr\/elker\/wp-json\/wp\/v2\/comments?post=64"}],"version-history":[{"count":14,"href":"https:\/\/project.inria.fr\/elker\/wp-json\/wp\/v2\/pages\/64\/revisions"}],"predecessor-version":[{"id":141,"href":"https:\/\/project.inria.fr\/elker\/wp-json\/wp\/v2\/pages\/64\/revisions\/141"}],"wp:attachment":[{"href":"https:\/\/project.inria.fr\/elker\/wp-json\/wp\/v2\/media?parent=64"}],"curies":[{"name":"wp","href":"https:\/\/api.w.org\/{rel}","templated":true}]}}