

{"id":180,"date":"2018-04-28T17:46:44","date_gmt":"2018-04-28T15:46:44","guid":{"rendered":"https:\/\/project.inria.fr\/etsn\/?page_id=180"},"modified":"2018-05-03T21:34:18","modified_gmt":"2018-05-03T19:34:18","slug":"keynote-network-service-chains-as-a-service-deployment-and-research-challenges","status":"publish","type":"page","link":"https:\/\/project.inria.fr\/etsn\/keynote-network-service-chains-as-a-service-deployment-and-research-challenges\/","title":{"rendered":"Keynote: \u201cNetwork service chains\u201d as a Service &#8211; Deployment and Research challenges"},"content":{"rendered":"<p><\/p>\n<ul>\n<li><strong>09:00 \u2013 10:00<\/strong><\/li>\n<li><strong>Speaker: <\/strong><span lang=\"en-CA\"><b>Mohamed Faten Zhani<\/b><\/span><em>, E<span lang=\"en-CA\"><i>cole de Technologie Sup\u00e9rieure <\/i><\/span><span lang=\"en-CA\">(ETS)<\/span>, Montreal, Canada<br \/>\n<\/em><\/li>\n<li><strong>Biography<\/strong>: <span style=\"font-family: Times\\ New\\ Roman, serif;\"><span lang=\"en-CA\"><b>Mohamed Faten Zhani<\/b><\/span><\/span><span style=\"font-family: Times\\ New\\ Roman, serif;\"><span lang=\"en-CA\"> is an associate professor with the department of software <a href=\"https:\/\/project.inria.fr\/etsn\/files\/2018\/04\/faten.jpg\"><img loading=\"lazy\" decoding=\"async\" class=\"wp-image-188 alignleft\" src=\"https:\/\/project.inria.fr\/etsn\/files\/2018\/04\/faten.jpg\" alt=\"\" width=\"193\" height=\"215\" srcset=\"https:\/\/project.inria.fr\/etsn\/files\/2018\/04\/faten.jpg 331w, https:\/\/project.inria.fr\/etsn\/files\/2018\/04\/faten-269x300.jpg 269w, https:\/\/project.inria.fr\/etsn\/files\/2018\/04\/faten-135x150.jpg 135w\" sizes=\"auto, (max-width: 193px) 100vw, 193px\" \/><\/a>and\u00a0IT\u00a0engineering at <\/span><\/span><span style=\"font-family: Times\\ New\\ Roman, serif;\"><span lang=\"en-CA\"><i>l\u2019\u00c9cole de Technologie Sup\u00e9rieure <\/i><\/span><\/span><span style=\"font-family: Times\\ New\\ Roman, serif;\"><span lang=\"en-CA\">(\u00c9TS Montreal) in Canada. His\u00a0research\u00a0interests include cloud computing, network function virtualization, software-defined networking and resource management in large-scale distributed systems. <\/span><\/span><span style=\"font-family: Times\\ New\\ Roman, serif;\"><span lang=\"en-CA\">Faten\u00a0<\/span><\/span><span style=\"font-family: Times\\ New\\ Roman, serif;\"><span lang=\"en-CA\">has co-authored several book chapters and research papers published in renowned conferences and\u00a0journals including IEEE\/IFIP IM\/NOMS, IEEE INFOCOM, IEEE transaction<\/span><\/span><span style=\"font-family: Times\\ New\\ Roman, serif;\"><span lang=\"en-CA\">s on cloud computing and\u00a0IEEE Journal on Selected Areas in Communications (JSAC). He served as the general or\u00a0technical program chair for several international workshops and\u00a0conferences. He is also associate editor of Wiley international journal of network management. He\u00a0is\u00a0co-founder and\u00a0vice-chair of the IEEE Network Intelligence Emerging Technology Initiative and an active member of the IEEE P1916.1 SDN\/NFV Performance standard group. Faten\u00a0recently\u00a0received the IEEE\/IFIP IM 2017 Young Researchers and Professionals Award as\u00a0a\u00a0recognition for outstanding research contribution and leadership in the field of network and service management.<\/span><\/span>\n<p class=\"western\" lang=\"fr-CA\" align=\"justify\"><span style=\"font-family: Times\\ New\\ Roman, serif;\">Web page : <a href=\"http:\/\/etsmtl.ca\/Professeurs\/mfzhani\/Accueil?lang=en-CA\">http:\/\/etsmtl.ca\/Professeurs\/mfzhani\/Accueil?lang=en-CA<\/a><\/span><\/p>\n<\/li>\n<li><strong>Abstract<\/strong>: <span style=\"font-family: Times\\ New\\ Roman, serif;\"><span lang=\"en-CA\">Propelled by the emergence of new technologies like<\/span><\/span><b> <\/b><span style=\"font-family: Times\\ New\\ Roman, serif;\"><span lang=\"en-CA\">software defined networking and\u00a0network function virtualization, the recent trend towards network softwarization is\u00a0currently transforming the way network services are provisioned and managed and opens the door for\u00a0a\u00a0new breed of\u00a0cloud service offerings. Specifically, cloud providers have now the enabling technologies to offer \u201cnetwork chains\u201d as a service where customers could require their traffic to go through a\u00a0service chain made out from an ordered sequence of several network functions. In\u00a0this\u00a0context, a\u00a0daunting challenge for cloud providers is to assess the real resource requirements and costs of\u00a0different types of network functions and\u00a0to\u00a0efficiently place the service chain components into the physical infrastructure while\u00a0achieving several conflicting objectives related to performance, service level agreements, scalability,\u00a0and\u00a0revenue. <\/span><\/span><span style=\"font-family: Times\\ New\\ Roman, serif;\"><span lang=\"en-CA\">In this talk, we will focus on understanding the research challenges related to the provisioning and deployment of network chains as a service in large-scale cloud infrastructures. We will also provide a characterization of\u00a0the\u00a0resource requirements and potential costs of virtual network functions and highlight the key challenges introduced by them. We will then present our recent work towards addressing some of\u00a0these challenges.<\/span><\/span><\/li>\n<\/ul>\n<p><\/p>","protected":false},"excerpt":{"rendered":"<p>09:00 \u2013 10:00 Speaker: Mohamed Faten Zhani, Ecole de Technologie Sup\u00e9rieure (ETS), Montreal, Canada Biography: Mohamed Faten Zhani is an associate professor with the department of software and\u00a0IT\u00a0engineering at l\u2019\u00c9cole de Technologie Sup\u00e9rieure (\u00c9TS Montreal) in Canada. His\u00a0research\u00a0interests include cloud computing, network function virtualization, software-defined networking and resource management in\u2026<\/p>\n<p> <a class=\"continue-reading-link\" href=\"https:\/\/project.inria.fr\/etsn\/keynote-network-service-chains-as-a-service-deployment-and-research-challenges\/\"><span>Continue reading<\/span><i class=\"crycon-right-dir\"><\/i><\/a> <\/p>\n","protected":false},"author":505,"featured_media":0,"parent":0,"menu_order":0,"comment_status":"closed","ping_status":"closed","template":"","meta":{"footnotes":""},"class_list":["post-180","page","type-page","status-publish","hentry"],"_links":{"self":[{"href":"https:\/\/project.inria.fr\/etsn\/wp-json\/wp\/v2\/pages\/180","targetHints":{"allow":["GET"]}}],"collection":[{"href":"https:\/\/project.inria.fr\/etsn\/wp-json\/wp\/v2\/pages"}],"about":[{"href":"https:\/\/project.inria.fr\/etsn\/wp-json\/wp\/v2\/types\/page"}],"author":[{"embeddable":true,"href":"https:\/\/project.inria.fr\/etsn\/wp-json\/wp\/v2\/users\/505"}],"replies":[{"embeddable":true,"href":"https:\/\/project.inria.fr\/etsn\/wp-json\/wp\/v2\/comments?post=180"}],"version-history":[{"count":3,"href":"https:\/\/project.inria.fr\/etsn\/wp-json\/wp\/v2\/pages\/180\/revisions"}],"predecessor-version":[{"id":189,"href":"https:\/\/project.inria.fr\/etsn\/wp-json\/wp\/v2\/pages\/180\/revisions\/189"}],"wp:attachment":[{"href":"https:\/\/project.inria.fr\/etsn\/wp-json\/wp\/v2\/media?parent=180"}],"curies":[{"name":"wp","href":"https:\/\/api.w.org\/{rel}","templated":true}]}}