

{"id":81,"date":"2023-09-05T16:23:10","date_gmt":"2023-09-05T14:23:10","guid":{"rendered":"https:\/\/project.inria.fr\/gdtmathbio\/?page_id=81"},"modified":"2026-02-21T21:36:23","modified_gmt":"2026-02-21T20:36:23","slug":"membres","status":"publish","type":"page","link":"https:\/\/project.inria.fr\/gdtmathbio\/membres\/","title":{"rendered":"Contacts"},"content":{"rendered":"<p>Contacts :<\/p>\n<ul>\n<li>Lyon, Institut Camille Jordan : Fr\u00e9d\u00e9ric Chardard<\/li>\n<li>Marseille &#8211; Avignon : Rapha\u00ebl Forien<\/li>\n<li>Lyon, UMPA : H\u00e9l\u00e8ne Leman<\/li>\n<li>Grenoble : Aline Marguet<\/li>\n<\/ul>\n","protected":false},"excerpt":{"rendered":"<p>Contacts : Lyon, Institut Camille Jordan : Fr\u00e9d\u00e9ric Chardard Marseille &#8211; Avignon : Rapha\u00ebl Forien Lyon, UMPA : H\u00e9l\u00e8ne Leman Grenoble : Aline Marguet<\/p>\n<p> <a class=\"continue-reading-link\" href=\"https:\/\/project.inria.fr\/gdtmathbio\/membres\/\"><span>Continue reading<\/span><i class=\"crycon-right-dir\"><\/i><\/a> <\/p>\n","protected":false},"author":2367,"featured_media":0,"parent":0,"menu_order":0,"comment_status":"closed","ping_status":"closed","template":"","meta":{"footnotes":""},"class_list":["post-81","page","type-page","status-publish","hentry"],"_links":{"self":[{"href":"https:\/\/project.inria.fr\/gdtmathbio\/wp-json\/wp\/v2\/pages\/81","targetHints":{"allow":["GET"]}}],"collection":[{"href":"https:\/\/project.inria.fr\/gdtmathbio\/wp-json\/wp\/v2\/pages"}],"about":[{"href":"https:\/\/project.inria.fr\/gdtmathbio\/wp-json\/wp\/v2\/types\/page"}],"author":[{"embeddable":true,"href":"https:\/\/project.inria.fr\/gdtmathbio\/wp-json\/wp\/v2\/users\/2367"}],"replies":[{"embeddable":true,"href":"https:\/\/project.inria.fr\/gdtmathbio\/wp-json\/wp\/v2\/comments?post=81"}],"version-history":[{"count":6,"href":"https:\/\/project.inria.fr\/gdtmathbio\/wp-json\/wp\/v2\/pages\/81\/revisions"}],"predecessor-version":[{"id":563,"href":"https:\/\/project.inria.fr\/gdtmathbio\/wp-json\/wp\/v2\/pages\/81\/revisions\/563"}],"wp:attachment":[{"href":"https:\/\/project.inria.fr\/gdtmathbio\/wp-json\/wp\/v2\/media?parent=81"}],"curies":[{"name":"wp","href":"https:\/\/api.w.org\/{rel}","templated":true}]}}