

{"id":122,"date":"2021-10-27T23:03:39","date_gmt":"2021-10-27T21:03:39","guid":{"rendered":"https:\/\/project.inria.fr\/ifpen\/?page_id=122"},"modified":"2021-10-27T23:03:39","modified_gmt":"2021-10-27T21:03:39","slug":"2016-workshop","status":"publish","type":"page","link":"https:\/\/project.inria.fr\/ifpen\/2016-workshop\/","title":{"rendered":"2016 workshop"},"content":{"rendered":"<p><strong>July 8, 2016<\/strong><br \/>\nInria, room P. Flajolet, building C, 1st floor<\/p>\n<p>10h : Accueil autour d&#8217;un caf\u00e9 (espace Daumesnil, b\u00e2timent C, rez-de-chauss\u00e9e)<br \/>\n10h20 : rappel du contexte \u00ab accord cadre IFPEN &#8211; Inria \u00bb (Ani ANCIAUX-SEDRAKIAN \/ Martin VOHRALIK)<br \/>\n10h30 : M\u00e9thodes num\u00e9riques pour la mod\u00e9lisation des \u00e9coulements multiphasiques r\u00e9actifs (Thibault FANEY \/ Anthony MICHEL)<br \/>\n11h00 : M\u00e9thodes num\u00e9riques pour les r\u00e9servoirs fractur\u00e9s (Nina KHVOENKOVA)<br \/>\n11h30 : Estimateurs d&#8217;erreur a posteriori sur maillages poly\u00e9driques (Martin VOHRALIK \/ Soleiman YOUSEF)<br \/>\n12h-14h : D\u00e9jeuner (Restaurant Autour d\u2019un grill, en face)<br \/>\n14h00 : Mod\u00e8le stratigraphique advecto-diffusif non-lin\u00e9aire avec fronti\u00e8res mobiles (Quang Huy TRAN)<br \/>\n14h30 : Simulation 0D acc\u00e9l\u00e9r\u00e9e par multi-c\u0153urs et ex\u00e9cution temps r\u00e9el (Nicolas PERNET \/ Yves SOREL)<br \/>\n15h00 : BiCGStab s-step pour les applications en g\u00e9oscience (Ani ANCIAUX-SEDRAKIAN)<br \/>\n15h30 : conclusion de la journ\u00e9e (Tran Van BUI \/ St\u00e9phane DALMAS)<br \/>\n15h40: caf\u00e9 (espace Daumesnil)<\/p>\n<p><a href=\"http:\/\/www.inria.fr\/en\/centre\/paris-rocquencourt\/overview\/how-to-reach-us\">How to reach us<\/a><br \/>\n<\/p>","protected":false},"excerpt":{"rendered":"<p>July 8, 2016 Inria, room P. Flajolet, building C, 1st floor 10h : Accueil autour d&#8217;un caf\u00e9 (espace Daumesnil, b\u00e2timent C, rez-de-chauss\u00e9e) 10h20 : rappel du contexte \u00ab accord cadre IFPEN &#8211; Inria \u00bb (Ani ANCIAUX-SEDRAKIAN \/ Martin VOHRALIK) 10h30 : M\u00e9thodes num\u00e9riques pour la mod\u00e9lisation des \u00e9coulements multiphasiques r\u00e9actifs\u2026<\/p>\n<p> <a class=\"continue-reading-link\" href=\"https:\/\/project.inria.fr\/ifpen\/2016-workshop\/\"><span>Continue reading<\/span><i class=\"crycon-right-dir\"><\/i><\/a> <\/p>\n","protected":false},"author":932,"featured_media":0,"parent":0,"menu_order":0,"comment_status":"closed","ping_status":"closed","template":"","meta":{"footnotes":""},"class_list":["post-122","page","type-page","status-publish","hentry"],"_links":{"self":[{"href":"https:\/\/project.inria.fr\/ifpen\/wp-json\/wp\/v2\/pages\/122","targetHints":{"allow":["GET"]}}],"collection":[{"href":"https:\/\/project.inria.fr\/ifpen\/wp-json\/wp\/v2\/pages"}],"about":[{"href":"https:\/\/project.inria.fr\/ifpen\/wp-json\/wp\/v2\/types\/page"}],"author":[{"embeddable":true,"href":"https:\/\/project.inria.fr\/ifpen\/wp-json\/wp\/v2\/users\/932"}],"replies":[{"embeddable":true,"href":"https:\/\/project.inria.fr\/ifpen\/wp-json\/wp\/v2\/comments?post=122"}],"version-history":[{"count":1,"href":"https:\/\/project.inria.fr\/ifpen\/wp-json\/wp\/v2\/pages\/122\/revisions"}],"predecessor-version":[{"id":123,"href":"https:\/\/project.inria.fr\/ifpen\/wp-json\/wp\/v2\/pages\/122\/revisions\/123"}],"wp:attachment":[{"href":"https:\/\/project.inria.fr\/ifpen\/wp-json\/wp\/v2\/media?parent=122"}],"curies":[{"name":"wp","href":"https:\/\/api.w.org\/{rel}","templated":true}]}}

<p><strong>July 8, 2016</strong><br />
Inria, room P. Flajolet, building C, 1st floor</p>
<p>10h : Accueil autour d&#8217;un café (espace Daumesnil, bâtiment C, rez-de-chaussée)<br />
10h20 : rappel du contexte « accord cadre IFPEN &#8211; Inria » (Ani ANCIAUX-SEDRAKIAN / Martin VOHRALIK)<br />
10h30 : Méthodes numériques pour la modélisation des écoulements multiphasiques réactifs (Thibault FANEY / Anthony MICHEL)<br />
11h00 : Méthodes numériques pour les réservoirs fracturés (Nina KHVOENKOVA)<br />
11h30 : Estimateurs d&#8217;erreur a posteriori sur maillages polyédriques (Martin VOHRALIK / Soleiman YOUSEF)<br />
12h-14h : Déjeuner (Restaurant Autour d’un grill, en face)<br />
14h00 : Modèle stratigraphique advecto-diffusif non-linéaire avec frontières mobiles (Quang Huy TRAN)<br />
14h30 : Simulation 0D accélérée par multi-cœurs et exécution temps réel (Nicolas PERNET / Yves SOREL)<br />
15h00 : BiCGStab s-step pour les applications en géoscience (Ani ANCIAUX-SEDRAKIAN)<br />
15h30 : conclusion de la journée (Tran Van BUI / Stéphane DALMAS)<br />
15h40: café (espace Daumesnil)</p>
<p><a href="http://www.inria.fr/en/centre/paris-rocquencourt/overview/how-to-reach-us">How to reach us</a><br />
</p>

<p>July 8, 2016 Inria, room P. Flajolet, building C, 1st floor 10h : Accueil autour d&#8217;un café (espace Daumesnil, bâtiment C, rez-de-chaussée) 10h20 : rappel du contexte « accord cadre IFPEN &#8211; Inria » (Ani ANCIAUX-SEDRAKIAN / Martin VOHRALIK) 10h30 : Méthodes numériques pour la modélisation des écoulements multiphasiques réactifs…</p>
<p> <a class="continue-reading-link" href="https://project.inria.fr/ifpen/2016-workshop/"><span>Continue reading</span><i class="crycon-right-dir"></i></a> </p>
