

{"id":260,"date":"2023-11-06T11:00:46","date_gmt":"2023-11-06T10:00:46","guid":{"rendered":"https:\/\/project.inria.fr\/ifpen\/?page_id=260"},"modified":"2023-11-08T09:10:04","modified_gmt":"2023-11-08T08:10:04","slug":"2023-workshop","status":"publish","type":"page","link":"https:\/\/project.inria.fr\/ifpen\/2023-workshop\/","title":{"rendered":"2023 workshop"},"content":{"rendered":"<p><strong>November 20, 2023<\/strong><\/p>\n<p><strong>IFP Energies nouvelles<\/strong>, Amphith\u00e9\u00e2tre Dahlias,&nbsp;1 av. de Bois-Pr\u00e9au, 92852 Rueil-Malmaison (to obtain your badge d\u2019acc\u00e8s, please bring an ID).&nbsp;How to come: <a href=\"https:\/\/project.inria.fr\/ifpen\/files\/2021\/11\/Acces-IFPEN-Rueil_Septembre-2016.pdf\">please see here<\/a>.<\/p>\n<p><strong>Programme<\/strong><\/p>\n<p><strong>9h45-10h05 :<\/strong>&nbsp;&nbsp;&nbsp;&nbsp;&nbsp;&nbsp;&nbsp;&nbsp;&nbsp;&nbsp;&nbsp; &nbsp;&nbsp;&nbsp;&nbsp;&nbsp;&nbsp;&nbsp; <em>Accueil autour d\u2019un caf\u00e9<\/em><\/p>\n<p><strong>10h05-10h15 :<\/strong>&nbsp;&nbsp;&nbsp;&nbsp;&nbsp;&nbsp; &nbsp;&nbsp;&nbsp;&nbsp;&nbsp;&nbsp;&nbsp;&nbsp;&nbsp;&nbsp;<em>Introduction<\/em><\/p>\n<p><strong>10h15-10h45 :<\/strong>&nbsp; &nbsp; &nbsp;&nbsp;&nbsp;&nbsp;&nbsp;&nbsp;&nbsp;&nbsp;&nbsp;&nbsp;&nbsp;&nbsp;&nbsp;<em>Sampling criteria for excursion set estimation on multi-output models<\/em>, <u> Cl\u00e9ment Duhamel<\/u>, C\u00e9line Helbert, Miguel Munoz Zuniga, Cl\u00e9mentine Prieur, Delphine Sinoquet<\/p>\n<p><strong>10h45-11h15 :<\/strong>&nbsp; &nbsp;&nbsp;&nbsp;&nbsp;&nbsp;&nbsp;&nbsp;&nbsp;&nbsp;&nbsp;&nbsp;&nbsp;&nbsp;&nbsp; <em>Computing catalytic reaction times and paths with machine learning and rare events sampling methods<\/em>, <u>Thomas Pigeon,<\/u> Pascal Raybaud, Tony Leli\u00e8vre, Manuel Corral Valero, Ani Anciaux-Sedrakian, Maxime Moreaud, Gabriel Stoltz<\/p>\n<p><strong>11h15-11h45 : <\/strong>&nbsp;&nbsp;&nbsp;&nbsp;&nbsp;&nbsp;&nbsp;&nbsp;&nbsp;&nbsp;&nbsp;&nbsp;&nbsp;&nbsp;&nbsp; <em>Pause-caf\u00e9<\/em><\/p>\n<p><strong>11h45-12h15 : <\/strong>&nbsp;&nbsp;&nbsp;&nbsp;&nbsp;&nbsp;&nbsp;&nbsp;&nbsp;&nbsp;&nbsp;&nbsp;&nbsp;&nbsp;&nbsp;&nbsp;<em>Int\u00e9gration de mod\u00e8les d\u2019apprentissage dans les codes de calculs : comment am\u00e9liorer les performances tout en garantissant la pr\u00e9cision ?<\/em>, <u>Thibault Faney<\/u>, Antoine Lechevallier, Fr\u00e9d\u00e9ric Nataf<\/p>\n<p><strong>12h15-12h45 :<\/strong>&nbsp;&nbsp; &nbsp;&nbsp;&nbsp;&nbsp;&nbsp;&nbsp;&nbsp;&nbsp;&nbsp;&nbsp;&nbsp;&nbsp;&nbsp;&nbsp;<em>La m\u00e9thode des \u00e9l\u00e9ments finis multi\u00e9chelles : description et impl\u00e9mentation non-intrusive<\/em>, <u>Fr\u00e9d\u00e9ric Legoll<\/u>, Rutger Biezemans, Claude Le Bris, Alexei Lozinski<\/p>\n<p><strong>12h45-14h15 :<\/strong>&nbsp;&nbsp; &nbsp;&nbsp;&nbsp;&nbsp;&nbsp;&nbsp;&nbsp;&nbsp;&nbsp;&nbsp;&nbsp;&nbsp;&nbsp;&nbsp;<em>D\u00e9jeuner<\/em><\/p>\n<p><strong>14h15-14h45 :<\/strong>&nbsp;&nbsp; &nbsp;&nbsp;&nbsp;&nbsp;&nbsp;&nbsp;&nbsp;&nbsp;&nbsp;&nbsp;&nbsp;&nbsp;&nbsp;&nbsp;<em>Detecting the low-dimensional structure of inverse problems via dimension reduction<\/em>, <u>Olivier Zahm<\/u><\/p>\n<p><strong>14h45-15h15&nbsp;:<\/strong> &nbsp;&nbsp;&nbsp;&nbsp;&nbsp;&nbsp;&nbsp;&nbsp;&nbsp;&nbsp;&nbsp;&nbsp;&nbsp;&nbsp; <em>P1-bubble VEM method for a mixed-dimensional poromechanical model with frictional contact at matrix-fracture interfaces<\/em>, <u>Ali Haidar<\/u>, Roland Masson<\/p>\n<p><strong>15h15-15h45 : <\/strong>&nbsp;&nbsp;&nbsp;&nbsp;&nbsp;&nbsp;&nbsp;&nbsp;&nbsp;&nbsp;&nbsp;&nbsp;&nbsp;&nbsp;<em>Pause-caf\u00e9<\/em><\/p>\n<p><strong>15h45-16h15 :&nbsp;<\/strong>&nbsp; &nbsp;&nbsp;&nbsp;&nbsp;&nbsp;&nbsp;&nbsp;&nbsp;&nbsp;&nbsp;&nbsp;&nbsp;<em>Paracirce: a parallel implementation of the circulant embedding method for the generation of Gaussian Random Fields<\/em>, <u>G\u00e9raldine Pichot<\/u>, Simon Legrand, Michel Kern, Nathanael Tepakbong-Tematio<\/p>\n<p><strong>16h15-16h45 :<\/strong>&nbsp;&nbsp; &nbsp;&nbsp;&nbsp;&nbsp;&nbsp;&nbsp;&nbsp;&nbsp;&nbsp;&nbsp;&nbsp;&nbsp;<em>Adaptive models for nonlinear flows in highly heterogeneous porous media<\/em>, <u>Francesco Patacchini<\/u>, Alessio Fumagalli, G\u00e9raldine Pichot<\/p>\n<p><strong>16h45-16h50 :<\/strong>&nbsp;&nbsp; &nbsp;&nbsp;&nbsp;&nbsp;&nbsp;&nbsp;&nbsp;&nbsp;&nbsp;&nbsp;&nbsp;<em>Conclusion<\/em><\/p>\n","protected":false},"excerpt":{"rendered":"<p>November 20, 2023 IFP Energies nouvelles, Amphith\u00e9\u00e2tre Dahlias,&nbsp;1 av. de Bois-Pr\u00e9au, 92852 Rueil-Malmaison (to obtain your badge d\u2019acc\u00e8s, please bring an ID).&nbsp;How to come: please see here. Programme 9h45-10h05 :&nbsp;&nbsp;&nbsp;&nbsp;&nbsp;&nbsp;&nbsp;&nbsp;&nbsp;&nbsp;&nbsp; &nbsp;&nbsp;&nbsp;&nbsp;&nbsp;&nbsp;&nbsp; Accueil autour d\u2019un caf\u00e9 10h05-10h15 :&nbsp;&nbsp;&nbsp;&nbsp;&nbsp;&nbsp; &nbsp;&nbsp;&nbsp;&nbsp;&nbsp;&nbsp;&nbsp;&nbsp;&nbsp;&nbsp;Introduction 10h15-10h45 :&nbsp; &nbsp; &nbsp;&nbsp;&nbsp;&nbsp;&nbsp;&nbsp;&nbsp;&nbsp;&nbsp;&nbsp;&nbsp;&nbsp;&nbsp;Sampling criteria for excursion set estimation on multi-output models,\u2026<\/p>\n<p> <a class=\"continue-reading-link\" href=\"https:\/\/project.inria.fr\/ifpen\/2023-workshop\/\"><span>Continue reading<\/span><i class=\"crycon-right-dir\"><\/i><\/a> <\/p>\n","protected":false},"author":932,"featured_media":0,"parent":0,"menu_order":0,"comment_status":"closed","ping_status":"closed","template":"","meta":{"footnotes":""},"class_list":["post-260","page","type-page","status-publish","hentry"],"_links":{"self":[{"href":"https:\/\/project.inria.fr\/ifpen\/wp-json\/wp\/v2\/pages\/260","targetHints":{"allow":["GET"]}}],"collection":[{"href":"https:\/\/project.inria.fr\/ifpen\/wp-json\/wp\/v2\/pages"}],"about":[{"href":"https:\/\/project.inria.fr\/ifpen\/wp-json\/wp\/v2\/types\/page"}],"author":[{"embeddable":true,"href":"https:\/\/project.inria.fr\/ifpen\/wp-json\/wp\/v2\/users\/932"}],"replies":[{"embeddable":true,"href":"https:\/\/project.inria.fr\/ifpen\/wp-json\/wp\/v2\/comments?post=260"}],"version-history":[{"count":22,"href":"https:\/\/project.inria.fr\/ifpen\/wp-json\/wp\/v2\/pages\/260\/revisions"}],"predecessor-version":[{"id":285,"href":"https:\/\/project.inria.fr\/ifpen\/wp-json\/wp\/v2\/pages\/260\/revisions\/285"}],"wp:attachment":[{"href":"https:\/\/project.inria.fr\/ifpen\/wp-json\/wp\/v2\/media?parent=260"}],"curies":[{"name":"wp","href":"https:\/\/api.w.org\/{rel}","templated":true}]}}