

{"id":99,"date":"2021-10-27T21:58:11","date_gmt":"2021-10-27T19:58:11","guid":{"rendered":"https:\/\/project.inria.fr\/ifpen\/?page_id=99"},"modified":"2021-11-19T15:49:18","modified_gmt":"2021-11-19T14:49:18","slug":"committees","status":"publish","type":"page","link":"https:\/\/project.inria.fr\/ifpen\/committees\/","title":{"rendered":"Committees"},"content":{"rendered":"<p><\/p>\n<h1>Steering committee<\/h1>\n<ul>\n<li><a href=\"https:\/\/www.inria.fr\/en\/francois-cuny\">Fran\u00e7ois Cuny<\/a> (Inria)<\/li>\n<li><a href=\"https:\/\/www.inria.fr\/en\/jean-frederic-gerbeau\">Jean-Fr\u00e9d\u00e9ric Gerbeau<\/a> (Inria)<\/li>\n<li><a href=\"https:\/\/www.linkedin.com\/in\/catherine-riviere-2591238\/?originalSubdomain=fr\">Catherine Rivi\u00e8re<\/a> (IFPEN)<\/li>\n<li><a href=\"https:\/\/www.leguidedupouvoir.fr\/biographie\/195095\/olga_vizikakavvadias\/index.htm\">Olga Vizika-Kavvadias<\/a> (IFPEN)<\/li>\n<\/ul>\n<h1>Scientific committee<\/h1>\n<ul>\n<li>Guillaume Ench\u00e9ry (IFPEN)<\/li>\n<li><a href=\"https:\/\/who.rocq.inria.fr\/Martin.Vohralik\/index.html\">Martin Vohral\u00edk<\/a> (Inria)<\/li>\n<\/ul>\n<p><\/p>","protected":false},"excerpt":{"rendered":"<p>Steering committee Fran\u00e7ois Cuny (Inria) Jean-Fr\u00e9d\u00e9ric Gerbeau (Inria) Catherine Rivi\u00e8re (IFPEN) Olga Vizika-Kavvadias (IFPEN) Scientific committee Guillaume Ench\u00e9ry (IFPEN) Martin Vohral\u00edk (Inria)<\/p>\n<p> <a class=\"continue-reading-link\" href=\"https:\/\/project.inria.fr\/ifpen\/committees\/\"><span>Continue reading<\/span><i class=\"crycon-right-dir\"><\/i><\/a> <\/p>\n","protected":false},"author":932,"featured_media":0,"parent":0,"menu_order":0,"comment_status":"closed","ping_status":"closed","template":"","meta":{"footnotes":""},"class_list":["post-99","page","type-page","status-publish","hentry"],"_links":{"self":[{"href":"https:\/\/project.inria.fr\/ifpen\/wp-json\/wp\/v2\/pages\/99","targetHints":{"allow":["GET"]}}],"collection":[{"href":"https:\/\/project.inria.fr\/ifpen\/wp-json\/wp\/v2\/pages"}],"about":[{"href":"https:\/\/project.inria.fr\/ifpen\/wp-json\/wp\/v2\/types\/page"}],"author":[{"embeddable":true,"href":"https:\/\/project.inria.fr\/ifpen\/wp-json\/wp\/v2\/users\/932"}],"replies":[{"embeddable":true,"href":"https:\/\/project.inria.fr\/ifpen\/wp-json\/wp\/v2\/comments?post=99"}],"version-history":[{"count":4,"href":"https:\/\/project.inria.fr\/ifpen\/wp-json\/wp\/v2\/pages\/99\/revisions"}],"predecessor-version":[{"id":157,"href":"https:\/\/project.inria.fr\/ifpen\/wp-json\/wp\/v2\/pages\/99\/revisions\/157"}],"wp:attachment":[{"href":"https:\/\/project.inria.fr\/ifpen\/wp-json\/wp\/v2\/media?parent=99"}],"curies":[{"name":"wp","href":"https:\/\/api.w.org\/{rel}","templated":true}]}}