

{"id":90,"date":"2025-04-07T13:40:49","date_gmt":"2025-04-07T11:40:49","guid":{"rendered":"https:\/\/project.inria.fr\/inriaedf\/?page_id=90"},"modified":"2025-07-03T10:47:20","modified_gmt":"2025-07-03T08:47:20","slug":"le-defi","status":"publish","type":"page","link":"https:\/\/project.inria.fr\/inriaedf\/le-defi\/","title":{"rendered":"Le D\u00e9fi EDF-INRIA"},"content":{"rendered":"<h2 class=\"has-text-color wp-block-heading\" style=\"color:#173776\">Axe 1 : Pr\u00e9vision probabiliste de consommation, de production et de prix \u00e0 court, moyen et long termes et impacts du changement climatique<\/h2>\n\n\n\n<div class=\"wp-block-columns is-layout-flex wp-container-core-columns-is-layout-9d6595d7 wp-block-columns-is-layout-flex\">\n<div class=\"wp-block-column is-layout-flow wp-block-column-is-layout-flow\">\n<h3 class=\"has-text-align-left wp-block-heading\">Th\u00e8se &#8220;Pr\u00e9vision probabiliste des al\u00e9as impactant le smart charging&#8221; <\/h3>\n\n\n\n<p class=\"has-text-align-left\">Adapter le crit\u00e8re de pr\u00e9vision \u00e0 l&#8217;objectif scientifique de smart-charging<\/p>\n\n\n\n<p class=\"has-text-align-left\"><em>D\u00e9but : 2 d\u00e9cembre 2024, Guillaume PRINCIPATO<\/em> (EDF R&amp;D\/OSIRIS, \u00e9quipe pr\u00e9vision de consommation &#8211; electrique)<\/p>\n<\/div>\n\n\n\n<div class=\"wp-block-column is-layout-flow wp-block-column-is-layout-flow\">\n<h3 class=\"has-text-align-left wp-block-heading\">Post-doc &#8220;M\u00e9thodes d&#8217;apprentissage temps r\u00e9el pour le pilotage de consommation nette sur un r\u00e9seau<\/h3>\n\n\n\n<p class=\"has-text-align-left\">D\u00e9but : f\u00e9vrier 2025, Julien AUBERT (INRIA, \u00e9quipe Celeste)<\/p>\n<\/div>\n<\/div>\n\n\n\n<div class=\"wp-block-columns is-layout-flex wp-container-core-columns-is-layout-9d6595d7 wp-block-columns-is-layout-flex\">\n<div class=\"wp-block-column is-layout-flow wp-block-column-is-layout-flow\">\n<h3 class=\"has-text-align-left wp-block-heading\">Post-doc &#8220;Evolution de la production \u00e9olienne onshore\/offshore future dans un contexte de transition \u00e9nerg\u00e9tique<\/h3>\n\n\n\n<p class=\"has-text-align-left\">D\u00e9but : 1er juin 2025, Julie KEISLER (INRIA)<\/p>\n<\/div>\n\n\n\n<div class=\"wp-block-column is-layout-flow wp-block-column-is-layout-flow\"><\/div>\n<\/div>\n\n\n\n<hr class=\"wp-block-separator\"\/>\n\n\n\n<h2 class=\"has-text-color wp-block-heading\" style=\"color:#173776\">Axe 2 : Mod\u00e9lisation et optimisation pour les investissements long-terme<\/h2>\n\n\n\n<div class=\"wp-block-columns is-layout-flex wp-container-core-columns-is-layout-9d6595d7 wp-block-columns-is-layout-flex\">\n<div class=\"wp-block-column is-layout-flow wp-block-column-is-layout-flow\">\n<h3 class=\"wp-block-heading\">Th\u00e8se &#8220;Mod\u00e9lisation agr\u00e9g\u00e9e des flexibilit\u00e9s dans les mod\u00e8les d&#8217;optimisation long-terme&#8221;<\/h3>\n\n\n\n<p>D\u00e9but : 1er novembre 2024, H\u00e9l\u00e8ne ARVIS (EDF R&amp;D\/OSIRIS, \u00e9quipe portefeuille \u00e0 long-terme et SI d&#8217;\u00e9tudes<\/p>\n<\/div>\n\n\n\n<div class=\"wp-block-column is-layout-flow wp-block-column-is-layout-flow\">\n<h3 class=\"wp-block-heading\">Post-doc &#8220;Algorithmes de d\u00e9composition pour les probl\u00e8mes d&#8217;investissement (long-terme)&#8221;<\/h3>\n\n\n\n<p>D\u00e9but : octobre 2024, Mariam SANGARE (INRIA, \u00e9quipe EDGE)<\/p>\n<\/div>\n<\/div>\n\n\n\n<div class=\"wp-block-columns is-layout-flex wp-container-core-columns-is-layout-9d6595d7 wp-block-columns-is-layout-flex\">\n<div class=\"wp-block-column is-layout-flow wp-block-column-is-layout-flow\">\n<h3 class=\"wp-block-heading\">Th\u00e8se &#8220;M\u00e9thodes d&#8217;optimisation pour la tarification dans le secteur \u00e9lectrique en environnement concurrentiel r\u00e9gul\u00e9&#8221;<\/h3>\n\n\n\n<p>D\u00e9but : 23 janvier 2025, Abdellah BULAICH MEHAMDI (EDF R&amp;D\/OSIRIS, \u00e9quipe m\u00e9thodes et outils d&#8217;optimisation) <\/p>\n<\/div>\n\n\n\n<div class=\"wp-block-column is-layout-flow wp-block-column-is-layout-flow\">\n<h3 class=\"wp-block-heading\">Post-doc &#8220;Approches de th\u00e9orie des jeux pour calculer des \u00e9quilibres dans les march\u00e9s \u00e9lectriques du futur&#8221;<\/h3>\n\n\n\n<p>D\u00e9but : 2025, Ashok KRISHNAN KOMALAN SINDHU (INRIA)<\/p>\n<\/div>\n<\/div>\n\n\n\n<hr class=\"wp-block-separator\"\/>\n\n\n\n<h2 class=\"has-text-color wp-block-heading\" style=\"color:#173776\">Axe 3 : Optimisation distribu\u00e9e<\/h2>\n\n\n\n<h3 class=\"wp-block-heading\">Post-doc &#8220;Techniques d&#8217;optimisation distribu\u00e9e pour le pilotage des flexibilit\u00e9s diffuses pour des probl\u00e8mes de grande taille en pr\u00e9sence de non-convexit\u00e9s avec la prise en compte de contraintes r\u00e9seaux&#8221;<\/h3>\n\n\n\n<p>D\u00e9but : mars 2025, Benjamin PAUL-DUBOIS-TAINE (INRIA, \u00e9quipe DiSCO)<\/p>","protected":false},"excerpt":{"rendered":"<p>Axe 1 : Pr\u00e9vision probabiliste de consommation, de production et de prix \u00e0 court, moyen et long termes et impacts du changement climatique Th\u00e8se &#8220;Pr\u00e9vision probabiliste des al\u00e9as impactant le smart charging&#8221; Adapter le crit\u00e8re de pr\u00e9vision \u00e0 l&#8217;objectif scientifique de smart-charging D\u00e9but : 2 d\u00e9cembre 2024, Guillaume PRINCIPATO (EDF\u2026<\/p>\n<p> <a class=\"continue-reading-link\" href=\"https:\/\/project.inria.fr\/inriaedf\/le-defi\/\"><span>Continue reading<\/span><i class=\"crycon-right-dir\"><\/i><\/a> <\/p>\n","protected":false},"author":2562,"featured_media":0,"parent":0,"menu_order":0,"comment_status":"closed","ping_status":"closed","template":"","meta":{"footnotes":""},"class_list":["post-90","page","type-page","status-publish","hentry"],"_links":{"self":[{"href":"https:\/\/project.inria.fr\/inriaedf\/wp-json\/wp\/v2\/pages\/90","targetHints":{"allow":["GET"]}}],"collection":[{"href":"https:\/\/project.inria.fr\/inriaedf\/wp-json\/wp\/v2\/pages"}],"about":[{"href":"https:\/\/project.inria.fr\/inriaedf\/wp-json\/wp\/v2\/types\/page"}],"author":[{"embeddable":true,"href":"https:\/\/project.inria.fr\/inriaedf\/wp-json\/wp\/v2\/users\/2562"}],"replies":[{"embeddable":true,"href":"https:\/\/project.inria.fr\/inriaedf\/wp-json\/wp\/v2\/comments?post=90"}],"version-history":[{"count":7,"href":"https:\/\/project.inria.fr\/inriaedf\/wp-json\/wp\/v2\/pages\/90\/revisions"}],"predecessor-version":[{"id":179,"href":"https:\/\/project.inria.fr\/inriaedf\/wp-json\/wp\/v2\/pages\/90\/revisions\/179"}],"wp:attachment":[{"href":"https:\/\/project.inria.fr\/inriaedf\/wp-json\/wp\/v2\/media?parent=90"}],"curies":[{"name":"wp","href":"https:\/\/api.w.org\/{rel}","templated":true}]}}