

{"id":79,"date":"2023-03-20T14:42:42","date_gmt":"2023-03-20T13:42:42","guid":{"rendered":"https:\/\/project.inria.fr\/insync\/?page_id=79"},"modified":"2023-06-01T11:25:55","modified_gmt":"2023-06-01T09:25:55","slug":"members","status":"publish","type":"page","link":"https:\/\/project.inria.fr\/insync\/members\/","title":{"rendered":"Members"},"content":{"rendered":"<ul class=\"wp-block-list\"><li>Inria, Centre Universit\u00e9 Cote d&#8217;Azur, team Biocore: <a rel=\"noreferrer noopener\" href=\"https:\/\/www-sop.inria.fr\/members\/Madalena.Chaves\/\" data-type=\"URL\" data-id=\"https:\/\/www-sop.inria.fr\/members\/Madalena.Chaves\/\" target=\"_blank\">Madalena Chaves<\/a> (project coordinator), Jean-Luc Gouz\u00e9, Odile Burckard<\/li><li>CNRS, iBV-Institut de Biologie de Valrose: <a rel=\"noreferrer noopener\" href=\"http:\/\/ibv.unice.fr\/research-team\/delaunay\/\" data-type=\"URL\" data-id=\"http:\/\/ibv.unice.fr\/research-team\/delaunay\/\" target=\"_blank\">Franck Delaunay<\/a>, Sameh Ben Aicha, Sophie Guerin, Mich\u00e8le Teboul<\/li><li>INRAE, unit MaIAGE, team BioSys: <a href=\"http:\/\/genome.jouy.inra.fr\/~ltournier\/\" data-type=\"URL\" data-id=\"http:\/\/genome.jouy.inra.fr\/~ltournier\/\" target=\"_blank\" rel=\"noreferrer noopener\">Laurent Tournier<\/a>, Mathieu Mezache, Alain Trubuil<\/li><\/ul>\n\n\n\n<p><strong>External Collaborator:<\/strong><\/p>\n\n\n\n<ul class=\"wp-block-list\"><li>Inria, Centre Universit\u00e9 de Rennes, team Serpico: <a href=\"https:\/\/team.inria.fr\/serpico\/team-members\/charles-kervrann-2\/\" data-type=\"URL\" data-id=\"https:\/\/team.inria.fr\/serpico\/team-members\/charles-kervrann-2\/\" target=\"_blank\" rel=\"noreferrer noopener\">Charles Kervrann<\/a><\/li><\/ul>\n\n\n\n<p><\/p>","protected":false},"excerpt":{"rendered":"<p>Inria, Centre Universit\u00e9 Cote d&#8217;Azur, team Biocore: Madalena Chaves (project coordinator), Jean-Luc Gouz\u00e9, Odile Burckard CNRS, iBV-Institut de Biologie de Valrose: Franck Delaunay, Sameh Ben Aicha, Sophie Guerin, Mich\u00e8le Teboul INRAE, unit MaIAGE, team BioSys: Laurent Tournier, Mathieu Mezache, Alain Trubuil External Collaborator: Inria, Centre Universit\u00e9 de Rennes, team Serpico:\u2026<\/p>\n<p> <a class=\"continue-reading-link\" href=\"https:\/\/project.inria.fr\/insync\/members\/\"><span>Continue reading<\/span><i class=\"crycon-right-dir\"><\/i><\/a> <\/p>\n","protected":false},"author":1174,"featured_media":0,"parent":0,"menu_order":0,"comment_status":"closed","ping_status":"closed","template":"","meta":{"footnotes":""},"class_list":["post-79","page","type-page","status-publish","hentry"],"_links":{"self":[{"href":"https:\/\/project.inria.fr\/insync\/wp-json\/wp\/v2\/pages\/79","targetHints":{"allow":["GET"]}}],"collection":[{"href":"https:\/\/project.inria.fr\/insync\/wp-json\/wp\/v2\/pages"}],"about":[{"href":"https:\/\/project.inria.fr\/insync\/wp-json\/wp\/v2\/types\/page"}],"author":[{"embeddable":true,"href":"https:\/\/project.inria.fr\/insync\/wp-json\/wp\/v2\/users\/1174"}],"replies":[{"embeddable":true,"href":"https:\/\/project.inria.fr\/insync\/wp-json\/wp\/v2\/comments?post=79"}],"version-history":[{"count":4,"href":"https:\/\/project.inria.fr\/insync\/wp-json\/wp\/v2\/pages\/79\/revisions"}],"predecessor-version":[{"id":97,"href":"https:\/\/project.inria.fr\/insync\/wp-json\/wp\/v2\/pages\/79\/revisions\/97"}],"wp:attachment":[{"href":"https:\/\/project.inria.fr\/insync\/wp-json\/wp\/v2\/media?parent=79"}],"curies":[{"name":"wp","href":"https:\/\/api.w.org\/{rel}","templated":true}]}}