

{"id":172,"date":"2015-08-25T10:16:37","date_gmt":"2015-08-25T08:16:37","guid":{"rendered":"https:\/\/project.inria.fr\/jga2015\/?page_id=172"},"modified":"2015-08-27T09:42:58","modified_gmt":"2015-08-27T07:42:58","slug":"transport","status":"publish","type":"page","link":"https:\/\/project.inria.fr\/jga2015\/pratique\/transport\/","title":{"rendered":"Transport"},"content":{"rendered":"<h2><strong>Se rendre \u00e0 Carg\u00e8se<\/strong><\/h2>\n<p style=\"text-align: justify;\">L\u2019itin\u00e9raire le plus court pour se rendre \u00e0 <a href=\"http:\/\/www.cargese.net\/\">Carg\u00e8se<\/a> est de passer par <a href=\"http:\/\/www.ajaccio-tourisme.com\/\">Ajaccio<\/a> (\u00e0 50 km de Carg\u00e8se). D\u2019autres itin\u00e9raires sont possibles, mais notez bien que les transports publics en Corse sont peu fr\u00e9quents (<a href=\"http:\/\/www.corsicabus.org\">http:\/\/www.corsicabus.org<\/a>) et qu&rsquo;<strong>aucun bus ne circule le dimanche<\/strong> \u00e0 cette p\u00e9riode de l&rsquo;ann\u00e9e.<\/p>\n<h3 style=\"text-align: justify;\"><strong>Depuis l&rsquo;a\u00e9roport d&rsquo;Ajaccio :<\/strong><\/h3>\n<p style=\"text-align: justify;\">Des <strong>navettes gratuites<\/strong> entre l&rsquo;a\u00e9roport d&rsquo;Ajaccio et l&rsquo;IESC Carg\u00e8se seront mises en place \u00e0 l&rsquo;arriv\u00e9e le dimanche 15 novembre et au d\u00e9part le vendredi 20 novembre, compter environ 1h de trajet. En fonction des horaires des vols depuis la France m\u00e9tropolitaine, les navettes partiront :<\/p>\n<p style=\"text-align: justify;\">&#8211; le <strong>dimanche 16 novembre<\/strong> :<\/p>\n<ul style=\"text-align: justify;\">\n<li><span style=\"color: #3366ff;\">1 navette apr\u00e8s l&rsquo;arriv\u00e9e du vol en provenance de Paris (16:40) soit un d\u00e9part <strong>vers 17:00<\/strong><\/span><\/li>\n<li><span style=\"color: #3366ff;\">1 navette apr\u00e8s l&rsquo;arriv\u00e9e du vol en provenance de Nice (18:40) soit un d\u00e9part <strong>vers 19:00<\/strong><\/span><\/li>\n<\/ul>\n<p style=\"text-align: justify;\">Si vous arrivez par un autre vol le dimanche ou par un tout autre moyen, il sera n\u00e9anmoins possible de prendre l&rsquo;une des 2 navettes en vous rendant \u00e0 l&rsquo;a\u00e9roport \u00e0 l&rsquo;arriv\u00e9e des vols mentionn\u00e9s ci-dessus.<\/p>\n<p style=\"text-align: justify;\">&#8211; le <strong>vendredi 20 novembre<\/strong> apr\u00e8s les journ\u00e9es soit un d\u00e9part <strong>vers 16:00<\/strong><\/p>\n<h3><strong>En taxi :<br \/>\n<\/strong><\/h3>\n<p style=\"text-align: justify;\">Il est possible de r\u00e9server des taxis \u00e0 la charge de chaque participant. A titre indicatif,\u00a0entre Ajaccio et Carg\u00e8se compter environ 100 \u20ac tarif jour (8:00 &#8211; 19:00) et environ 140 \u20ac tarif nuit (19:00 &#8211; 8:00). Ci-apr\u00e8s une liste de taxis conseill\u00e9s par l&rsquo;IESC :<\/p>\n<ul>\n<li style=\"text-align: justify;\">Cyril\u00a0: 06.77.58.47.22<\/li>\n<li style=\"text-align: justify;\">Marco : 06.63.55.83.33<\/li>\n<li style=\"text-align: justify;\">Val\u00e9rie : 06.72.09.35.77<\/li>\n<\/ul>\n<p style=\"text-align: center;\"><strong><em>Notez que des v\u00e9hicules 7 places seront disponibles sur le centre<br \/>\nafin de simplifier les d\u00e9placements entre le village de Carg\u00e8se et le centre pour la dur\u00e9e des journ\u00e9es.<\/em><\/strong><\/p>\n","protected":false},"excerpt":{"rendered":"<h2><strong>Se rendre \u00e0 Carg\u00e8se<\/strong><\/h2>\n<p style=\"text-align: justify;\">L\u2019itin\u00e9raire le plus court pour se rendre \u00e0 <a href=\"http:\/\/www.cargese.net\/\">Carg\u00e8se<\/a> est de passer par <a href=\"http:\/\/www.ajaccio-tourisme.com\/\">Ajaccio<\/a> (\u00e0 50 km de Carg\u00e8se). D\u2019autres itin\u00e9raires sont possibles, mais notez bien que les transports publics en Corse sont peu fr\u00e9quents (<a href=\"http:\/\/www.corsicabus.org\">http:\/\/www.corsicabus.org<\/a>) et qu&rsquo;<strong>aucun bus ne circule  \u2026<\/p>\n<p class=\"continue-reading-button\"> <a class=\"continue-reading-link\" href=\"https:\/\/project.inria.fr\/jga2015\/pratique\/transport\/\">Lire la suite<i class=\"crycon-right-dir\"><\/i><\/a><\/p>\n","protected":false},"author":415,"featured_media":0,"parent":182,"menu_order":0,"comment_status":"closed","ping_status":"closed","template":"","meta":{"footnotes":""},"class_list":["post-172","page","type-page","status-publish","hentry"],"_links":{"self":[{"href":"https:\/\/project.inria.fr\/jga2015\/wp-json\/wp\/v2\/pages\/172","targetHints":{"allow":["GET"]}}],"collection":[{"href":"https:\/\/project.inria.fr\/jga2015\/wp-json\/wp\/v2\/pages"}],"about":[{"href":"https:\/\/project.inria.fr\/jga2015\/wp-json\/wp\/v2\/types\/page"}],"author":[{"embeddable":true,"href":"https:\/\/project.inria.fr\/jga2015\/wp-json\/wp\/v2\/users\/415"}],"replies":[{"embeddable":true,"href":"https:\/\/project.inria.fr\/jga2015\/wp-json\/wp\/v2\/comments?post=172"}],"version-history":[{"count":20,"href":"https:\/\/project.inria.fr\/jga2015\/wp-json\/wp\/v2\/pages\/172\/revisions"}],"predecessor-version":[{"id":213,"href":"https:\/\/project.inria.fr\/jga2015\/wp-json\/wp\/v2\/pages\/172\/revisions\/213"}],"up":[{"embeddable":true,"href":"https:\/\/project.inria.fr\/jga2015\/wp-json\/wp\/v2\/pages\/182"}],"wp:attachment":[{"href":"https:\/\/project.inria.fr\/jga2015\/wp-json\/wp\/v2\/media?parent=172"}],"curies":[{"name":"wp","href":"https:\/\/api.w.org\/{rel}","templated":true}]}}

<h2><strong>Se rendre à Cargèse</strong></h2>
<p style="text-align: justify;">L’itinéraire le plus court pour se rendre à <a href="http://www.cargese.net/">Cargèse</a> est de passer par <a href="http://www.ajaccio-tourisme.com/">Ajaccio</a> (à 50 km de Cargèse). D’autres itinéraires sont possibles, mais notez bien que les transports publics en Corse sont peu fréquents (<a href="http://www.corsicabus.org">http://www.corsicabus.org</a>) et qu&rsquo;<strong>aucun bus ne circule le dimanche</strong> à cette période de l&rsquo;année.</p>
<h3 style="text-align: justify;"><strong>Depuis l&rsquo;aéroport d&rsquo;Ajaccio :</strong></h3>
<p style="text-align: justify;">Des <strong>navettes gratuites</strong> entre l&rsquo;aéroport d&rsquo;Ajaccio et l&rsquo;IESC Cargèse seront mises en place à l&rsquo;arrivée le dimanche 15 novembre et au départ le vendredi 20 novembre, compter environ 1h de trajet. En fonction des horaires des vols depuis la France métropolitaine, les navettes partiront :</p>
<p style="text-align: justify;">&#8211; le <strong>dimanche 16 novembre</strong> :</p>
<ul style="text-align: justify;">
<li><span style="color: #3366ff;">1 navette après l&rsquo;arrivée du vol en provenance de Paris (16:40) soit un départ <strong>vers 17:00</strong></span></li>
<li><span style="color: #3366ff;">1 navette après l&rsquo;arrivée du vol en provenance de Nice (18:40) soit un départ <strong>vers 19:00</strong></span></li>
</ul>
<p style="text-align: justify;">Si vous arrivez par un autre vol le dimanche ou par un tout autre moyen, il sera néanmoins possible de prendre l&rsquo;une des 2 navettes en vous rendant à l&rsquo;aéroport à l&rsquo;arrivée des vols mentionnés ci-dessus.</p>
<p style="text-align: justify;">&#8211; le <strong>vendredi 20 novembre</strong> après les journées soit un départ <strong>vers 16:00</strong></p>
<h3><strong>En taxi :<br />
</strong></h3>
<p style="text-align: justify;">Il est possible de réserver des taxis à la charge de chaque participant. A titre indicatif, entre Ajaccio et Cargèse compter environ 100 € tarif jour (8:00 &#8211; 19:00) et environ 140 € tarif nuit (19:00 &#8211; 8:00). Ci-après une liste de taxis conseillés par l&rsquo;IESC :</p>
<ul>
<li style="text-align: justify;">Cyril : 06.77.58.47.22</li>
<li style="text-align: justify;">Marco : 06.63.55.83.33</li>
<li style="text-align: justify;">Valérie : 06.72.09.35.77</li>
</ul>
<p style="text-align: center;"><strong><em>Notez que des véhicules 7 places seront disponibles sur le centre<br />
afin de simplifier les déplacements entre le village de Cargèse et le centre pour la durée des journées.</em></strong></p>

<h2><strong>Se rendre à Cargèse</strong></h2>
<p style="text-align: justify;">L’itinéraire le plus court pour se rendre à <a href="http://www.cargese.net/">Cargèse</a> est de passer par <a href="http://www.ajaccio-tourisme.com/">Ajaccio</a> (à 50 km de Cargèse). D’autres itinéraires sont possibles, mais notez bien que les transports publics en Corse sont peu fréquents (<a href="http://www.corsicabus.org">http://www.corsicabus.org</a>) et qu&rsquo;<strong>aucun bus ne circule  …</p>
<p class="continue-reading-button"> <a class="continue-reading-link" href="https://project.inria.fr/jga2015/pratique/transport/">Lire la suite<i class="crycon-right-dir"></i></a></p>
