

{"id":182,"date":"2015-08-25T17:31:49","date_gmt":"2015-08-25T15:31:49","guid":{"rendered":"https:\/\/project.inria.fr\/jga2015\/?page_id=182"},"modified":"2015-12-08T15:33:12","modified_gmt":"2015-12-08T14:33:12","slug":"pratique","status":"publish","type":"page","link":"https:\/\/project.inria.fr\/jga2015\/pratique\/","title":{"rendered":"Pratique"},"content":{"rendered":"<h2><strong>Transport :<\/strong><\/h2>\n<p>L\u2019itin\u00e9raire le plus court pour se rendre \u00e0 Carg\u00e8se est de passer par Ajaccio (\u00e0 50 km de Carg\u00e8se).<br \/>\n<strong>Des navettes gratuites entre l&rsquo;a\u00e9roport d&rsquo;Ajaccio et l&rsquo;IESC Carg\u00e8se seront mises en place.<\/strong><br \/>\n<span style=\"color: #3366ff;\"><a style=\"color: #3366ff;\" href=\"https:\/\/project.inria.fr\/jga2015\/fr\/transport\/\">Pour plus d&rsquo;information<\/a><\/span><\/p>\n<h2><strong>H\u00e9bergement :<\/strong><\/h2>\n<p><strong><span style=\"color: #ff0000;\">Attention l&rsquo;IESC \u00e9tant ferm\u00e9 le dimanche, l&rsquo;accueil pour l&rsquo;attribution des logements ne sera possible qu&rsquo;entre 18:00 et 20:00.<br \/>\n<\/span><\/strong><span style=\"color: #3366ff;\"><a style=\"color: #3366ff;\" href=\"https:\/\/project.inria.fr\/jga2015\/hebergement-2\/\">Pour plus d&rsquo;information<\/a><strong><br \/>\n<\/strong><\/span><\/p>\n<h2><strong>Repas :<\/strong><\/h2>\n<p>Les petits-d\u00e9jeuners, les d\u00e9jeuners ainsi que le d\u00eener du 18 novembre sont inclus dans les frais d&rsquo;inscription. <strong><span style=\"text-decoration: underline;\">Les d\u00eeners sont \u00e0 la charge des participants<\/span>.<\/strong><br \/>\n<span style=\"color: #3366ff;\"><a style=\"color: #3366ff;\" href=\"https:\/\/project.inria.fr\/jga2015\/fr\/repas\/\">Pour plus d&rsquo;information<\/a><\/span><\/p>\n<h2><strong>Utile :<\/strong><\/h2>\n<p>Pr\u00e9voir de bonnes chaussures de marche, une veste de pluie ou coupe vent, un parapluie et une lampe torche.<\/p>\n<h2><strong>Social event:<\/strong><\/h2>\n<p>Si le temps est cl\u00e9ment nous allons organiser une randonn\u00e9e dans le cr\u00e9neau 13h30 &#8211; 16h30,<br \/>\nen choisissant la journ\u00e9e avec le plus beau temps. <a href=\"https:\/\/project.inria.fr\/jga2015\/social-events\/\">Plus d&rsquo;information.<\/a><\/p>\n<h2><strong>Adresse :<\/strong><\/h2>\n<p>Institut d\u2019\u00c9tudes Scientifiques de Carg\u00e8se<br \/>\nMenasina<br \/>\n20130 CARG\u00c8SE<\/p>\n<h2><strong>Photos souvenirs<\/strong><\/h2>\n<p>Ci-dessous les liens vers 3 albums photos de cette magnifique semaine.<\/p>\n<ul>\n<li><a href=\"https:\/\/goo.gl\/photos\/8tdzgWu8EVBRjKM17\">IESC<\/a><\/li>\n<li><a href=\"https:\/\/goo.gl\/photos\/Rom1mBVUwa5Qjc1VA\">Randonn\u00e9e \u00e0 Punta d&rsquo;Omigna<\/a><\/li>\n<li><a href=\"https:\/\/goo.gl\/photos\/i6cEFAUkfpyw2cD19\">Bonus<\/a><\/li>\n<\/ul>\n<p>&nbsp;<\/p>\n<h2 style=\"text-align: center;\"><strong>Pour toutes questions merci de contacter : <span style=\"color: #3366ff;\"><a style=\"color: #3366ff;\" href=\"mailto:jga2015-org@inria.fr\">jga2015-org@inria.fr<\/a><\/span><\/strong><\/h2>\n<h2><\/h2>\n<h2><\/h2>\n","protected":false},"excerpt":{"rendered":"<h2><strong>Transport :<\/strong><\/h2>\n<p>L\u2019itin\u00e9raire le plus court pour se rendre \u00e0 Carg\u00e8se est de passer par Ajaccio (\u00e0 50 km de Carg\u00e8se).<br \/> <strong>Des navettes gratuites entre l&rsquo;a\u00e9roport d&rsquo;Ajaccio et l&rsquo;IESC Carg\u00e8se seront mises en place.<\/strong><br \/> <a style=\"color: #3366ff;\" href=\"https:\/\/project.inria.fr\/jga2015\/fr\/transport\/\">Pour plus d&rsquo;information<\/a><\/p>\n<h2><strong>H\u00e9bergement :<\/strong><\/h2>\n<p><strong>Attention l&rsquo;IESC \u00e9tant ferm\u00e9 le dimanche,  \u2026<\/p>\n<p class=\"continue-reading-button\"> <a class=\"continue-reading-link\" href=\"https:\/\/project.inria.fr\/jga2015\/pratique\/\">Lire la suite<i class=\"crycon-right-dir\"><\/i><\/a><\/p>\n","protected":false},"author":415,"featured_media":0,"parent":0,"menu_order":0,"comment_status":"closed","ping_status":"closed","template":"templates\/template-onecolumn.php","meta":{"footnotes":""},"class_list":["post-182","page","type-page","status-publish","hentry"],"_links":{"self":[{"href":"https:\/\/project.inria.fr\/jga2015\/wp-json\/wp\/v2\/pages\/182","targetHints":{"allow":["GET"]}}],"collection":[{"href":"https:\/\/project.inria.fr\/jga2015\/wp-json\/wp\/v2\/pages"}],"about":[{"href":"https:\/\/project.inria.fr\/jga2015\/wp-json\/wp\/v2\/types\/page"}],"author":[{"embeddable":true,"href":"https:\/\/project.inria.fr\/jga2015\/wp-json\/wp\/v2\/users\/415"}],"replies":[{"embeddable":true,"href":"https:\/\/project.inria.fr\/jga2015\/wp-json\/wp\/v2\/comments?post=182"}],"version-history":[{"count":27,"href":"https:\/\/project.inria.fr\/jga2015\/wp-json\/wp\/v2\/pages\/182\/revisions"}],"predecessor-version":[{"id":389,"href":"https:\/\/project.inria.fr\/jga2015\/wp-json\/wp\/v2\/pages\/182\/revisions\/389"}],"wp:attachment":[{"href":"https:\/\/project.inria.fr\/jga2015\/wp-json\/wp\/v2\/media?parent=182"}],"curies":[{"name":"wp","href":"https:\/\/api.w.org\/{rel}","templated":true}]}}