

{"id":347,"date":"2015-11-06T15:00:42","date_gmt":"2015-11-06T14:00:42","guid":{"rendered":"https:\/\/project.inria.fr\/jga2015\/?page_id=347"},"modified":"2015-11-06T15:00:42","modified_gmt":"2015-11-06T14:00:42","slug":"inscriptions-detail","status":"publish","type":"page","link":"https:\/\/project.inria.fr\/jga2015\/inscriptions-detail\/","title":{"rendered":"Inscriptions d\u00e9tail"},"content":{"rendered":"<h2><strong>Tarifs :<\/strong><\/h2>\n<ul>\n<li style=\"text-align: justify;\"><strong><span style=\"color: #3366ff;\">CNRS<\/span><\/strong> * : <strong>gratuit<\/strong> (en chambre double ou simple suivant les disponibilit\u00e9s &#8211; merci de communiquer votre UMR et num\u00e9ro d&rsquo;agent CNRS)<\/li>\n<li style=\"text-align: justify;\"><strong><span style=\"color: #3366ff;\">Etudiants<\/span><\/strong> : <strong>150 Euros<\/strong> (en chambre double uniquement &#8211; merci de fournir la copie de votre carte d&rsquo;\u00e9tudiant ou un certificat)<\/li>\n<li style=\"text-align: justify;\"><strong><span style=\"color: #3366ff;\">Chercheurs<\/span><\/strong> : <strong>350 Euros<\/strong> (en chambre double ou simple suivant les disponibilit\u00e9s)<\/li>\n<\/ul>\n<p style=\"text-align: justify;\"><em>* Note : les JGA \u00e9tant une <strong>\u00e9cole th\u00e9matique CNRS<\/strong>, l&rsquo;inscription est gratuite pour les agents CNRS.<\/em><\/p>\n<p><strong>Les frais d&rsquo;inscription comprennent :<\/strong><\/p>\n<ul>\n<li style=\"text-align: justify;\">la participation aux journ\u00e9es,<\/li>\n<li style=\"text-align: justify;\">l&rsquo;h\u00e9bergement (du dimanche 15 novembre check-in, au vendredi 20 novembre check-out &#8211; aucune extension possible),<\/li>\n<li style=\"text-align: justify;\">les petits d\u00e9jeuners,<\/li>\n<li style=\"text-align: justify;\">les d\u00e9jeuners,<\/li>\n<li style=\"text-align: justify;\">le d\u00eener du 18 novembre.<\/li>\n<\/ul>\n<p style=\"text-align: justify;\"><strong>Les frais d&rsquo;inscription ne couvrent pas :<\/strong><\/p>\n<ul style=\"text-align: justify;\">\n<li>les frais de transport,<\/li>\n<li>les d\u00eeners qui seront \u00e0 prendre \u00e0 Carg\u00e8se au libre choix des participants.<\/li>\n<\/ul>\n<h2 style=\"text-align: justify;\"><strong>Paiement :<\/strong><\/h2>\n<p style=\"text-align: justify;\">L&rsquo;inscription ne sera consid\u00e9r\u00e9e comme d\u00e9finitive qu&rsquo;\u00e0 r\u00e9ception du paiement via le syst\u00e8me Azur Colloque CNRS\u00a0et pourra se faire par :<\/p>\n<ul style=\"text-align: justify;\">\n<li>carte bancaire<\/li>\n<li>virement bancaire (merci d&rsquo;indiquer <strong>votre nom<\/strong> et la mention <strong>JGA2015<\/strong> dans l&rsquo;ordre de virement afin de faciliter l&rsquo;identification du paiement)<\/li>\n<\/ul>\n<h2 style=\"text-align: justify;\"><strong>Annulation :<\/strong><\/h2>\n<p style=\"text-align: justify;\">Pour des raisons d&rsquo;organisation, aucune annulation ne sera possible et ne pourra donner lieu \u00e0 un remboursement des frais d&rsquo;inscription.<\/p>\n","protected":false},"excerpt":{"rendered":"<h2><strong>Tarifs :<\/strong><\/h2>\n<ul>\n<li style=\"text-align: justify;\"><strong>CNRS<\/strong> * : <strong>gratuit<\/strong> (en chambre double ou simple suivant les disponibilit\u00e9s &#8211; merci de communiquer votre UMR et num\u00e9ro d&rsquo;agent CNRS)<\/li>\n<li style=\"text-align: justify;\"><strong>Etudiants<\/strong> : <strong>150 Euros<\/strong> (en chambre double uniquement &#8211; merci de fournir la copie de votre carte d&rsquo;\u00e9tudiant ou un certificat)<\/li>\n<p>  \u2026<\/p>\n<p class=\"continue-reading-button\"> <a class=\"continue-reading-link\" href=\"https:\/\/project.inria.fr\/jga2015\/inscriptions-detail\/\">Lire la suite<i class=\"crycon-right-dir\"><\/i><\/a><\/p>\n","protected":false},"author":415,"featured_media":0,"parent":0,"menu_order":0,"comment_status":"closed","ping_status":"closed","template":"","meta":{"footnotes":""},"class_list":["post-347","page","type-page","status-publish","hentry"],"_links":{"self":[{"href":"https:\/\/project.inria.fr\/jga2015\/wp-json\/wp\/v2\/pages\/347","targetHints":{"allow":["GET"]}}],"collection":[{"href":"https:\/\/project.inria.fr\/jga2015\/wp-json\/wp\/v2\/pages"}],"about":[{"href":"https:\/\/project.inria.fr\/jga2015\/wp-json\/wp\/v2\/types\/page"}],"author":[{"embeddable":true,"href":"https:\/\/project.inria.fr\/jga2015\/wp-json\/wp\/v2\/users\/415"}],"replies":[{"embeddable":true,"href":"https:\/\/project.inria.fr\/jga2015\/wp-json\/wp\/v2\/comments?post=347"}],"version-history":[{"count":1,"href":"https:\/\/project.inria.fr\/jga2015\/wp-json\/wp\/v2\/pages\/347\/revisions"}],"predecessor-version":[{"id":348,"href":"https:\/\/project.inria.fr\/jga2015\/wp-json\/wp\/v2\/pages\/347\/revisions\/348"}],"wp:attachment":[{"href":"https:\/\/project.inria.fr\/jga2015\/wp-json\/wp\/v2\/media?parent=347"}],"curies":[{"name":"wp","href":"https:\/\/api.w.org\/{rel}","templated":true}]}}