

{"id":4,"date":"2011-12-08T11:55:34","date_gmt":"2011-12-08T10:55:34","guid":{"rendered":"http:\/\/project.inria.fr\/template1\/?page_id=4"},"modified":"2021-08-10T09:07:41","modified_gmt":"2021-08-10T07:07:41","slug":"home","status":"publish","type":"page","link":"https:\/\/project.inria.fr\/journeesscientifiques2021\/","title":{"rendered":"Accueil"},"content":{"rendered":"<p><\/p>\n<h4><span style=\"color: #ff9900;\">Les JSI 2021 : une \u00e9dition sp\u00e9ciale !<\/span><\/h4>\n<p>Cette ann\u00e9e, le centre <strong>Inria Saclay -\u00cele-de-France<\/strong> a eu le plaisir d&rsquo;organiser les\u00a0<strong>Journ\u00e9es Scientifiques Inria\u00a02021<\/strong>, pour une \u00e9dition un peu sp\u00e9ciale puisque celles-ci \u00e9taient pour la premi\u00e8re fois <strong>100% digitales<\/strong>.<\/p>\n<p>Ce rendez-vous fut l&rsquo;occasion de pr\u00e9senter un panorama des domaines de recherche et d&rsquo;application d\u00e9velopp\u00e9s par les \u00e9quipes-projets de l&rsquo;institut et d&rsquo;avoir\u00a0des temps d&rsquo;\u00e9changes privil\u00e9gi\u00e9s sur diff\u00e9rents sujets qui ont marqu\u00e9 notre actualit\u00e9 et\/ou qui nous feront avancer collectivement.<\/p>\n<p>\u00c0 cette occasion, l&rsquo;ensemble de la programmation a \u00e9t\u00e9 ouverte \u00e0 l&rsquo;ensemble des agents Inria, scientifiques comme administratifs, sur simple\u00a0inscription.<\/p>\n<p><center><iframe loading=\"lazy\" title=\"YouTube video player\" src=\"https:\/\/www.youtube.com\/embed\/f2CF7jwbtFk\" width=\"560\" height=\"315\" frameborder=\"0\" allowfullscreen=\"allowfullscreen\"><\/iframe><\/center><\/p>\n<p class=\"titanic\" style=\"text-align: center;\">? <a href=\"https:\/\/www.youtube.com\/watch?v=f2CF7jwbtFk&amp;list=PLJ1qHZpFsMsQZ8rbO5s-Adw7cxjWXzkFI\" target=\"_blank\" rel=\"noopener\"><strong>Revoir toutes les vid\u00e9os des JSI 2021<\/strong><\/a><\/p>\n<p><em>Alain Couvreur<\/em><br \/>\n<em>Pr\u00e9sident du comit\u00e9 de programme des JSI 2021<\/em><\/p>\n<p>&nbsp;<\/p>","protected":false},"excerpt":{"rendered":"<p>Les JSI 2021 : une \u00e9dition sp\u00e9ciale ! Cette ann\u00e9e, le centre Inria Saclay -\u00cele-de-France a eu le plaisir d&rsquo;organiser les\u00a0Journ\u00e9es Scientifiques Inria\u00a02021, pour une \u00e9dition un peu sp\u00e9ciale puisque celles-ci \u00e9taient pour la premi\u00e8re fois 100% digitales. Ce rendez-vous fut l&rsquo;occasion de pr\u00e9senter un panorama des domaines de recherche&#8230;<\/p>\n<p> <a class=\"continue-reading-link\" href=\"https:\/\/project.inria.fr\/journeesscientifiques2021\/\"><span>Continue reading<\/span><i class=\"crycon-right-dir\"><\/i><\/a> <\/p>\n","protected":false},"author":1,"featured_media":0,"parent":0,"menu_order":0,"comment_status":"closed","ping_status":"closed","template":"","meta":{"footnotes":"","_members_access_role":[],"_members_access_error":""},"class_list":["post-4","page","type-page","status-publish","hentry"],"_links":{"self":[{"href":"https:\/\/project.inria.fr\/journeesscientifiques2021\/wp-json\/wp\/v2\/pages\/4","targetHints":{"allow":["GET"]}}],"collection":[{"href":"https:\/\/project.inria.fr\/journeesscientifiques2021\/wp-json\/wp\/v2\/pages"}],"about":[{"href":"https:\/\/project.inria.fr\/journeesscientifiques2021\/wp-json\/wp\/v2\/types\/page"}],"author":[{"embeddable":true,"href":"https:\/\/project.inria.fr\/journeesscientifiques2021\/wp-json\/wp\/v2\/users\/1"}],"replies":[{"embeddable":true,"href":"https:\/\/project.inria.fr\/journeesscientifiques2021\/wp-json\/wp\/v2\/comments?post=4"}],"version-history":[{"count":115,"href":"https:\/\/project.inria.fr\/journeesscientifiques2021\/wp-json\/wp\/v2\/pages\/4\/revisions"}],"predecessor-version":[{"id":3405,"href":"https:\/\/project.inria.fr\/journeesscientifiques2021\/wp-json\/wp\/v2\/pages\/4\/revisions\/3405"}],"wp:attachment":[{"href":"https:\/\/project.inria.fr\/journeesscientifiques2021\/wp-json\/wp\/v2\/media?parent=4"}],"curies":[{"name":"wp","href":"https:\/\/api.w.org\/{rel}","templated":true}]}}

<p></p>
<h4><span style="color: #ff9900;">Les JSI 2021 : une édition spéciale !</span></h4>
<p>Cette année, le centre <strong>Inria Saclay -Île-de-France</strong> a eu le plaisir d&rsquo;organiser les <strong>Journées Scientifiques Inria 2021</strong>, pour une édition un peu spéciale puisque celles-ci étaient pour la première fois <strong>100% digitales</strong>.</p>
<p>Ce rendez-vous fut l&rsquo;occasion de présenter un panorama des domaines de recherche et d&rsquo;application développés par les équipes-projets de l&rsquo;institut et d&rsquo;avoir des temps d&rsquo;échanges privilégiés sur différents sujets qui ont marqué notre actualité et/ou qui nous feront avancer collectivement.</p>
<p>À cette occasion, l&rsquo;ensemble de la programmation a été ouverte à l&rsquo;ensemble des agents Inria, scientifiques comme administratifs, sur simple inscription.</p>
<p><center><iframe loading="lazy" title="YouTube video player" src="https://www.youtube.com/embed/f2CF7jwbtFk" width="560" height="315" frameborder="0" allowfullscreen="allowfullscreen"></iframe></center></p>
<p class="titanic" style="text-align: center;">? <a href="https://www.youtube.com/watch?v=f2CF7jwbtFk&amp;list=PLJ1qHZpFsMsQZ8rbO5s-Adw7cxjWXzkFI" target="_blank" rel="noopener"><strong>Revoir toutes les vidéos des JSI 2021</strong></a></p>
<p><em>Alain Couvreur</em><br />
<em>Président du comité de programme des JSI 2021</em></p>
<p>&nbsp;</p>

<p>Les JSI 2021 : une édition spéciale ! Cette année, le centre Inria Saclay -Île-de-France a eu le plaisir d&rsquo;organiser les Journées Scientifiques Inria 2021, pour une édition un peu spéciale puisque celles-ci étaient pour la première fois 100% digitales. Ce rendez-vous fut l&rsquo;occasion de présenter un panorama des domaines de recherche&#8230;</p>
<p> <a class="continue-reading-link" href="https://project.inria.fr/journeesscientifiques2021/"><span>Continue reading</span><i class="crycon-right-dir"></i></a> </p>
