

{"id":149,"date":"2025-03-31T21:02:58","date_gmt":"2025-03-31T19:02:58","guid":{"rendered":"https:\/\/project.inria.fr\/lint\/?page_id=149"},"modified":"2025-04-01T10:03:15","modified_gmt":"2025-04-01T08:03:15","slug":"publications","status":"publish","type":"page","link":"https:\/\/project.inria.fr\/lint\/publications\/","title":{"rendered":"Publications"},"content":{"rendered":"<ul class=\"wp-block-list\"><li>J. P. Esper, N. Achir, K. V. Cardoso and J. M. Almeida, &#8220;Impact of User Privacy and Mobility on Edge Offloading,&#8221; 2023 IEEE 34th Annual International Symposium on Personal, Indoor and Mobile Radio Communications (PIMRC), Toronto, ON, Canada, 2023, pp. 1-6, doi: 10.1109\/PIMRC56721.2023.10293816.<\/li><\/ul>\n\n\n\n<ul class=\"wp-block-list\"><li>Jo\u00e3o Paulo Esper, Aline Carneiro Viana, Jussara M. Almeida. Impact of Mobility Patterns on Federated Learning Applied to Human Mobility Prediction. NetMob 2023, Oct 2023, Madrid, Spain., 2023.<\/li><\/ul>\n\n\n\n<ul class=\"wp-block-list\"><li>Lucas Airam Castro de Souza, Matteo Sammarco, Nadjib Achir, Miguel Elias Mitre Campista, Lu\u00eds Henrique Maciel Kosmalski Costa. AutoMHS-GPT: Automa\u00e7\u00e3o de Sele\u00e7\u00e3o de Modelos e Hiperpar\u00e2metros por meio de Modelo Generativo para Detec\u00e7\u00e3o de Anomalias em Redes Veiculares. SBRC 2024 &#8211; 42\u00b0 Simp\u00f3sio Brasileiro de Redes de Computadores e Sistemas Distribu\u00eddos, May 2024, Niteroi, Universidade Federal Fluminense, Brazil.<\/li><\/ul>\n\n\n\n<ul class=\"wp-block-list\"><li>Lucas Airam Castro de Souza, Matteo Sammarco, Nadjib Achir, Miguel Elias Mitre Campista, Lu\u00eds Henrique Maciel Kosmalski Costa, &#8220;AutoMHS-GPT: Automated Model and Hyperparameter Selection with Generative Pre-Trained Model,&#8221; 2024 IEEE 13th International Conference on Cloud Networking (CloudNet), Rio de Janeiro, Brazil, 2024, pp. 1-8, doi: 10.1109\/CloudNet62863.2024.10815898. <\/li><\/ul>\n\n\n\n<ul class=\"wp-block-list\"><li>Lucas Da Silva Felix, Anne Josiane Kouam, Aline Carneiro Viana, Nadjib Achir, Jussara Almeida. Assessing Shadows in Mobility: Beyond Spatiotemporal Patterns. NetMob 2024, World Bank, Oct 2024, Washington (DC), United States.\u00a0 <\/li><\/ul>\n\n\n\n<ul class=\"wp-block-list\"><li>Jo\u00e3o Paulo Esper, Aline Carneiro Viana, and Jussara M. Almeida. 2024. Beauty or Beast: Human Behavioral Insights and Learning Power of Federated Mobility Prediction. In Proceedings of the 32nd ACM International Conference on Advances in Geographic Information Systems (SIGSPATIAL &#8217;24). Association for Computing Machinery, New York, NY, USA, 325\u2013337. <\/li><\/ul>\n\n\n\n<ul class=\"wp-block-list\"><li>Lucas Da Silva Felix, Anne Josiane Kouam, Aline Carneiro Viana, Nadjib Achir, Jussara Almeida, Estimando a Vulnerabilidade a Exposi\u00e7\u00e3o de Usu\u00e1rios em Dados de Mobilidade, in Simp\u00f3sio Brasileiro De Redes De Computadores E Sistemas Distribu\u00eddos (SBRC) 2025, May 19-23, 2025, Natal, Brazil. <\/li><\/ul>\n\n\n\n<ul class=\"wp-block-list\"><li>Kouam, A.J., Viana, A.C., Beir&#8217;o, M.G., Ferres, L., &amp; Pappalardo, L. (2025). Characterizing User Behavior: The Interplay Between Mobility Patterns and Mobile Traffic. ArXiv, abs\/2501.19348. <\/li><\/ul>\n\n\n\n<ul class=\"wp-block-list\"><li>Lucas Da Silva Felix, Anne Josiane Kouam, Aline Carneiro Viana, Nadjib Achir, Jussara Almeida, The Silent Signature: Behavior-based User Exposure in Mobility Data, accepted in the 26th IEEE International Conference on Mobile Data Management, June 2nd &#8211; June 5th Irvine, USA. <\/li><\/ul>\n\n\n\n<ul class=\"wp-block-list\"><li>ALC\u00c2NTARA, Vin\u00edcius; CRUZ, Pedro; ACHIR, Nadjib; VIANA, Aline C.; COSTA, Lu\u00eds Henrique M. K.. Pythia: Uma Plataforma de Emula\u00e7\u00e3o de Mobilidade em N\u00e9voas Computacionais. In: Sal\u00e3o De Ferramentas &#8211; Simp\u00f3sio Brasileiro De Redes De Computadores E Sistemas Distribu\u00eddos (SBRC), 42. , 2024, Niter\u00f3i\/RJ. Anais [&#8230;]. Porto Alegre: Sociedade Brasileira de Computa\u00e7\u00e3o, 2024 . p. 25-32. ISSN 2177-9384. DOI: <a href=\"https:\/\/doi.org\/10.5753\/sbrc_estendido.2024.2299\">https:\/\/doi.org\/10.5753\/sbrc_estendido.2024.2299<\/a>. <\/li><\/ul>\n\n\n\n<ul class=\"wp-block-list\"><li>de Souza, L. A. C., Camilo, G. F., Rebello, G. A. F., Sammarco M., Campista, M. E. M., Costa, L. H. M. K. &#8211; &#8220;ATHENA-FL: Evitando a Heterogeneidade Estat\u00edstica atrav\u00e9s do Um-contra-Todos no Aprendizado Federado&#8221;, in VII Workshop de Computa\u00e7\u00e3o Urbana (CoUrb), Bras\u00edlia, DF, Brazil, May 2023. <\/li><\/ul>","protected":false},"excerpt":{"rendered":"<p>J. P. Esper, N. Achir, K. V. Cardoso and J. M. Almeida, &#8220;Impact of User Privacy and Mobility on Edge Offloading,&#8221; 2023 IEEE 34th Annual International Symposium on Personal, Indoor and Mobile Radio Communications (PIMRC), Toronto, ON, Canada, 2023, pp. 1-6, doi: 10.1109\/PIMRC56721.2023.10293816. Jo\u00e3o Paulo Esper, Aline Carneiro Viana, Jussara\u2026<\/p>\n<p> <a class=\"continue-reading-link\" href=\"https:\/\/project.inria.fr\/lint\/publications\/\"><span>Continue reading<\/span><i class=\"crycon-right-dir\"><\/i><\/a> <\/p>\n","protected":false},"author":1956,"featured_media":0,"parent":0,"menu_order":0,"comment_status":"closed","ping_status":"closed","template":"","meta":{"footnotes":""},"class_list":["post-149","page","type-page","status-publish","hentry"],"_links":{"self":[{"href":"https:\/\/project.inria.fr\/lint\/wp-json\/wp\/v2\/pages\/149","targetHints":{"allow":["GET"]}}],"collection":[{"href":"https:\/\/project.inria.fr\/lint\/wp-json\/wp\/v2\/pages"}],"about":[{"href":"https:\/\/project.inria.fr\/lint\/wp-json\/wp\/v2\/types\/page"}],"author":[{"embeddable":true,"href":"https:\/\/project.inria.fr\/lint\/wp-json\/wp\/v2\/users\/1956"}],"replies":[{"embeddable":true,"href":"https:\/\/project.inria.fr\/lint\/wp-json\/wp\/v2\/comments?post=149"}],"version-history":[{"count":3,"href":"https:\/\/project.inria.fr\/lint\/wp-json\/wp\/v2\/pages\/149\/revisions"}],"predecessor-version":[{"id":154,"href":"https:\/\/project.inria.fr\/lint\/wp-json\/wp\/v2\/pages\/149\/revisions\/154"}],"wp:attachment":[{"href":"https:\/\/project.inria.fr\/lint\/wp-json\/wp\/v2\/media?parent=149"}],"curies":[{"name":"wp","href":"https:\/\/api.w.org\/{rel}","templated":true}]}}