

{"id":211,"date":"2013-03-16T19:57:58","date_gmt":"2013-03-16T18:57:58","guid":{"rendered":"https:\/\/project.inria.fr\/magic\/?page_id=211"},"modified":"2013-03-16T23:31:12","modified_gmt":"2013-03-16T22:31:12","slug":"cv-julien","status":"publish","type":"page","link":"https:\/\/project.inria.fr\/magic\/people\/julien-diaz\/cv-julien\/","title":{"rendered":"Julien Diaz &#8212; CV"},"content":{"rendered":"<p>&nbsp;<\/p>\n<ul style=\"display: inline; border: solid 1px black; list-style-type: none; margin: 0px; background-color: lightgrey; padding: 5px; color: midnightblue;\">\n<li style=\"display: inline; padding-right: 10px;\"><a style=\"color: #e33729;\" href=\"https:\/\/project.inria.fr\/magic\/people\/julien-diaz\/\"><strong>Home<\/strong><\/a><\/li>\n<li style=\"display: inline; padding-right: 10px;\"><a href=\"https:\/\/project.inria.fr\/magic\/people\/research-julien\/\"><strong>Research Areas<\/strong><\/a><\/li>\n<li style=\"display: inline; padding-right: 10px;\"><a href=\"https:\/\/project.inria.fr\/magic\/people\/phd-students-julien\/\"><strong>PhD Students<\/strong><\/a><\/li>\n<li style=\"display: inline; padding-right: 10px;\"><a href=\"https:\/\/project.inria.fr\/magic\/people\/publications-2\/\"><strong>Publications<\/strong><\/a><\/li>\n<li style=\"display: inline; padding-right: 10px;\"><a href=\"https:\/\/project.inria.fr\/magic\/people\/julien-diaz\/software\"><strong>Software<\/strong><\/a><\/li>\n<li style=\"display: inline; padding-right: 10px;\"><a href=\"https:\/\/project.inria.fr\/magic\/people\/transfer-julien\/\"><strong>Transfer<\/strong><\/a><\/li>\n<li style=\"display: inline; padding-right: 10px;\"><a style=\"color: #363842;\" href=\"https:\/\/project.inria.fr\/magic\/people\/cv-julien\/\"><strong>CV<\/strong><\/a><\/li>\n<\/ul>\n<p>&nbsp;<\/p>\n<h1><span style=\"color: #e33729;\">Short CV<\/span><\/h1>\n<ul>\n<li>1998-2001 : Ecole Centrale de Nantes<\/li>\n<li>2000-2001 : DEA of Applied Mathematics at Universit\u00e9 Versailles Saint-Quentin<\/li>\n<p><a name=\"Thesis\"><\/a><\/p>\n<li>2001-2005 : PhD at INRIA. Titre : <em><strong>Approches analytiques et num\u00e9riques de probl\u00e8mes de transmission en propagation d&#8217;ondes en r\u00e9gime transitoire. Application au couplage fluide-structure et aux m\u00e9thodes de couches parfaitement adapt\u00e9es<\/strong><\/em> (in french)<\/li>\n<li>2005-2006 : Post-Doc at EDF<\/li>\n<li>2006-2007 : Post-Doc at Basel University<\/li>\n<li>Since February 2007 : Junior research scientist in the INRIA Team-Project MAGIQUE-3D<\/li>\n<\/ul>\n<p>&nbsp;<\/p>\n<ul>\n<li><a href=\"http:\/\/web.univ-pau.fr\/%7Ejdiaz1\/cv.pdf\"> CV (in pdf and in french)<\/a><\/li>\n<\/ul>\n<p><\/p>","protected":false},"excerpt":{"rendered":"<p>&nbsp; Home Research Areas PhD Students Publications Software Transfer CV &nbsp; Short CV 1998-2001 : Ecole Centrale de Nantes 2000-2001 : DEA of Applied Mathematics at Universit\u00e9 Versailles Saint-Quentin 2001-2005 : PhD at INRIA. Titre : Approches analytiques et num\u00e9riques de probl\u00e8mes de transmission en propagation d&#8217;ondes en r\u00e9gime transitoire. Application au couplage fluide-structure et &hellip; <\/p>\n<p><a class=\"more-link btn\" href=\"https:\/\/project.inria.fr\/magic\/people\/julien-diaz\/cv-julien\/\">Continue reading<\/a><\/p>\n","protected":false},"author":248,"featured_media":0,"parent":147,"menu_order":0,"comment_status":"closed","ping_status":"open","template":"","meta":{"footnotes":""},"class_list":["post-211","page","type-page","status-publish","hentry","nodate","item-wrap"],"_links":{"self":[{"href":"https:\/\/project.inria.fr\/magic\/wp-json\/wp\/v2\/pages\/211","targetHints":{"allow":["GET"]}}],"collection":[{"href":"https:\/\/project.inria.fr\/magic\/wp-json\/wp\/v2\/pages"}],"about":[{"href":"https:\/\/project.inria.fr\/magic\/wp-json\/wp\/v2\/types\/page"}],"author":[{"embeddable":true,"href":"https:\/\/project.inria.fr\/magic\/wp-json\/wp\/v2\/users\/248"}],"replies":[{"embeddable":true,"href":"https:\/\/project.inria.fr\/magic\/wp-json\/wp\/v2\/comments?post=211"}],"version-history":[{"count":7,"href":"https:\/\/project.inria.fr\/magic\/wp-json\/wp\/v2\/pages\/211\/revisions"}],"predecessor-version":[{"id":420,"href":"https:\/\/project.inria.fr\/magic\/wp-json\/wp\/v2\/pages\/211\/revisions\/420"}],"up":[{"embeddable":true,"href":"https:\/\/project.inria.fr\/magic\/wp-json\/wp\/v2\/pages\/147"}],"wp:attachment":[{"href":"https:\/\/project.inria.fr\/magic\/wp-json\/wp\/v2\/media?parent=211"}],"curies":[{"name":"wp","href":"https:\/\/api.w.org\/{rel}","templated":true}]}}