

{"id":2120,"date":"2018-07-13T16:22:07","date_gmt":"2018-07-13T14:22:07","guid":{"rendered":"https:\/\/project.inria.fr\/mastic\/?page_id=2120"},"modified":"2018-10-30T14:42:44","modified_gmt":"2018-10-30T13:42:44","slug":"publications-videos","status":"publish","type":"page","link":"https:\/\/project.inria.fr\/mastic\/ressources\/publications-videos\/","title":{"rendered":"Publications &#038; Vid\u00e9os"},"content":{"rendered":"<h3><strong>Livres\/Publications<\/strong><\/h3>\n<ul>\n<li>25 vraies, fausses id\u00e9es re\u00e7ues en sciences : le <a href=\"https:\/\/media.fetedelascience.fr\/file\/2018\/61\/1\/25IDDEESINT-EXE-BATokBD_1012611.pdf\">livret<\/a> r\u00e9alis\u00e9 \u00e0 l&rsquo;occasion de la FdS 2018<\/li>\n<li class=\"puce\"><a title=\"lien web acc\u00e8s guide\" href=\"http:\/\/www.fondation-lamap.org\/fr\/123codez\/aide\" rel=\"external\">Manuel 1,2,3 codez<\/a> (La MAP)<\/li>\n<li class=\"puce\"><a title=\"lien web Opac\" href=\"http:\/\/opac.inria.fr\/search*frf\/a?searchtype=Y&amp;searcharg=isn&amp;searchscope=12&amp;SORT=A\" rel=\"external\">Informatique et sciences du num\u00e9rique<\/a> (livre) : sp\u00e9cialit\u00e9 ISN en terminale S, avec des exercices corrig\u00e9s et id\u00e9es de projets. Auteurs : Gilles Dowek, Jean-Pierre Archambault, Emmanuel Baccelli&#8230; [et al.]<\/li>\n<li>Esprit scientifique, esprit critique : <a href=\"http:\/\/www.fondation-lamap.org\/fr\/page\/20446\/esprit-scientifique-presentation-du-module\">tome 1 et 2<\/a> (La MAP)<\/li>\n<li>L&rsquo;hyperpuissance de l&rsquo;informatique (G\u00e9rard Berry) : <a href=\"https:\/\/www.franceinter.fr\/emissions\/la-tete-au-carre\/la-tete-au-carre-30-octobre-2017\">podcast<\/a> de l&rsquo;\u00e9mission \u00ab\u00a0La t\u00eate au carr\u00e9\u00a0\u00bb (10\/2017)<\/li>\n<li>Le temps des algorithmes (G. Dowek, S. Abiteboul) : la <a href=\"https:\/\/interstices.info\/regard-sur-le-temps-des-algorithmes\/\">review<\/a> de M. Amblard sur Interstices<\/li>\n<li>Le mythe de la singularit\u00e9. Faut il craindre l&rsquo;intelligence artificielle ? (JM Ganascia) :\u00a0 le <a href=\"https:\/\/interstices.info\/lintelligence-artificielle-mythes-et-realites\/\">regard<\/a> de Marie-Odile Cordier sur Interstices<\/li>\n<\/ul>\n<p><strong>Quelques revues<\/strong><\/p>\n<ul>\n<li><a href=\"http:\/\/www.inria.fr\/content\/download\/4526\/37541\/version\/3\/file\/inria-okapi.pdf\">La science c&rsquo;est fun !<\/a><\/li>\n<li>Revues <a href=\"http:\/\/www.reseau-canope.fr\/docsciences\/Numerique.html#pagination_articles2\">Docsciences<\/a> (CRDP de Versailles)<\/li>\n<li><a href=\"https:\/\/www.reseau-canope.fr\/tdc\/tous-les-numeros\/les-mathematiques-de-la-terre.html\">Les math\u00e9matiques de la terre<\/a><\/li>\n<li><a href=\"https:\/\/www.reseau-canope.fr\/tdc\/tous-les-numeros\/linformatique.html\">L&rsquo;informatique<\/a><\/li>\n<\/ul>\n<h3><strong>Les vid\u00e9os<br \/>\n<\/strong><\/h3>\n<ul>\n<li><a href=\"http:\/\/www-sop.inria.fr\/science-participative\/film\" target=\"_blank\" rel=\"noopener\">Comment notre monde est devenu num\u00e9rique<\/a><\/li>\n<li><a href=\" http:\/\/www.inria.fr\/centre\/lille\/recherche\/sciences-pour-tous2\/avis-de-recherche\" target=\"_blank\" rel=\"noopener\">Avis de recherche<\/a><\/li>\n<li>La <a href=\"http:\/\/videotheque.inria.fr\/videotheque\/\" target=\"_blank\" rel=\"noopener\">videoth\u00e8que d&rsquo;Inria<\/a><\/li>\n<li><a href=\"http:\/\/videotheque.inria.fr\/videotheque\/DocVisuList.do;jsessionid=6B5FDCD5D3C375B63789A132E4BEB05E?SearchMode=visu_doc_by_theme&amp;sw0=165&amp;selToStore=2&amp;HistoLabel=D%e9monstrations+scientifiques&amp;visuCour=DocList\" target=\"_blank\" rel=\"noopener\">Vid\u00e9os de chercheurs<\/a><\/li>\n<li><a href=\"https:\/\/www.youtube.com\/user\/InriaChannel\">InriaChannel<\/a><\/li>\n<li><a title=\"videoquizzes\" href=\"http:\/\/javascool.gforge.inria.fr\/index.php?page=resources&amp;action=link-quizz\">Vid\u00e9o quizzes<\/a><\/li>\n<li><a href=\"https:\/\/www.youtube.com\/micmaths\">Micmaths<\/a> : bric-\u00e0-brac math\u00e9matique<\/li>\n<li><a href=\"https:\/\/www.canal-u.tv\/\">Canal U<\/a> : la vid\u00e9oth\u00e8que num\u00e9rique de l&rsquo;enseignement sup\u00e9rieur\n<ul>\n<li><a href=\"https:\/\/www.canal-u.tv\/producteurs\/inria\/science_info_lycee_profs_conferences_de_formation_des_professeurs_du_secondaire_en_science_informatique\">collection Inria Science info lyc\u00e9e Profs\u00a0<\/a>(<span class=\"author-a-z78z63z69zf2z88ze1tz68z17z72zz77zw\">conf\u00e9rence de formation des profes<\/span><span class=\"author-a-z79z15z74zz81z6z82zz67zy2s9z74zlbz82z\">s<\/span><span class=\"author-a-z78z63z69zf2z88ze1tz68z17z72zz77zw\">eurs du secondaire en science informatique<\/span>)<\/li>\n<\/ul>\n<\/li>\n<\/ul>\n","protected":false},"excerpt":{"rendered":"<p>Livres\/Publications 25 vraies, fausses id\u00e9es re\u00e7ues en sciences : le livret r\u00e9alis\u00e9 \u00e0 l&rsquo;occasion de la FdS 2018 Manuel 1,2,3 codez (La MAP) Informatique et sciences du num\u00e9rique (livre) : sp\u00e9cialit\u00e9 ISN en terminale S, avec des exercices corrig\u00e9s et id\u00e9es de projets. Auteurs : Gilles Dowek, Jean-Pierre Archambault, Emmanuel\u2026<\/p>\n<p> <a class=\"continue-reading-link\" href=\"https:\/\/project.inria.fr\/mastic\/ressources\/publications-videos\/\"><span>Continuer la lecture<\/span><i class=\"crycon-right-dir\"><\/i><\/a> <\/p>\n","protected":false},"author":40,"featured_media":0,"parent":142,"menu_order":0,"comment_status":"closed","ping_status":"closed","template":"","meta":{"footnotes":""},"class_list":["post-2120","page","type-page","status-publish","hentry"],"_links":{"self":[{"href":"https:\/\/project.inria.fr\/mastic\/wp-json\/wp\/v2\/pages\/2120","targetHints":{"allow":["GET"]}}],"collection":[{"href":"https:\/\/project.inria.fr\/mastic\/wp-json\/wp\/v2\/pages"}],"about":[{"href":"https:\/\/project.inria.fr\/mastic\/wp-json\/wp\/v2\/types\/page"}],"author":[{"embeddable":true,"href":"https:\/\/project.inria.fr\/mastic\/wp-json\/wp\/v2\/users\/40"}],"replies":[{"embeddable":true,"href":"https:\/\/project.inria.fr\/mastic\/wp-json\/wp\/v2\/comments?post=2120"}],"version-history":[{"count":12,"href":"https:\/\/project.inria.fr\/mastic\/wp-json\/wp\/v2\/pages\/2120\/revisions"}],"predecessor-version":[{"id":2195,"href":"https:\/\/project.inria.fr\/mastic\/wp-json\/wp\/v2\/pages\/2120\/revisions\/2195"}],"up":[{"embeddable":true,"href":"https:\/\/project.inria.fr\/mastic\/wp-json\/wp\/v2\/pages\/142"}],"wp:attachment":[{"href":"https:\/\/project.inria.fr\/mastic\/wp-json\/wp\/v2\/media?parent=2120"}],"curies":[{"name":"wp","href":"https:\/\/api.w.org\/{rel}","templated":true}]}}