

{"id":4,"date":"2011-12-08T11:55:34","date_gmt":"2011-12-08T11:55:34","guid":{"rendered":"http:\/\/project.inria.fr\/template1\/?page_id=4"},"modified":"2023-06-23T15:32:42","modified_gmt":"2023-06-23T13:32:42","slug":"home","status":"publish","type":"page","link":"https:\/\/project.inria.fr\/mastic\/","title":{"rendered":"MASTIC devient Terra Numerica"},"content":{"rendered":"<p>Afin de profiter au mieux de l&rsquo;\u00e9cosyst\u00e8me en place dans la r\u00e9gion, MASTIC fait d\u00e9sormais partie int\u00e9grante du collectif Terra Numerica, retrouvez-nous sur <a href=\"http:\/\/terra-numerica.org\/\">http:\/\/terra-numerica.org\/<\/a><\/p>\n\n\n<figure class=\"wp-block-image size-large\"><a href=\"http:\/\/terra-numerica.org\/\"><img loading=\"lazy\" decoding=\"async\" width=\"1024\" height=\"260\" src=\"https:\/\/project.inria.fr\/mastic\/files\/2023\/06\/xl_logo-TN-transp-1024x260.png\" alt=\"Terra Numerica\" class=\"wp-image-2725\" srcset=\"https:\/\/project.inria.fr\/mastic\/files\/2023\/06\/xl_logo-TN-transp-1024x260.png 1024w, https:\/\/project.inria.fr\/mastic\/files\/2023\/06\/xl_logo-TN-transp-300x76.png 300w, https:\/\/project.inria.fr\/mastic\/files\/2023\/06\/xl_logo-TN-transp-768x195.png 768w, https:\/\/project.inria.fr\/mastic\/files\/2023\/06\/xl_logo-TN-transp-150x38.png 150w, https:\/\/project.inria.fr\/mastic\/files\/2023\/06\/xl_logo-TN-transp.png 1140w\" sizes=\"auto, (max-width: 1024px) 100vw, 1024px\" \/><\/a><\/figure>\n\n\n\n<p><\/p>\n","protected":false},"excerpt":{"rendered":"<p>Afin de profiter au mieux de l&rsquo;\u00e9cosyst\u00e8me en place dans la r\u00e9gion, MASTIC fait d\u00e9sormais partie int\u00e9grante du collectif Terra Numerica, retrouvez-nous sur http:\/\/terra-numerica.org\/<\/p>\n<p> <a class=\"continue-reading-link\" href=\"https:\/\/project.inria.fr\/mastic\/\"><span>Continuer la lecture<\/span><i class=\"crycon-right-dir\"><\/i><\/a> <\/p>\n","protected":false},"author":2,"featured_media":0,"parent":0,"menu_order":0,"comment_status":"closed","ping_status":"open","template":"","meta":{"footnotes":""},"class_list":["post-4","page","type-page","status-publish","hentry"],"_links":{"self":[{"href":"https:\/\/project.inria.fr\/mastic\/wp-json\/wp\/v2\/pages\/4","targetHints":{"allow":["GET"]}}],"collection":[{"href":"https:\/\/project.inria.fr\/mastic\/wp-json\/wp\/v2\/pages"}],"about":[{"href":"https:\/\/project.inria.fr\/mastic\/wp-json\/wp\/v2\/types\/page"}],"author":[{"embeddable":true,"href":"https:\/\/project.inria.fr\/mastic\/wp-json\/wp\/v2\/users\/2"}],"replies":[{"embeddable":true,"href":"https:\/\/project.inria.fr\/mastic\/wp-json\/wp\/v2\/comments?post=4"}],"version-history":[{"count":126,"href":"https:\/\/project.inria.fr\/mastic\/wp-json\/wp\/v2\/pages\/4\/revisions"}],"predecessor-version":[{"id":2733,"href":"https:\/\/project.inria.fr\/mastic\/wp-json\/wp\/v2\/pages\/4\/revisions\/2733"}],"wp:attachment":[{"href":"https:\/\/project.inria.fr\/mastic\/wp-json\/wp\/v2\/media?parent=4"}],"curies":[{"name":"wp","href":"https:\/\/api.w.org\/{rel}","templated":true}]}}