

{"id":72,"date":"2012-05-24T14:42:21","date_gmt":"2012-05-24T12:42:21","guid":{"rendered":"http:\/\/project.inria.fr\/medlagoon\/?page_id=72"},"modified":"2014-01-24T09:54:36","modified_gmt":"2014-01-24T08:54:36","slug":"publications","status":"publish","type":"page","link":"https:\/\/project.inria.fr\/medlagoon\/publications\/","title":{"rendered":""},"content":{"rendered":"<p><span style=\"font-size: large; background-color: #99cc00;\"><strong>2012<\/strong><\/span><\/p>\n<ul>\n<li><strong><span style=\"font-size: medium;\">M. Bilanceri, F. Beux, I. Elmahi, H. Guillard, M-V Salvetti<a href=\"http:\/\/www.sciencedirect.com\/science\/article\/pii\/S0045793012001399\/\">, Linearized implicit time advancing and defect correction applied to sediment transport simulations<\/a>, Computers &amp; Fluids, 63(30), pp 82-104, (2012)<\/span><\/strong><\/li>\n<li><span style=\"font-size: medium;\"><strong>P. Cinat<\/strong><\/span>,<span style=\"font-size: medium;\"> <a title=\"Sediment Transport models for shallow water equations\" href=\"https:\/\/project.inria.fr\/medlagoon\/files\/2012\/11\/TesiSWE_Cinat.pdf\"><strong> Sediment Transport models for shallow water equations, <\/strong><\/a><\/span>\u00a0<span style=\"font-size: medium;\"><strong>Master thesis, Dipartimento Ingegneria Aerospaziale Laurea Specialistica in Ingegneria Aerospaziale,Curriculum Aeronautico\/Aerodinamico, Anno 2011-2012, UNIVERSITA DEGLI STUDI DI PISA, FACOLTA\u2019 DI INGEGNERIA<\/strong>.<\/span><\/li>\n<li><span style=\"font-size: medium;\"><strong>V. Sportiello<\/strong><\/span>, <a title=\"Implicit Simulation of Implicit simulations for morphodynamic Shallow Water flows\" href=\"https:\/\/project.inria.fr\/medlagoon\/files\/2012\/05\/Implicit-simulations-for-morphodynamic-Shallow-Water-flows.pdf\"><span style=\"font-size: medium;\"> <strong>Implicit Simulation for morphodynamic Shallow Water flows<\/strong><\/span>, <\/a><span style=\"font-size: medium;\"><strong>Master thesis, Dipartimento Ingegneria Aerospaziale Laurea Specialistica in Ingegneria Aerospaziale, Curriculum Aeronautico\/Aerodinamico, Anno 2011-2012, UNIVERSITA DEGLI STUDI DI PISA, FACOLTA\u2019 DI INGEGNERIA<\/strong>.<\/span><\/li>\n<li><span style=\"font-size: medium;\"><strong>F. Benkhaldoun, S. Daoudi, I. Elmahi, M. Seaid <a href=\"http:\/\/www.sciencedirect.com\/science\/article\/pii\/S0168927412001183\">, Numerical modelling of sediment transport in the Nador lagoon (Morocco)<\/a>, Applied Numerical Mathematics, 62, (12), pp 1749-1766, (2012)<br \/>\n<\/strong><\/span><\/li>\n<\/ul>\n<p><span style=\"font-size: large; background-color: #99cc00;\"><strong>2013<\/strong><\/span><\/p>\n<ul>\n<li><span style=\"font-size: medium;\"><strong>M. Bilanceri, F. Beux, I. Elmahi, H. Guillard, M-V Salvetti <a href=\"http:\/\/www.sciencedirect.com\/science\/article\/pii\/S0378475413002024\"> Implicit Time Advancing Combined with Two Finite-Volume Methods in the Simulation of Morphodynamic Flows,<\/a><br \/>\nMathematics and Computers in Simulation, Available online 19 August 2013<br \/>\n<\/strong><\/span><\/li>\n<li>\n<p lang=\"fr-FR\" align=\"JUSTIFY\"><strong><span style=\"font-size: medium;\">F. Benkhaldoun, I. Elmahi, S. Sari and M. Seaid, \u00ab\u00a0An unstructured finite-volume method for coupled models of suspended sediment and bed load transport in shallow-water flows\u00a0\u00bb, Int. J. Numer. Meth. Fluids (2013); 72:967\u2013993, DOI: 10.1002\/fld.3771<\/span><\/strong><\/p>\n<\/li>\n<li>\n<p lang=\"fr-FR\" align=\"JUSTIFY\"><strong><span style=\"font-size: medium;\">Soumaya Oueslati, <a href=\"https:\/\/project.inria.fr\/medlagoon\/files\/2012\/05\/SOUMAYA_OUESLATI.pdf\">\u00c9tude analytique et num\u00e9rique du probl\u00e8me de Saint-Venant d\u2019une dynamique biologique<\/a> , Mast\u00e8re en Ing\u00e9nierie Math\u00e9matique de L\u2019\u00c9cole Polytechnique de Tunisie,<strong>Ann\u00e9e 2012-2013<\/strong> <\/span><\/strong><\/p>\n<\/li>\n<li>\n<style type=\"text\/css\"><!--\n@page { margin: 0.79in } \t\tP { margin-bottom: 0.08in }\n--><\/style>\n<p lang=\"fr-FR\" align=\"JUSTIFY\"><strong><span style=\"font-size: medium;\">Tarek Ghoudi, <a href=\"https:\/\/project.inria.fr\/medlagoon\/files\/2012\/05\/TAREK_GHOUDI.pdf \">Analyse et \u00e9tude d\u2019un mod\u00e8le de couplage entre le mod\u00e8le de Saint-Venant et un \u00e9coulement en milieu poreux<\/a> , Mast\u00e8re en Ing\u00e9nierie Math\u00e9matique de L\u2019\u00c9cole Polytechnique de Tunisie. Ann\u00e9e 2012-2013<\/span><\/strong><\/p>\n<\/li>\n<li>\n<style type=\"text\/css\"><!--\n@page { margin: 0.79in } \t\tP { margin-bottom: 0.08in }\n--><\/style>\n<p lang=\"fr-FR\" align=\"JUSTIFY\"><strong><span style=\"font-size: small;\"><span style=\"font-size: medium;\">Herv\u00e9 Guillard; Maria Vittoria Salvetti,<br \/>\n<a href=\"http:\/\/socrate.math.uqam.ca\/2013\/09\/des-mathematiciens-a-la-rescousse-des-lagunes-mediterraneennes\/\"> Des math\u00e9maticiens \u00e0 la rescousse des lagunes m\u00e9diterran\u00e9ennes, <\/a><br \/>\nAccromath, 2013, \u00e9t\u00e9-automne 2013, 8 (2)<\/span> <\/span><\/strong><\/p>\n<\/li>\n<\/ul>\n<p><span style=\"font-size: large; background-color: #99cc00;\"><strong>2014<\/strong><\/span><\/p>","protected":false},"excerpt":{"rendered":"<p>2012 M. Bilanceri, F. Beux, I. Elmahi, H. Guillard, M-V Salvetti, Linearized implicit time advancing and defect correction applied to sediment transport simulations, Computers &amp; Fluids, 63(30), pp 82-104, (2012) P. Cinat, Sediment Transport models for shallow water equations, \u00a0Master thesis, Dipartimento Ingegneria Aerospaziale Laurea Specialistica in Ingegneria Aerospaziale,Curriculum Aeronautico\/Aerodinamico, Anno 2011-2012, UNIVERSITA DEGLI STUDI &hellip; <\/p>\n<p><a class=\"more-link btn\" href=\"https:\/\/project.inria.fr\/medlagoon\/publications\/\">Lire la suite<\/a><\/p>\n","protected":false},"author":24,"featured_media":0,"parent":0,"menu_order":0,"comment_status":"open","ping_status":"closed","template":"","meta":{"footnotes":""},"class_list":["post-72","page","type-page","status-publish","hentry","nodate","item-wrap"],"_links":{"self":[{"href":"https:\/\/project.inria.fr\/medlagoon\/wp-json\/wp\/v2\/pages\/72","targetHints":{"allow":["GET"]}}],"collection":[{"href":"https:\/\/project.inria.fr\/medlagoon\/wp-json\/wp\/v2\/pages"}],"about":[{"href":"https:\/\/project.inria.fr\/medlagoon\/wp-json\/wp\/v2\/types\/page"}],"author":[{"embeddable":true,"href":"https:\/\/project.inria.fr\/medlagoon\/wp-json\/wp\/v2\/users\/24"}],"replies":[{"embeddable":true,"href":"https:\/\/project.inria.fr\/medlagoon\/wp-json\/wp\/v2\/comments?post=72"}],"version-history":[{"count":45,"href":"https:\/\/project.inria.fr\/medlagoon\/wp-json\/wp\/v2\/pages\/72\/revisions"}],"predecessor-version":[{"id":125,"href":"https:\/\/project.inria.fr\/medlagoon\/wp-json\/wp\/v2\/pages\/72\/revisions\/125"}],"wp:attachment":[{"href":"https:\/\/project.inria.fr\/medlagoon\/wp-json\/wp\/v2\/media?parent=72"}],"curies":[{"name":"wp","href":"https:\/\/api.w.org\/{rel}","templated":true}]}}