

{"id":65,"date":"2012-05-14T15:26:30","date_gmt":"2012-05-14T13:26:30","guid":{"rendered":"http:\/\/project.inria.fr\/minexp\/?page_id=65"},"modified":"2016-02-13T14:40:39","modified_gmt":"2016-02-13T13:40:39","slug":"publications","status":"publish","type":"page","link":"https:\/\/project.inria.fr\/minexp\/publications\/","title":{"rendered":"Publications"},"content":{"rendered":"<p><\/p>\n<h2>Journals<\/h2>\n<ul>\n<li>Nicolas Anciaux, Danae Boutara, Benjamin Nguyen, Michalis Vazirgiannis, <i>Limiting Data Exposure in Multi-Label Classification Processes<\/i> (extended version), in Fundamenta Informaticae 137(2): 219-236, 2015, available <a href=\"http:\/\/www.benjamin-nguyen.fr\/papers\/fi2013.pdf\">here<\/a><\/li>\n<li>Nicolas Anciaux, Benjamin Nguyen, Michalis Vazirgiannis, <i>Exposition Minimum de Donn\u00e9es pour des Applications \u00e0 Base de Classifieurs<\/i> (extended version), in Ing\u00e9nierie des Syst\u00e8mes d&#8217;Information, vol. 18, n\u00b0 4\/2013, preprint available <a href=\"http:\/\/www.benjamin-nguyen.fr\/papers\/isi2013.pdf\">here<\/a><\/li>\n<\/ul>\n<h2>General Audience Journals<\/h2>\n<ul>\n<li>Nicolas Anciaux, Benjamin Nguyen, Gestion S\u00e9curis\u00e9e de Donn\u00e9es Personnelles, Bulletin 1024, 5:17-41, 2015, available  <a href=\"http:\/\/www.societe-informatique-de-france.fr\/wp-content\/uploads\/2015\/04\/1024-5-anciaux-nguyen.pdf\">here<\/a><\/li>\n<li>Nicolas Anciaux, Benjamin Nguyen, Limiter la collecte des donn\u00e9es personnelles : un probl\u00e8me juridique NP-difficile, in Math\u00e9matiques et informatique : Une nouvelle \u00e8re num\u00e9rique, Tangente Hors S\u00e9rie Biblioth\u00e8que, 52:76-82, Gilles Cohen editor, P\u00f4le Editions, 2014, available <a href=\"http:\/\/www.benjamin-nguyen.fr\/papers\/tangente2014.pdf\">here<\/a> <\/li>\n<\/ul>\n<h2>Conference Proceedings<\/h2>\n<ul>\n<li>Nicolas Anciaux, Benjamin Nguyen, Michalis Vazirgiannis, <i>Limiting Data Collection in Application Forms : A real-case application of a Founding Privacy Principle<\/i>, in IEEE 10th annual conference on Privacy, Security and Trust (PST), 2012, available <a href=\"http:\/\/www.benjamin-nguyen.fr\/papers\/pst2012.pdf\">here<\/a>\n<\/li>\n<li>Nicolas Anciaux, Walid Bezza, Benjamin Nguyen, Michalis Vazirgiannis, <i>MinExp-Card: Limiting Data Collection Using a Smart Card<\/i>, to appear in 16th International Conference on Extending Database Technology (EDBT), 2013, demonstration session, available <a href=\"http:\/\/www.benjamin-nguyen.fr\/papers\/edbt2013-demo.pdf\">here<\/a>\n<\/li>\n<\/ul>\n<h2>Other Communications<\/h2>\n<ul>\n<li>Nicolas Anciaux, Benjamin Nguyen, Michalis Vazirgiannis, <i>The Minimum Exposure Project: Limiting Data Collection in Online Forms<\/i>, in ERCIM News (90), 2012, available <a href=\"http:\/\/ercim-news.ercim.eu\/en90\/special\/the-minimum-exposure-project-limiting-data-collection-in-online-forms\">here<\/a>.\n<\/li>\n<\/ul>\n<h2>Workshop presentations<\/h2>\n<ul>\n<li>Nicolas Anciaux, Danae Boutara, Benjamin Nguyen, Michalis Vazirgiannis, <i>Limiting Data Exposure in Multi-Label Classification Processes<\/i>, in International Workshop on Privacy-AwaRe Intelligent Systems (PARIS), Macau, 2012<\/li>\n<li>Nicolas Anciaux, Benjamin Nguyen, Michalis Vazirgiannis, <i>Limiting Data Collection in Application Forms<\/i>, in 3e Atelier sur la Protection de la Vie Priv\u00e9e (APVP), Groix, 2012<\/li>\n<li>Nicolas Anciaux, Benjamin Nguyen, Michalis Vazirgiannis, <i>Cas d\u2019usage d\u2019un principe fondamental de protection de la vie priv\u00e9e<\/i>, in 28e journ\u00e9e Bases de Donn\u00e9es Avanc\u00e9es (BDA), Clermont-Ferrand,  2012<\/li>\n<li>Nicolas Anciaux, Benjamin Nguyen, Michalis Vazirgiannis, <i>Minimum Exposure<\/i>, in Digiteo Workshop on Web Mining, Paris, 2011. <\/li>\n<li>Nicolas Anciaux, Benjamin Nguyen, Michalis Vazirgiannis, <i>Exposing Minimal Data Sets to Rule-Based Data Analyzers<\/i>, in Journ\u00e9e Optimeo, Versailles, 2011. <\/li>\n<\/ul>\n<h2>Technical Reports<\/h2>\n<ul>\n<li>Nicolas Anciaux, Benjamin Nguyen, Michalis Vazirgiannis, <i>Minimum Exposure in Classification Scenarios<\/i>, INRIA research report, available <a href=\"http:\/\/www-smis.inria.fr\/~anciaux\/MinExp\/inria-rr.pdf\">here<\/a><\/li>\n<li>Nicolas Anciaux, Marouane Fazouane, Benjamin Nguyen, <i>R-Generalization of application forms to limit data collection<\/i>, INRIA research report, available <a href=\"http:\/\/www.benjamin-nguyen.fr\/papers\/R-Generalization.pdf\">here<\/a><\/i><\/li>\n<\/ul>\n<p><\/p>","protected":false},"excerpt":{"rendered":"<p>Journals Nicolas Anciaux, Danae Boutara, Benjamin Nguyen, Michalis Vazirgiannis, Limiting Data Exposure in Multi-Label Classification Processes (extended version), in Fundamenta Informaticae 137(2): 219-236, 2015, available here Nicolas Anciaux, Benjamin Nguyen, Michalis Vazirgiannis, Exposition Minimum de Donn\u00e9es pour des Applications \u00e0 Base de Classifieurs (extended version), in Ing\u00e9nierie des Syst\u00e8mes d&#8217;Information, vol. 18, n\u00b0 4\/2013, preprint &hellip; <\/p>\n<p><a class=\"more-link btn\" href=\"https:\/\/project.inria.fr\/minexp\/publications\/\">Continue reading<\/a><\/p>\n","protected":false},"author":63,"featured_media":0,"parent":0,"menu_order":0,"comment_status":"closed","ping_status":"open","template":"","meta":{"footnotes":""},"class_list":["post-65","page","type-page","status-publish","hentry","nodate","item-wrap"],"_links":{"self":[{"href":"https:\/\/project.inria.fr\/minexp\/wp-json\/wp\/v2\/pages\/65","targetHints":{"allow":["GET"]}}],"collection":[{"href":"https:\/\/project.inria.fr\/minexp\/wp-json\/wp\/v2\/pages"}],"about":[{"href":"https:\/\/project.inria.fr\/minexp\/wp-json\/wp\/v2\/types\/page"}],"author":[{"embeddable":true,"href":"https:\/\/project.inria.fr\/minexp\/wp-json\/wp\/v2\/users\/63"}],"replies":[{"embeddable":true,"href":"https:\/\/project.inria.fr\/minexp\/wp-json\/wp\/v2\/comments?post=65"}],"version-history":[{"count":30,"href":"https:\/\/project.inria.fr\/minexp\/wp-json\/wp\/v2\/pages\/65\/revisions"}],"predecessor-version":[{"id":164,"href":"https:\/\/project.inria.fr\/minexp\/wp-json\/wp\/v2\/pages\/65\/revisions\/164"}],"wp:attachment":[{"href":"https:\/\/project.inria.fr\/minexp\/wp-json\/wp\/v2\/media?parent=65"}],"curies":[{"name":"wp","href":"https:\/\/api.w.org\/{rel}","templated":true}]}}