

{"id":302,"date":"2026-05-04T11:23:02","date_gmt":"2026-05-04T09:23:02","guid":{"rendered":"https:\/\/project.inria.fr\/mlsim2026\/?page_id=302"},"modified":"2026-05-04T11:58:18","modified_gmt":"2026-05-04T09:58:18","slug":"location-and-venue","status":"publish","type":"page","link":"https:\/\/project.inria.fr\/mlsim2026\/location-and-venue\/","title":{"rendered":"Location and venue"},"content":{"rendered":"\n<p>The workshop is hosted at&nbsp;Mathematics laboratory <a href=\"https:\/\/math.univ-cotedazur.fr\/\">Jean-Alexandre Dieudonn\u00e9<\/a> (LJAD)&nbsp;at Universit\u00e9 C\u00f4te d\u2019Azur. It is located in the center of Nice, in the Valrose campus. The workshop takes place in the conference room of the laboratory.<\/p>\n\n\n\n<p><strong>Address:<\/strong> Laboratoire J.A. Dieudonn\u00e9, 28 avenue Valrose 06108 NICE<\/p>\n\n\n\n<p><strong>How to come:<\/strong> details can be found <a href=\"https:\/\/math.univ-cotedazur.fr\/plan-dacc%C3%A9s\">here<\/a> and a map <a href=\"https:\/\/www.google.com\/maps\/place\/Laboratoire+J.A.+Dieudonn%C3%A9\/@43.7162193,7.2669092,17z\/data=!4m6!3m5!1s0x12cdc5546b3b609f:0xdf62ce2db561d646!8m2!3d43.7162193!4d7.2694841!16s%2Fg%2F1tfn60vf!5m1!1e1?hl=fr&amp;entry=ttu&amp;g_ep=EgoyMDI2MDQyOS4wIKXMDSoASAFQAw%3D%3D\">there<\/a>.<\/p>\n\n\n\n<figure class=\"wp-block-image size-large\"><a href=\"https:\/\/project.inria.fr\/mlsim2026\/files\/2026\/05\/Copr.Univ-Cote-dAzur_10403_KN9A8257.png\"><img loading=\"lazy\" decoding=\"async\" width=\"1024\" height=\"444\" src=\"https:\/\/project.inria.fr\/mlsim2026\/files\/2026\/05\/Copr.Univ-Cote-dAzur_10403_KN9A8257-1024x444.png\" alt=\"\" class=\"wp-image-303\" srcset=\"https:\/\/project.inria.fr\/mlsim2026\/files\/2026\/05\/Copr.Univ-Cote-dAzur_10403_KN9A8257-1024x444.png 1024w, https:\/\/project.inria.fr\/mlsim2026\/files\/2026\/05\/Copr.Univ-Cote-dAzur_10403_KN9A8257-300x130.png 300w, https:\/\/project.inria.fr\/mlsim2026\/files\/2026\/05\/Copr.Univ-Cote-dAzur_10403_KN9A8257-768x333.png 768w, https:\/\/project.inria.fr\/mlsim2026\/files\/2026\/05\/Copr.Univ-Cote-dAzur_10403_KN9A8257-150x65.png 150w, https:\/\/project.inria.fr\/mlsim2026\/files\/2026\/05\/Copr.Univ-Cote-dAzur_10403_KN9A8257.png 1500w\" sizes=\"auto, (max-width: 1024px) 100vw, 1024px\" \/><\/a><\/figure>\n\n\n\n<p><\/p>\n","protected":false},"excerpt":{"rendered":"<p>The workshop is hosted at&nbsp;Mathematics laboratory Jean-Alexandre Dieudonn\u00e9 (LJAD)&nbsp;at Universit\u00e9 C\u00f4te d\u2019Azur. It is located in the center of Nice, in the Valrose campus. The workshop takes place in the conference room of the laboratory. Address: Laboratoire J.A. Dieudonn\u00e9, 28 avenue Valrose 06108 NICE How to come: details can be\u2026<\/p>\n<p> <a class=\"continue-reading-link\" href=\"https:\/\/project.inria.fr\/mlsim2026\/location-and-venue\/\"><span>Continue reading<\/span><i class=\"crycon-right-dir\"><\/i><\/a> <\/p>\n","protected":false},"author":2374,"featured_media":0,"parent":0,"menu_order":0,"comment_status":"closed","ping_status":"closed","template":"","meta":{"footnotes":""},"class_list":["post-302","page","type-page","status-publish","hentry"],"_links":{"self":[{"href":"https:\/\/project.inria.fr\/mlsim2026\/wp-json\/wp\/v2\/pages\/302","targetHints":{"allow":["GET"]}}],"collection":[{"href":"https:\/\/project.inria.fr\/mlsim2026\/wp-json\/wp\/v2\/pages"}],"about":[{"href":"https:\/\/project.inria.fr\/mlsim2026\/wp-json\/wp\/v2\/types\/page"}],"author":[{"embeddable":true,"href":"https:\/\/project.inria.fr\/mlsim2026\/wp-json\/wp\/v2\/users\/2374"}],"replies":[{"embeddable":true,"href":"https:\/\/project.inria.fr\/mlsim2026\/wp-json\/wp\/v2\/comments?post=302"}],"version-history":[{"count":6,"href":"https:\/\/project.inria.fr\/mlsim2026\/wp-json\/wp\/v2\/pages\/302\/revisions"}],"predecessor-version":[{"id":325,"href":"https:\/\/project.inria.fr\/mlsim2026\/wp-json\/wp\/v2\/pages\/302\/revisions\/325"}],"wp:attachment":[{"href":"https:\/\/project.inria.fr\/mlsim2026\/wp-json\/wp\/v2\/media?parent=302"}],"curies":[{"name":"wp","href":"https:\/\/api.w.org\/{rel}","templated":true}]}}