

{"id":199,"date":"2026-01-19T15:48:43","date_gmt":"2026-01-19T14:48:43","guid":{"rendered":"https:\/\/project.inria.fr\/murene\/?page_id=199"},"modified":"2026-01-20T10:07:42","modified_gmt":"2026-01-20T09:07:42","slug":"publications-presentations","status":"publish","type":"page","link":"https:\/\/project.inria.fr\/murene\/publications-presentations\/","title":{"rendered":"Publications\/Pr\u00e9sentations"},"content":{"rendered":"\n<p>Cette page rassemble l\u2019ensemble des publications scientifiques, pr\u00e9publications et pr\u00e9sentations issues du projet MURENE. Dans une d\u00e9marche d&rsquo;ouverture scientifique, nos articles sont accessibles en libre acc\u00e8s via HAL.<\/p>\n\n\n\n<h2 class=\"wp-block-heading\"><strong>Publications<\/strong><\/h2>\n\n\n\n<h2 class=\"wp-block-heading\">2025<\/h2>\n\n\n\n<div class=\"wp-block-group is-vertical is-layout-flex wp-container-core-group-is-layout-bb0d6486 wp-block-group-is-layout-flex\">\n<h5 class=\"wp-block-heading\"><strong>A divide-and-conquer approach for B2B integral debt netting<\/strong><\/h5>\n\n\n\n<p class=\"has-small-font-size\">Joann\u00e8s Guichon, Sylvain Contassot-Vivier, Nazim Fat\u00e8s. Conf\u00e9rence du chapitre local de la Complex Systems Society<\/p>\n\n\n\n<p class=\"has-small-font-size\">\ud83d\udd17 Page HAL : <a href=\"https:\/\/hal.science\/hal-04994717\">https:\/\/hal.science\/hal-04994717<\/a><br>\ud83c\udfa4 Page de la conf\u00e9rence : <a href=\"http:\/\/css-fr.org\/conference-ccs-france-2025\/\">http:\/\/css-fr.org\/conference-ccs-france-2025\/<\/a><\/p>\n<\/div>\n\n\n\n<div class=\"wp-block-group is-vertical is-layout-flex wp-container-core-group-is-layout-bb0d6486 wp-block-group-is-layout-flex\">\n<h5 class=\"wp-block-heading\"><strong>Integral B2B Debt Netting: Model and Static Algorithm<\/strong><\/h5>\n\n\n\n<p class=\"has-small-font-size\">Joann\u00e8s Guichon, Sylvain Contassot-Vivier, Nazim Fat\u00e8s. FRCCS 2025<\/p>\n\n\n\n<p class=\"has-small-font-size\">\ud83d\udd17 Page HAL : <a href=\"https:\/\/hal.science\/hal-04947742\">https:\/\/hal.science\/hal-04947742<\/a><br>\ud83c\udfa4 Page de la conf\u00e9rence : <a href=\"https:\/\/iutdijon.u-bourgogne.fr\/ccs-france-2025\/\">https:\/\/iutdijon.u-bourgogne.fr\/ccs-france-2025\/<\/a><\/p>\n<\/div>\n\n\n\n<h2 class=\"wp-block-heading\">2023<\/h2>\n\n\n\n<div class=\"wp-block-group is-vertical is-layout-flex wp-container-core-group-is-layout-bb0d6486 wp-block-group-is-layout-flex\">\n<h5 class=\"wp-block-heading\"><strong>Properties of B2B invoice graphs and detection of structures<\/strong><\/h5>\n\n\n\n<p class=\"has-small-font-size\">Joann\u00e8s Guichon, Nazim Fat\u00e8s, Sylvain Contassot-Vivier, Massimo Amato. Complex Networks 2023<\/p>\n\n\n\n<p class=\"has-small-font-size\">\ud83d\udd17 Page HAL : <a href=\"https:\/\/inria.hal.science\/hal-04230839\">https:\/\/inria.hal.science\/hal-04230839<\/a><br>\ud83c\udfa4 Page de la conf\u00e9rence : <a href=\"https:\/\/2023.complexnetworks.org\">https:\/\/2023.complexnetworks.org<\/a><\/p>\n<\/div>\n\n\n\n<h2 class=\"wp-block-heading\"><strong>Pr\u00e9sentations &amp; Communications<\/strong><\/h2>\n\n\n\n<h2 class=\"wp-block-heading\">2025<\/h2>\n\n\n\n<div class=\"wp-block-group is-vertical is-layout-flex wp-container-core-group-is-layout-bb0d6486 wp-block-group-is-layout-flex\">\n<h5 class=\"wp-block-heading\"><strong>A divide-and-conquer approach for B2B integral debt netting<\/strong><\/h5>\n\n\n\n<p>Pr\u00e9sentation d\u2019une approche algorithmique de type \u00ab diviser pour r\u00e9gner \u00bb pour le netting int\u00e9gral des dettes inter-entreprises, adapt\u00e9e aux r\u00e9seaux B2B de grande taille.<\/p>\n\n\n\n<p class=\"has-small-font-size\">Joann\u00e8s Guichon. Conf\u00e9rence du chapitre local de la Complex Systems Society<\/p>\n\n\n\n<p class=\"has-small-font-size\">\ud83d\udd17 Pr\u00e9sentation : [ TO BE ADDED ]<br>\ud83c\udfa4 Page de la conf\u00e9rence : <a href=\"http:\/\/css-fr.org\/conference-ccs-france-2025\/\">http:\/\/css-fr.org\/conference-ccs-france-2025\/<\/a><\/p>\n<\/div>\n\n\n\n<div class=\"wp-block-group is-vertical is-layout-flex wp-container-core-group-is-layout-bb0d6486 wp-block-group-is-layout-flex\">\n<h5 class=\"wp-block-heading\"><strong>A divide-and-conquer approach for B2B integral debt netting<\/strong><\/h5>\n\n\n\n<p>Pr\u00e9sentation du mod\u00e8le formel du netting int\u00e9gral B2B et d\u2019un algorithme statique visant \u00e0 r\u00e9duire les besoins de liquidit\u00e9 dans les r\u00e9seaux de dettes inter-entreprises non dynamiques.<\/p>\n\n\n\n<p class=\"has-small-font-size\">Joann\u00e8s Guichon. FRCCS 2025<\/p>\n\n\n\n<p class=\"has-small-font-size\">\ud83d\udd17 Pr\u00e9sentation : [ TO BE ADDED ]<br>\ud83c\udfa4 Page de la conf\u00e9rence : <a href=\"https:\/\/iutdijon.u-bourgogne.fr\/ccs-france-2025\/\">https:\/\/iutdijon.u-bourgogne.fr\/ccs-france-2025\/<\/a><\/p>\n<\/div>\n\n\n\n<h2 class=\"wp-block-heading\">2024<\/h2>\n\n\n\n<div class=\"wp-block-group is-vertical is-layout-flex wp-container-core-group-is-layout-bb0d6486 wp-block-group-is-layout-flex\">\n<h5 class=\"wp-block-heading\"><strong>Debt Reduction by Netting in B2B Networks<\/strong><\/h5>\n\n\n\n<p>Communication pour la proposition d&rsquo;un algorithme de r\u00e9duction de dettes inter-entreprises.<\/p>\n\n\n\n<p class=\"has-small-font-size\">Joann\u00e8s Guichon. Bridging theoretical and empirical approaches to the study of social dynamics<\/p>\n\n\n\n<p class=\"has-small-font-size\">\ud83d\udd17 Pr\u00e9sentation : <a href=\"http:\/\/members.loria.fr\/JGuichon\/wp-content\/blogs.dir\/248\/files\/sites\/248\/2024\/06\/Presentation_June_ISC_PIF_compressed.pdf\">Pr\u00e9sentation ISC-PIF 2024<\/a><br>\ud83c\udfa4 Page de la conf\u00e9rence : <a href=\"https:\/\/iscpif.fr\/bridgesd24\/\">https:\/\/iscpif.fr\/bridgesd24\/<\/a><\/p>\n<\/div>\n\n\n\n<h2 class=\"wp-block-heading\">2023<\/h2>\n\n\n\n<div class=\"wp-block-group is-vertical is-layout-flex wp-container-core-group-is-layout-bb0d6486 wp-block-group-is-layout-flex\">\n<h5 class=\"wp-block-heading\"><strong>Pr\u00e9sentation atelier EFNUM 2023<\/strong><\/h5>\n\n\n\n<p>Communication pr\u00e9sentant les enjeux syst\u00e9miques des dettes inter-entreprises et l\u2019int\u00e9r\u00eat d\u2019une mod\u00e9lisation par graphes pour analyser et r\u00e9duire ces dettes.<\/p>\n\n\n\n<p class=\"has-small-font-size\">Joann\u00e8s Guichon, Nazim Fat\u00e8s. Chaire Economie Finances Num\u00e9rique de l&rsquo;Universit\u00e9 de Lorraine<\/p>\n\n\n\n<p class=\"has-small-font-size\">\ud83d\udd17 Pr\u00e9sentations : <a href=\"https:\/\/members.loria.fr\/nazim.fates\/doc\/presentations\/Murene-EFNUM23.pdf\">introduction de MURENE par Nazim Fat\u00e8s<\/a>, <a href=\"https:\/\/project.inria.fr\/murene\/files\/2023\/04\/Exploration_graphes.pdf\">structure des graphes de dette B2B par Joann\u00e8s Guichon<\/a><br>\ud83c\udfa4 Page de la conf\u00e9rence : <a href=\"https:\/\/efnum.cnrs.fr\/wp-content\/uploads\/2023\/03\/Second-Atelier-EFNUM-n%C2%B02-1.png\">Atelier EFNUM 2023<\/a><\/p>\n<\/div>\n\n\n\n<div class=\"wp-block-group is-vertical is-layout-flex wp-container-core-group-is-layout-bb0d6486 wp-block-group-is-layout-flex\">\n<h5 class=\"wp-block-heading\"><strong>Properties of B2B invoice graphs and detection of structures<\/strong><\/h5>\n\n\n\n<p class=\"has-small-font-size\">Joann\u00e8s Guichon. Complex Networks 2023<\/p>\n\n\n\n<p class=\"has-small-font-size\">\ud83d\udd17 Pr\u00e9sentation : [ TO BE ADDED ]<br>\ud83c\udfa4 Page de la conf\u00e9rence : <a href=\"https:\/\/2023.complexnetworks.org\">https:\/\/2023.complexnetworks.org<\/a><\/p>\n<\/div>\n\n\n\n<div class=\"wp-block-group is-vertical is-layout-flex wp-container-core-group-is-layout-bb0d6486 wp-block-group-is-layout-flex\">\n<h5 class=\"wp-block-heading\"><strong>Cr\u00e9ation d&rsquo;un micro BD sur la r\u00e9duction de dettes<\/strong><\/h5>\n\n\n\n<p class=\"has-small-font-size\">Joann\u00e8s Guichon. Universit\u00e9 de Lorraine<\/p>\n\n\n\n<div class=\"wp-block-group is-horizontal is-nowrap is-layout-flex wp-container-core-group-is-layout-41b81202 wp-block-group-is-layout-flex\">\n<figure class=\"wp-block-image size-full is-style-default wp-duotone-unset-1\"><a href=\"https:\/\/project.inria.fr\/murene\/files\/2026\/01\/image.png\"><img loading=\"lazy\" decoding=\"async\" width=\"1024\" height=\"1024\" src=\"https:\/\/project.inria.fr\/murene\/files\/2026\/01\/image.png\" alt=\"\" class=\"wp-image-237\" srcset=\"https:\/\/project.inria.fr\/murene\/files\/2026\/01\/image.png 1024w, https:\/\/project.inria.fr\/murene\/files\/2026\/01\/image-300x300.png 300w, https:\/\/project.inria.fr\/murene\/files\/2026\/01\/image-150x150.png 150w, https:\/\/project.inria.fr\/murene\/files\/2026\/01\/image-768x768.png 768w\" sizes=\"auto, (max-width: 1024px) 100vw, 1024px\" \/><\/a><\/figure>\n\n\n\n<figure class=\"wp-block-image size-full\"><a href=\"https:\/\/project.inria.fr\/murene\/files\/2026\/01\/image-1.png\"><img loading=\"lazy\" decoding=\"async\" width=\"1024\" height=\"1024\" src=\"https:\/\/project.inria.fr\/murene\/files\/2026\/01\/image-1.png\" alt=\"\" class=\"wp-image-238\" srcset=\"https:\/\/project.inria.fr\/murene\/files\/2026\/01\/image-1.png 1024w, https:\/\/project.inria.fr\/murene\/files\/2026\/01\/image-1-300x300.png 300w, https:\/\/project.inria.fr\/murene\/files\/2026\/01\/image-1-150x150.png 150w, https:\/\/project.inria.fr\/murene\/files\/2026\/01\/image-1-768x768.png 768w\" sizes=\"auto, (max-width: 1024px) 100vw, 1024px\" \/><\/a><\/figure>\n\n\n\n<figure class=\"wp-block-image size-full\"><a href=\"https:\/\/project.inria.fr\/murene\/files\/2026\/01\/image-2.png\"><img loading=\"lazy\" decoding=\"async\" width=\"1024\" height=\"1024\" src=\"https:\/\/project.inria.fr\/murene\/files\/2026\/01\/image-2.png\" alt=\"\" class=\"wp-image-239\" srcset=\"https:\/\/project.inria.fr\/murene\/files\/2026\/01\/image-2.png 1024w, https:\/\/project.inria.fr\/murene\/files\/2026\/01\/image-2-300x300.png 300w, https:\/\/project.inria.fr\/murene\/files\/2026\/01\/image-2-150x150.png 150w, https:\/\/project.inria.fr\/murene\/files\/2026\/01\/image-2-768x768.png 768w\" sizes=\"auto, (max-width: 1024px) 100vw, 1024px\" \/><\/a><\/figure>\n<\/div>\n<\/div>\n\n\n\n<p><\/p>\n","protected":false},"excerpt":{"rendered":"<p>Cette page rassemble l\u2019ensemble des publications scientifiques, pr\u00e9publications et pr\u00e9sentations issues du projet MURENE. Dans une d\u00e9marche d&rsquo;ouverture scientifique, nos articles sont accessibles en libre acc\u00e8s via HAL. Publications 2025 A divide-and-conquer approach for B2B integral debt netting Joann\u00e8s Guichon, Sylvain Contassot-Vivier, Nazim Fat\u00e8s. Conf\u00e9rence du chapitre local de la\u2026<\/p>\n<p> <a class=\"continue-reading-link\" href=\"https:\/\/project.inria.fr\/murene\/publications-presentations\/\"><span>Continue reading<\/span><i class=\"crycon-right-dir\"><\/i><\/a> <\/p>\n","protected":false},"author":2329,"featured_media":0,"parent":0,"menu_order":0,"comment_status":"closed","ping_status":"closed","template":"","meta":{"footnotes":""},"class_list":["post-199","page","type-page","status-publish","hentry"],"_links":{"self":[{"href":"https:\/\/project.inria.fr\/murene\/wp-json\/wp\/v2\/pages\/199","targetHints":{"allow":["GET"]}}],"collection":[{"href":"https:\/\/project.inria.fr\/murene\/wp-json\/wp\/v2\/pages"}],"about":[{"href":"https:\/\/project.inria.fr\/murene\/wp-json\/wp\/v2\/types\/page"}],"author":[{"embeddable":true,"href":"https:\/\/project.inria.fr\/murene\/wp-json\/wp\/v2\/users\/2329"}],"replies":[{"embeddable":true,"href":"https:\/\/project.inria.fr\/murene\/wp-json\/wp\/v2\/comments?post=199"}],"version-history":[{"count":25,"href":"https:\/\/project.inria.fr\/murene\/wp-json\/wp\/v2\/pages\/199\/revisions"}],"predecessor-version":[{"id":251,"href":"https:\/\/project.inria.fr\/murene\/wp-json\/wp\/v2\/pages\/199\/revisions\/251"}],"wp:attachment":[{"href":"https:\/\/project.inria.fr\/murene\/wp-json\/wp\/v2\/media?parent=199"}],"curies":[{"name":"wp","href":"https:\/\/api.w.org\/{rel}","templated":true}]}}