

{"id":4,"date":"2011-12-08T11:55:34","date_gmt":"2011-12-08T11:55:34","guid":{"rendered":"http:\/\/project.inria.fr\/template1\/?page_id=4"},"modified":"2024-06-20T17:42:31","modified_gmt":"2024-06-20T15:42:31","slug":"home","status":"publish","type":"page","link":"https:\/\/project.inria.fr\/pbexplorer\/","title":{"rendered":"What is the multi-partner PhotoBiofilm Explorer project ?"},"content":{"rendered":"<p><a href=\"https:\/\/project.inria.fr\/pbexplorer\/files\/2022\/07\/CS.jpg\"><img loading=\"lazy\" decoding=\"async\" class=\"alignnone wp-image-92\" src=\"https:\/\/project.inria.fr\/pbexplorer\/files\/2022\/07\/CS.jpg\" alt=\"\" width=\"147\" height=\"73\" srcset=\"https:\/\/project.inria.fr\/pbexplorer\/files\/2022\/07\/CS.jpg 185w, https:\/\/project.inria.fr\/pbexplorer\/files\/2022\/07\/CS-150x75.jpg 150w\" sizes=\"auto, (max-width: 147px) 100vw, 147px\" \/><\/a><a href=\"https:\/\/project.inria.fr\/pbexplorer\/files\/2022\/07\/Inria.png\"><img loading=\"lazy\" decoding=\"async\" class=\"wp-image-101 alignleft\" src=\"https:\/\/project.inria.fr\/pbexplorer\/files\/2022\/07\/Inria-300x300.png\" alt=\"\" width=\"152\" height=\"152\" srcset=\"https:\/\/project.inria.fr\/pbexplorer\/files\/2022\/07\/Inria-300x300.png 300w, https:\/\/project.inria.fr\/pbexplorer\/files\/2022\/07\/Inria-150x150.png 150w, https:\/\/project.inria.fr\/pbexplorer\/files\/2022\/07\/Inria.png 334w\" sizes=\"auto, (max-width: 152px) 100vw, 152px\" \/><\/a><a href=\"https:\/\/project.inria.fr\/pbexplorer\/files\/2022\/07\/LOV-1.png\"><img loading=\"lazy\" decoding=\"async\" class=\"alignnone wp-image-95\" src=\"https:\/\/project.inria.fr\/pbexplorer\/files\/2022\/07\/LOV-1.png\" alt=\"\" width=\"142\" height=\"79\" srcset=\"https:\/\/project.inria.fr\/pbexplorer\/files\/2022\/07\/LOV-1.png 255w, https:\/\/project.inria.fr\/pbexplorer\/files\/2022\/07\/LOV-1-150x84.png 150w\" sizes=\"auto, (max-width: 142px) 100vw, 142px\" \/><\/a><a href=\"https:\/\/project.inria.fr\/pbexplorer\/files\/2022\/07\/micalis.png\"><img loading=\"lazy\" decoding=\"async\" class=\"alignnone size-medium wp-image-97\" src=\"https:\/\/project.inria.fr\/pbexplorer\/files\/2022\/07\/micalis.png\" alt=\"\" width=\"136\" height=\"54\" \/><\/a><a href=\"https:\/\/project.inria.fr\/pbexplorer\/files\/2022\/07\/inrae.png\"><img loading=\"lazy\" decoding=\"async\" class=\"alignnone wp-image-100\" src=\"https:\/\/project.inria.fr\/pbexplorer\/files\/2022\/07\/inrae-300x121.png\" alt=\"\" width=\"161\" height=\"65\" srcset=\"https:\/\/project.inria.fr\/pbexplorer\/files\/2022\/07\/inrae-300x121.png 300w, https:\/\/project.inria.fr\/pbexplorer\/files\/2022\/07\/inrae-150x60.png 150w, https:\/\/project.inria.fr\/pbexplorer\/files\/2022\/07\/inrae.png 323w\" sizes=\"auto, (max-width: 161px) 100vw, 161px\" \/><\/a><a href=\"https:\/\/project.inria.fr\/pbexplorer\/files\/2022\/07\/Marbec.png\"><img loading=\"lazy\" decoding=\"async\" class=\"alignnone wp-image-96\" src=\"https:\/\/project.inria.fr\/pbexplorer\/files\/2022\/07\/Marbec.png\" alt=\"\" width=\"139\" height=\"75\" srcset=\"https:\/\/project.inria.fr\/pbexplorer\/files\/2022\/07\/Marbec.png 250w, https:\/\/project.inria.fr\/pbexplorer\/files\/2022\/07\/Marbec-150x81.png 150w\" sizes=\"auto, (max-width: 139px) 100vw, 139px\" \/><\/a><a href=\"https:\/\/project.inria.fr\/pbexplorer\/files\/2022\/07\/LGPM.jpg\"><img loading=\"lazy\" decoding=\"async\" class=\"alignnone size-medium wp-image-94\" src=\"https:\/\/project.inria.fr\/pbexplorer\/files\/2022\/07\/LGPM.jpg\" alt=\"\" width=\"155\" height=\"39\" srcset=\"https:\/\/project.inria.fr\/pbexplorer\/files\/2022\/07\/LGPM.jpg 155w, https:\/\/project.inria.fr\/pbexplorer\/files\/2022\/07\/LGPM-150x38.jpg 150w\" sizes=\"auto, (max-width: 155px) 100vw, 155px\" \/><\/a><img loading=\"lazy\" decoding=\"async\" class=\"wp-image-63 alignright\" src=\"https:\/\/project.inria.fr\/pbexplorer\/files\/2022\/07\/label-ANR-bleu-CMJN-290x300.jpg\" alt=\"\" width=\"135\" height=\"140\" srcset=\"https:\/\/project.inria.fr\/pbexplorer\/files\/2022\/07\/label-ANR-bleu-CMJN-290x300.jpg 290w, https:\/\/project.inria.fr\/pbexplorer\/files\/2022\/07\/label-ANR-bleu-CMJN-768x795.jpg 768w, https:\/\/project.inria.fr\/pbexplorer\/files\/2022\/07\/label-ANR-bleu-CMJN-990x1024.jpg 990w, https:\/\/project.inria.fr\/pbexplorer\/files\/2022\/07\/label-ANR-bleu-CMJN-145x150.jpg 145w, https:\/\/project.inria.fr\/pbexplorer\/files\/2022\/07\/label-ANR-bleu-CMJN.jpg 1181w\" sizes=\"auto, (max-width: 135px) 100vw, 135px\" \/> <!--more--><\/p>\n<p style=\"text-align: center;\"><a href=\"https:\/\/project.inria.fr\/pbexplorer\/files\/2022\/07\/PBexp.jpg\"><img loading=\"lazy\" decoding=\"async\" class=\"size-full wp-image-67 aligncenter\" src=\"https:\/\/project.inria.fr\/pbexplorer\/files\/2022\/07\/PBexp.jpg\" alt=\"\" width=\"237\" height=\"102\" srcset=\"https:\/\/project.inria.fr\/pbexplorer\/files\/2022\/07\/PBexp.jpg 237w, https:\/\/project.inria.fr\/pbexplorer\/files\/2022\/07\/PBexp-150x65.jpg 150w\" sizes=\"auto, (max-width: 237px) 100vw, 237px\" \/><\/a><\/p>\n<h1 style=\"text-align: center;\"><strong>Exploring and understanding the secrets of photosynthetic biofilms<\/strong><\/h1>\n<p><a href=\"https:\/\/project.inria.fr\/pbexplorer\/files\/2022\/07\/tetra.jpg\"><img loading=\"lazy\" decoding=\"async\" class=\" wp-image-99 alignleft\" src=\"https:\/\/project.inria.fr\/pbexplorer\/files\/2022\/07\/tetra.jpg\" alt=\"\" width=\"179\" height=\"143\" srcset=\"https:\/\/project.inria.fr\/pbexplorer\/files\/2022\/07\/tetra.jpg 299w, https:\/\/project.inria.fr\/pbexplorer\/files\/2022\/07\/tetra-150x119.jpg 150w\" sizes=\"auto, (max-width: 179px) 100vw, 179px\" \/><\/a><a href=\"https:\/\/project.inria.fr\/pbexplorer\/files\/2022\/07\/beauxbiofilms-1.png\"><img loading=\"lazy\" decoding=\"async\" class=\"alignnone wp-image-107\" src=\"https:\/\/project.inria.fr\/pbexplorer\/files\/2022\/07\/beauxbiofilms-1-300x191.png\" alt=\"\" width=\"221\" height=\"141\" srcset=\"https:\/\/project.inria.fr\/pbexplorer\/files\/2022\/07\/beauxbiofilms-1-300x191.png 300w, https:\/\/project.inria.fr\/pbexplorer\/files\/2022\/07\/beauxbiofilms-1-150x95.png 150w, https:\/\/project.inria.fr\/pbexplorer\/files\/2022\/07\/beauxbiofilms-1.png 316w\" sizes=\"auto, (max-width: 221px) 100vw, 221px\" \/><\/a><a href=\"https:\/\/project.inria.fr\/pbexplorer\/files\/2022\/07\/Bfilm.jpg\"><img loading=\"lazy\" decoding=\"async\" class=\"alignnone wp-image-91\" src=\"https:\/\/project.inria.fr\/pbexplorer\/files\/2022\/07\/Bfilm-300x200.jpg\" alt=\"\" width=\"219\" height=\"146\" srcset=\"https:\/\/project.inria.fr\/pbexplorer\/files\/2022\/07\/Bfilm-300x200.jpg 300w, https:\/\/project.inria.fr\/pbexplorer\/files\/2022\/07\/Bfilm-150x100.jpg 150w, https:\/\/project.inria.fr\/pbexplorer\/files\/2022\/07\/Bfilm.jpg 589w\" sizes=\"auto, (max-width: 219px) 100vw, 219px\" \/><\/a><a href=\"https:\/\/project.inria.fr\/pbexplorer\/files\/2022\/07\/simu.png\"><img loading=\"lazy\" decoding=\"async\" class=\"alignnone wp-image-106\" src=\"https:\/\/project.inria.fr\/pbexplorer\/files\/2022\/07\/simu.png\" alt=\"\" width=\"166\" height=\"148\" srcset=\"https:\/\/project.inria.fr\/pbexplorer\/files\/2022\/07\/simu.png 213w, https:\/\/project.inria.fr\/pbexplorer\/files\/2022\/07\/simu-150x133.png 150w\" sizes=\"auto, (max-width: 166px) 100vw, 166px\" \/><\/a><img loading=\"lazy\" decoding=\"async\" class=\" wp-image-98 alignleft\" src=\"https:\/\/project.inria.fr\/pbexplorer\/files\/2022\/07\/tissu.png\" alt=\"\" width=\"141\" height=\"142\" srcset=\"https:\/\/project.inria.fr\/pbexplorer\/files\/2022\/07\/tissu.png 281w, https:\/\/project.inria.fr\/pbexplorer\/files\/2022\/07\/tissu-150x150.png 150w\" sizes=\"auto, (max-width: 141px) 100vw, 141px\" \/><!--more--><\/p>\n<p>It is crucial to identify new drugs to deal with pathogens that are resistant to current antibiotics. Microalgae can be used for the production of compounds of interest, in particular for food and feed. They are traditionally grown in suspension in photobioreactors or raceways. To improve their productivity and reduce environmental costs, an innovative approach is to grow them in a biofilm attached to a moving support. Surprisingly, many species grown are able to form biofilms that are highly resistant to biological contamination thanks to the synthesis of allelopathic compounds known to impact contaminating micro-organisms. These unique bioactivities have a very high potential in animal and human health.<\/p>\n<p><a href=\"https:\/\/project.inria.fr\/pbexplorer\/files\/2024\/06\/Cylindro.jpg\"><img loading=\"lazy\" decoding=\"async\" class=\"size-medium wp-image-131 alignnone aligncenter\" src=\"https:\/\/project.inria.fr\/pbexplorer\/files\/2024\/06\/Cylindro-300x224.jpg\" alt=\"\" width=\"300\" height=\"224\" srcset=\"https:\/\/project.inria.fr\/pbexplorer\/files\/2024\/06\/Cylindro-300x224.jpg 300w, https:\/\/project.inria.fr\/pbexplorer\/files\/2024\/06\/Cylindro-768x573.jpg 768w, https:\/\/project.inria.fr\/pbexplorer\/files\/2024\/06\/Cylindro-150x112.jpg 150w, https:\/\/project.inria.fr\/pbexplorer\/files\/2024\/06\/Cylindro.jpg 829w\" sizes=\"auto, (max-width: 300px) 100vw, 300px\" \/><\/a><\/p>\n<p style=\"text-align: center;\"><em>Outdoor pilot (in the Full Spectrum platform of the LOV) for the production of the microalgae Cylindrotheca closterium under biofilm for producing active antibacterial and anti viral compounds.<\/em><\/p>\n<div id=\"attachment_123\" style=\"width: 235px\" class=\"wp-caption alignleft\"><a href=\"https:\/\/project.inria.fr\/pbexplorer\/files\/2022\/07\/IMG_2865.jpg\"><img loading=\"lazy\" decoding=\"async\" aria-describedby=\"caption-attachment-123\" class=\"wp-image-123 size-medium\" src=\"https:\/\/project.inria.fr\/pbexplorer\/files\/2022\/07\/IMG_2865-225x300.jpg\" alt=\"\" width=\"225\" height=\"300\" srcset=\"https:\/\/project.inria.fr\/pbexplorer\/files\/2022\/07\/IMG_2865-225x300.jpg 225w, https:\/\/project.inria.fr\/pbexplorer\/files\/2022\/07\/IMG_2865-768x1024.jpg 768w, https:\/\/project.inria.fr\/pbexplorer\/files\/2022\/07\/IMG_2865-112x150.jpg 112w\" sizes=\"auto, (max-width: 225px) 100vw, 225px\" \/><\/a><p id=\"caption-attachment-123\" class=\"wp-caption-text\">Biolfilms of Tetraselmis suecica monitored under different pH and illumination conditions. The culture system is controlled by the ODIN software designed at Inria.<\/p><\/div>\n<div id=\"attachment_65\" style=\"width: 223px\" class=\"wp-caption alignright\"><a href=\"https:\/\/project.inria.fr\/pbexplorer\/files\/2022\/07\/Biofilm.png\"><img loading=\"lazy\" decoding=\"async\" aria-describedby=\"caption-attachment-65\" class=\"wp-image-65\" src=\"https:\/\/project.inria.fr\/pbexplorer\/files\/2022\/07\/Biofilm-300x232.png\" alt=\"\" width=\"213\" height=\"165\" srcset=\"https:\/\/project.inria.fr\/pbexplorer\/files\/2022\/07\/Biofilm-300x232.png 300w, https:\/\/project.inria.fr\/pbexplorer\/files\/2022\/07\/Biofilm-150x116.png 150w, https:\/\/project.inria.fr\/pbexplorer\/files\/2022\/07\/Biofilm.png 305w\" sizes=\"auto, (max-width: 213px) 100vw, 213px\" \/><\/a><p id=\"caption-attachment-65\" class=\"wp-caption-text\">Confocal 3D image of a photosynthetic biofilm artificially contaminated with bacteria<\/p><\/div>\n<p>The objective of the PhotoBiofilm Explorer project is to characterise and produce these new bio-compounds for human and animal health. Our main targets are antibiotics, but other activities will be tested, in particular antivirals. The discovery of these natural molecules will have a considerable impact in terms of valorisation, notably on the protection of aquaculture fish and shellfish, and in pharmacology thanks to the discovery of antibiotics and antiviral compounds.<\/p>\n<p>Contact:\u00a0 olivier.bernard@inria.fr<\/p>\n<p>ANR Project ANR-20-CE43-0008<\/p>\n<p><a href=\"https:\/\/project.inria.fr\/pbexplorer\/files\/2022\/07\/anr.png\"><img loading=\"lazy\" decoding=\"async\" class=\"size-medium wp-image-64 alignright\" src=\"https:\/\/project.inria.fr\/pbexplorer\/files\/2022\/07\/anr-300x97.png\" alt=\"\" width=\"300\" height=\"97\" srcset=\"https:\/\/project.inria.fr\/pbexplorer\/files\/2022\/07\/anr-300x97.png 300w, https:\/\/project.inria.fr\/pbexplorer\/files\/2022\/07\/anr-150x49.png 150w, https:\/\/project.inria.fr\/pbexplorer\/files\/2022\/07\/anr.png 394w\" sizes=\"auto, (max-width: 300px) 100vw, 300px\" \/><\/a><img loading=\"lazy\" decoding=\"async\" class=\"\" src=\"https:\/\/www.polemermediterranee.com\/extension\/myaproject2019\/design\/website\/images\/logo.svg\" alt=\"P\u00f4le Mer M\u00e9diterran\u00e9e - P\u00f4le Mer PACA\" width=\"195\" height=\"136\" \/><\/p>","protected":false},"excerpt":{"rendered":"<p> <a class=\"continue-reading-link\" href=\"https:\/\/project.inria.fr\/pbexplorer\/\"><span>Continue reading<\/span><i class=\"crycon-right-dir\"><\/i><\/a> <\/p>\n","protected":false},"author":1,"featured_media":0,"parent":0,"menu_order":0,"comment_status":"closed","ping_status":"open","template":"","meta":{"footnotes":""},"class_list":["post-4","page","type-page","status-publish","hentry"],"_links":{"self":[{"href":"https:\/\/project.inria.fr\/pbexplorer\/wp-json\/wp\/v2\/pages\/4","targetHints":{"allow":["GET"]}}],"collection":[{"href":"https:\/\/project.inria.fr\/pbexplorer\/wp-json\/wp\/v2\/pages"}],"about":[{"href":"https:\/\/project.inria.fr\/pbexplorer\/wp-json\/wp\/v2\/types\/page"}],"author":[{"embeddable":true,"href":"https:\/\/project.inria.fr\/pbexplorer\/wp-json\/wp\/v2\/users\/1"}],"replies":[{"embeddable":true,"href":"https:\/\/project.inria.fr\/pbexplorer\/wp-json\/wp\/v2\/comments?post=4"}],"version-history":[{"count":23,"href":"https:\/\/project.inria.fr\/pbexplorer\/wp-json\/wp\/v2\/pages\/4\/revisions"}],"predecessor-version":[{"id":135,"href":"https:\/\/project.inria.fr\/pbexplorer\/wp-json\/wp\/v2\/pages\/4\/revisions\/135"}],"wp:attachment":[{"href":"https:\/\/project.inria.fr\/pbexplorer\/wp-json\/wp\/v2\/media?parent=4"}],"curies":[{"name":"wp","href":"https:\/\/api.w.org\/{rel}","templated":true}]}}