

{"id":78,"date":"2022-07-11T15:41:34","date_gmt":"2022-07-11T13:41:34","guid":{"rendered":"https:\/\/project.inria.fr\/pbexplorer\/?page_id=78"},"modified":"2022-07-11T18:30:53","modified_gmt":"2022-07-11T16:30:53","slug":"project-partners","status":"publish","type":"page","link":"https:\/\/project.inria.fr\/pbexplorer\/home\/project-partners\/","title":{"rendered":"Project Partners"},"content":{"rendered":"<p><a href=\"https:\/\/project.inria.fr\/pbexplorer\/files\/2022\/07\/PBexp.jpg\"><img loading=\"lazy\" decoding=\"async\" class=\"alignnone size-full wp-image-67 aligncenter\" src=\"https:\/\/project.inria.fr\/pbexplorer\/files\/2022\/07\/PBexp.jpg\" alt=\"\" width=\"237\" height=\"102\" srcset=\"https:\/\/project.inria.fr\/pbexplorer\/files\/2022\/07\/PBexp.jpg 237w, https:\/\/project.inria.fr\/pbexplorer\/files\/2022\/07\/PBexp-150x65.jpg 150w\" sizes=\"auto, (max-width: 237px) 100vw, 237px\" \/><\/a><\/p>\n<p style=\"text-align: center;\"><a href=\"https:\/\/team.inria.fr\/biocore\/\"><img loading=\"lazy\" decoding=\"async\" class=\"n3VNCb KAlRDb alignnone\" src=\"https:\/\/www-sop.inria.fr\/members\/Madalena.Chaves\/logo-biocore.GIF\" alt=\"Homepage, Madalena Chaves\" width=\"279\" height=\"77\" data-noaft=\"1\" \/><\/a><a href=\"https:\/\/project.inria.fr\/pbexplorer\/files\/2022\/07\/Inria.png\"><img loading=\"lazy\" decoding=\"async\" class=\"size-medium wp-image-101 alignleft\" src=\"https:\/\/project.inria.fr\/pbexplorer\/files\/2022\/07\/Inria-300x300.png\" alt=\"\" width=\"300\" height=\"300\" srcset=\"https:\/\/project.inria.fr\/pbexplorer\/files\/2022\/07\/Inria-300x300.png 300w, https:\/\/project.inria.fr\/pbexplorer\/files\/2022\/07\/Inria-150x150.png 150w, https:\/\/project.inria.fr\/pbexplorer\/files\/2022\/07\/Inria.png 334w\" sizes=\"auto, (max-width: 300px) 100vw, 300px\" \/><\/a><\/p>\n<p style=\"text-align: center;\"><!--more--><\/p>\n<p style=\"text-align: center;\"><img loading=\"lazy\" decoding=\"async\" class=\"n3VNCb KAlRDb alignleft\" src=\"https:\/\/www.drupal.org\/files\/styles\/grid-4-2x\/public\/CNRSfilaire-grand.jpg?itok=wHV33wZJ\" alt=\"CNRS | Drupal.org\" width=\"93\" height=\"93\" data-noaft=\"1\" \/><\/p>\n<p style=\"text-align: center;\"><a href=\"https:\/\/project.inria.fr\/pbexplorer\/files\/2022\/07\/LOV-1.png\"><img loading=\"lazy\" decoding=\"async\" class=\"size-full wp-image-95 alignleft\" src=\"https:\/\/project.inria.fr\/pbexplorer\/files\/2022\/07\/LOV-1.png\" alt=\"\" width=\"255\" height=\"142\" srcset=\"https:\/\/project.inria.fr\/pbexplorer\/files\/2022\/07\/LOV-1.png 255w, https:\/\/project.inria.fr\/pbexplorer\/files\/2022\/07\/LOV-1-150x84.png 150w\" sizes=\"auto, (max-width: 255px) 100vw, 255px\" \/><\/a><\/p>\n<p>&nbsp;<\/p>\n<p style=\"text-align: center;\">\u00a0<a href=\"https:\/\/project.inria.fr\/pbexplorer\/files\/2022\/07\/index.png\"><img loading=\"lazy\" decoding=\"async\" class=\"wp-image-112 alignleft\" src=\"https:\/\/project.inria.fr\/pbexplorer\/files\/2022\/07\/index-300x120.png\" alt=\"\" width=\"175\" height=\"70\" srcset=\"https:\/\/project.inria.fr\/pbexplorer\/files\/2022\/07\/index-300x120.png 300w, https:\/\/project.inria.fr\/pbexplorer\/files\/2022\/07\/index-150x60.png 150w, https:\/\/project.inria.fr\/pbexplorer\/files\/2022\/07\/index.png 354w\" sizes=\"auto, (max-width: 175px) 100vw, 175px\" \/><\/a><\/p>\n<p style=\"text-align: center;\"><!--more--><\/p>\n<p style=\"text-align: center;\"><a href=\"https:\/\/project.inria.fr\/pbexplorer\/files\/2022\/07\/Marbec.png\"><img loading=\"lazy\" decoding=\"async\" class=\"wp-image-96 alignleft\" src=\"https:\/\/project.inria.fr\/pbexplorer\/files\/2022\/07\/Marbec.png\" alt=\"\" width=\"176\" height=\"95\" srcset=\"https:\/\/project.inria.fr\/pbexplorer\/files\/2022\/07\/Marbec.png 250w, https:\/\/project.inria.fr\/pbexplorer\/files\/2022\/07\/Marbec-150x81.png 150w\" sizes=\"auto, (max-width: 176px) 100vw, 176px\" \/><\/a>\u00a0\u00a0 <a href=\"https:\/\/project.inria.fr\/pbexplorer\/files\/2022\/07\/Umonp.png\"><img loading=\"lazy\" decoding=\"async\" class=\"wp-image-114 alignleft\" src=\"https:\/\/project.inria.fr\/pbexplorer\/files\/2022\/07\/Umonp.png\" alt=\"\" width=\"175\" height=\"175\" srcset=\"https:\/\/project.inria.fr\/pbexplorer\/files\/2022\/07\/Umonp.png 225w, https:\/\/project.inria.fr\/pbexplorer\/files\/2022\/07\/Umonp-150x150.png 150w\" sizes=\"auto, (max-width: 175px) 100vw, 175px\" \/><\/a><a href=\"https:\/\/project.inria.fr\/pbexplorer\/files\/2022\/07\/ifremer.png\"><img loading=\"lazy\" decoding=\"async\" class=\"size-medium wp-image-113 alignleft\" src=\"https:\/\/project.inria.fr\/pbexplorer\/files\/2022\/07\/ifremer.png\" alt=\"\" width=\"259\" height=\"194\" srcset=\"https:\/\/project.inria.fr\/pbexplorer\/files\/2022\/07\/ifremer.png 259w, https:\/\/project.inria.fr\/pbexplorer\/files\/2022\/07\/ifremer-150x112.png 150w\" sizes=\"auto, (max-width: 259px) 100vw, 259px\" \/><\/a><\/p>\n<p style=\"text-align: center;\"><a href=\"https:\/\/project.inria.fr\/pbexplorer\/files\/2022\/07\/CS.jpg\"><img loading=\"lazy\" decoding=\"async\" class=\"size-full wp-image-92 alignleft\" src=\"https:\/\/project.inria.fr\/pbexplorer\/files\/2022\/07\/CS.jpg\" alt=\"\" width=\"185\" height=\"92\" srcset=\"https:\/\/project.inria.fr\/pbexplorer\/files\/2022\/07\/CS.jpg 185w, https:\/\/project.inria.fr\/pbexplorer\/files\/2022\/07\/CS-150x75.jpg 150w\" sizes=\"auto, (max-width: 185px) 100vw, 185px\" \/><\/a><\/p>\n<p style=\"text-align: center;\"><!--more--><\/p>\n<p style=\"text-align: center;\"><a href=\"https:\/\/project.inria.fr\/pbexplorer\/files\/2022\/07\/LGPM.jpg\"><img loading=\"lazy\" decoding=\"async\" class=\"size-full wp-image-94 alignleft\" src=\"https:\/\/project.inria.fr\/pbexplorer\/files\/2022\/07\/LGPM.jpg\" alt=\"\" width=\"155\" height=\"39\" srcset=\"https:\/\/project.inria.fr\/pbexplorer\/files\/2022\/07\/LGPM.jpg 155w, https:\/\/project.inria.fr\/pbexplorer\/files\/2022\/07\/LGPM-150x38.jpg 150w\" sizes=\"auto, (max-width: 155px) 100vw, 155px\" \/><\/a><\/p>\n<p style=\"text-align: center;\"><!--more--><\/p>\n<p style=\"text-align: center;\"><a href=\"https:\/\/project.inria.fr\/pbexplorer\/files\/2022\/07\/micalis.png\"><img loading=\"lazy\" decoding=\"async\" class=\"size-full wp-image-97 alignleft\" src=\"https:\/\/project.inria.fr\/pbexplorer\/files\/2022\/07\/micalis.png\" alt=\"\" width=\"136\" height=\"54\" \/><\/a><a href=\"https:\/\/project.inria.fr\/pbexplorer\/files\/2022\/07\/inrae.png\"><img loading=\"lazy\" decoding=\"async\" class=\"wp-image-100 alignleft\" src=\"https:\/\/project.inria.fr\/pbexplorer\/files\/2022\/07\/inrae-300x121.png\" alt=\"\" width=\"213\" height=\"86\" srcset=\"https:\/\/project.inria.fr\/pbexplorer\/files\/2022\/07\/inrae-300x121.png 300w, https:\/\/project.inria.fr\/pbexplorer\/files\/2022\/07\/inrae-150x60.png 150w, https:\/\/project.inria.fr\/pbexplorer\/files\/2022\/07\/inrae.png 323w\" sizes=\"auto, (max-width: 213px) 100vw, 213px\" \/><\/a><\/p>\n<p style=\"text-align: center;\"><!--more--><\/p>\n<p style=\"text-align: center;\"><a href=\"https:\/\/project.inria.fr\/pbexplorer\/files\/2022\/07\/Inalve.png\"><img loading=\"lazy\" decoding=\"async\" class=\" wp-image-111 alignleft\" src=\"https:\/\/project.inria.fr\/pbexplorer\/files\/2022\/07\/Inalve-300x109.png\" alt=\"\" width=\"261\" height=\"95\" srcset=\"https:\/\/project.inria.fr\/pbexplorer\/files\/2022\/07\/Inalve-300x109.png 300w, https:\/\/project.inria.fr\/pbexplorer\/files\/2022\/07\/Inalve-150x54.png 150w, https:\/\/project.inria.fr\/pbexplorer\/files\/2022\/07\/Inalve.png 372w\" sizes=\"auto, (max-width: 261px) 100vw, 261px\" \/><\/a><\/p>\n<p style=\"text-align: center;\"><!--more--><\/p>\n<p>&nbsp;<\/p>\n<p style=\"text-align: center;\"><a href=\"https:\/\/project.inria.fr\/pbexplorer\/files\/2022\/07\/anr.png\"><img loading=\"lazy\" decoding=\"async\" class=\"size-medium wp-image-64 alignright\" src=\"https:\/\/project.inria.fr\/pbexplorer\/files\/2022\/07\/anr-300x97.png\" alt=\"\" width=\"300\" height=\"97\" srcset=\"https:\/\/project.inria.fr\/pbexplorer\/files\/2022\/07\/anr-300x97.png 300w, https:\/\/project.inria.fr\/pbexplorer\/files\/2022\/07\/anr-150x49.png 150w, https:\/\/project.inria.fr\/pbexplorer\/files\/2022\/07\/anr.png 394w\" sizes=\"auto, (max-width: 300px) 100vw, 300px\" \/><\/a><\/p>\n<p><img loading=\"lazy\" decoding=\"async\" class=\"\" src=\"https:\/\/www.polemermediterranee.com\/extension\/myaproject2019\/design\/website\/images\/logo.svg\" alt=\"P\u00f4le Mer M\u00e9diterran\u00e9e - P\u00f4le Mer PACA\" width=\"195\" height=\"136\" \/><\/p>\n<p>&nbsp;<\/p>","protected":false},"excerpt":{"rendered":"<p> <a class=\"continue-reading-link\" href=\"https:\/\/project.inria.fr\/pbexplorer\/home\/project-partners\/\"><span>Continue reading<\/span><i class=\"crycon-right-dir\"><\/i><\/a> <\/p>\n","protected":false},"author":526,"featured_media":0,"parent":4,"menu_order":0,"comment_status":"closed","ping_status":"closed","template":"templates\/template-page-with-intro.php","meta":{"footnotes":""},"class_list":["post-78","page","type-page","status-publish","hentry"],"_links":{"self":[{"href":"https:\/\/project.inria.fr\/pbexplorer\/wp-json\/wp\/v2\/pages\/78","targetHints":{"allow":["GET"]}}],"collection":[{"href":"https:\/\/project.inria.fr\/pbexplorer\/wp-json\/wp\/v2\/pages"}],"about":[{"href":"https:\/\/project.inria.fr\/pbexplorer\/wp-json\/wp\/v2\/types\/page"}],"author":[{"embeddable":true,"href":"https:\/\/project.inria.fr\/pbexplorer\/wp-json\/wp\/v2\/users\/526"}],"replies":[{"embeddable":true,"href":"https:\/\/project.inria.fr\/pbexplorer\/wp-json\/wp\/v2\/comments?post=78"}],"version-history":[{"count":12,"href":"https:\/\/project.inria.fr\/pbexplorer\/wp-json\/wp\/v2\/pages\/78\/revisions"}],"predecessor-version":[{"id":121,"href":"https:\/\/project.inria.fr\/pbexplorer\/wp-json\/wp\/v2\/pages\/78\/revisions\/121"}],"up":[{"embeddable":true,"href":"https:\/\/project.inria.fr\/pbexplorer\/wp-json\/wp\/v2\/pages\/4"}],"wp:attachment":[{"href":"https:\/\/project.inria.fr\/pbexplorer\/wp-json\/wp\/v2\/media?parent=78"}],"curies":[{"name":"wp","href":"https:\/\/api.w.org\/{rel}","templated":true}]}}