

{"id":71,"date":"2022-08-30T09:17:14","date_gmt":"2022-08-30T07:17:14","guid":{"rendered":"https:\/\/project.inria.fr\/peperoni\/?page_id=71"},"modified":"2025-02-14T17:23:46","modified_gmt":"2025-02-14T16:23:46","slug":"publications","status":"publish","type":"page","link":"https:\/\/project.inria.fr\/peperoni\/publications\/","title":{"rendered":"Publications"},"content":{"rendered":"<p>   <!DOCTYPE html PUBLIC \"-\/\/W3C\/\/DTD XHTML 1.0 Transitional\/\/EN\" \"http:\/\/www.w3.org\/TR\/xhtml1\/DTD\/xhtml1-transitional.dtd\"> <html xmlns='http:\/\/www.w3.org\/1999\/xhtml' xml:lang='fr' lang='fr'> <head> <meta name=\"robots\" content=\"noindex, nofollow\" \/> <meta http-equiv=\"content-type\" content= \"text\/html;charset=UTF-8\" \/> <meta http-equiv=\"Content-Language\" content=\"fr\" \/> <link rel=\"stylesheet\" type=\"text\/css\" href=\"..\/css\/VisuGen.css\" \/> <link rel=\"stylesheet\" type=\"text\/css\" href=\"https:\/\/haltools.inria.fr\/\/css\/VisuRubriqueEncadre.css\" \/> <!-- Piwik haltools.inria.fr--> <script type=\"text\/javascript\">   var _paq = _paq || [];   _paq.push(['trackPageView']);   _paq.push(['enableLinkTracking']);   (function() {     var u=\"\/\/piwik.inria.fr\/\";     _paq.push(['setTrackerUrl', u+'piwik.php']);     _paq.push(['setSiteId', 25]);     var d=document, g=d.createElement('script'), s=d.getElementsByTagName('script')[0];     g.type='text\/javascript'; g.async=true; g.defer=true; g.src=u+'piwik.js'; s.parentNode.insertBefore(g,s);   })(); <\/script> <noscript><p><img decoding=\"async\" src=\"\/\/piwik.inria.fr\/piwik.php?idsite=25\" style=\"border:0;\" alt=\"\" \/><\/p><\/noscript> <!-- End Piwik Code -->  <title>Publications HAL de  Francois Le Jeune; Alix Lamouroux; Caroline Pinte; Camille Muller; Camille O Muller; Mathis Fleury  du labo\/EPI  Rennes<\/title> <\/head> <body> <div id=\"res_script\"> <p class='Rubrique'>2024<\/p> <p class='SousRubrique'>Journal articles<\/p> <dl class='NoticeRes'> <dt class=\"ChampRes\">titre<\/dt><dd class=\"ValeurRes Titre\"><a href=\"https:\/\/hal.science\/hal-04837034v1\" target=\"_blank\" >fMRIStroke: A preprocessing pipeline for fMRI Data from Stroke patients<\/a><\/dd> <dt class=\"ChampRes\">auteur<\/dt><dd class=\"ValeurRes Auteurs\">Alix Lamouroux, Giulia Lioi, Julie Coloigner, Pierre Maurel, Nicolas Farrugia<\/dd> <dt class=\"ChampRes\">article<\/dt><dd class=\"ValeurRes article\"><i>Journal of Open Source Software<\/i>, 2024, 9 (103), pp.6636. <a target=\"_blank\" href=\"https:\/\/dx.doi.org\/10.21105\/joss.06636\">&#x27E8;10.21105\/joss.06636&#x27E9;<\/a><\/dd> <dt class=\"ChampRes\">Acc\u00e8s au bibtex<\/dt> <dd class=\"ValeurRes LienBibtex\"> <a href=\"https:\/\/hal.science\/hal-04837034v1\/bibtex\" target=\"_self\"> <img decoding=\"async\" alt=\"BibTex\" src=\"https:\/\/haltools.inria.fr\/images\/Haltools_bibtex3.png\" border=\"0\"  title=\"BibTex\" \/><\/a> <\/dd> <\/dl> <dl class='NoticeRes'> <dt class=\"ChampRes\">titre<\/dt><dd class=\"ValeurRes Titre\"><a href=\"https:\/\/hal.science\/hal-04401592v2\" target=\"_blank\" >Experiencing an elongated limb in virtual reality modifies the tactile distance perception of the corresponding real limb<\/a><\/dd> <dt class=\"ChampRes\">auteur<\/dt><dd class=\"ValeurRes Auteurs\">Fran\u00e7ois Le Jeune, Marco D&#8217;Alonzo, Valeria Piombino, Alessia Noccaro, Domenico Formica, Giovanni Di Pino<\/dd> <dt class=\"ChampRes\">article<\/dt><dd class=\"ValeurRes article\"><i>eNeuro<\/i>, 2024, 11 (6)<\/dd> <dt class=\"ChampRes\">Acc\u00e8s au texte int\u00e9gral et bibtex<\/dt> <dd class=\"ValeurRes Fichier_joint\"> <a href=\"https:\/\/hal.science\/hal-04401592\/file\/eneuro-11-ENEURO.0244-23.2024.pdf\"  target=\"_blank\"> <img decoding=\"async\" alt=\"https:\/\/hal.science\/hal-04401592\/file\/eneuro-11-ENEURO.0244-23.2024.pdf\" src=\"https:\/\/haltools.inria.fr\/images\/Haltools_pdf.png\" border=\"0\" title=\"https:\/\/hal.science\/hal-04401592\/file\/eneuro-11-ENEURO.0244-23.2024.pdf\" \/><\/a> <span class=\"LienBibtexACoteFulltext\"><a href=\"https:\/\/hal.science\/hal-04401592v2\/bibtex\" target=\"_self\"> <img decoding=\"async\" alt=\"BibTex\" src=\"https:\/\/haltools.inria.fr\/images\/Haltools_bibtex3.png\" border=\"0\"  title=\"BibTex\" \/><\/a> <\/span><\/dd> <\/dl> <p class='SousRubrique'>Conference papers<\/p> <dl class='NoticeRes'> <dt class=\"ChampRes\">titre<\/dt><dd class=\"ValeurRes Titre\"><a href=\"https:\/\/hal.science\/hal-04834285v2\" target=\"_blank\" >Evaluation of multimodal EEG-fNIRS neurofeedback for motor imagery<\/a><\/dd> <dt class=\"ChampRes\">auteur<\/dt><dd class=\"ValeurRes Auteurs\">Camille O Muller, Thomas Prampart, Elise Bannier, Isabelle Corouge, Pierre Maurel<\/dd> <dt class=\"ChampRes\">article<\/dt><dd class=\"ValeurRes article\"><i>rtFIN 2024 &#8211; Real-Time Functional Imaging and Neurofeedback meeting<\/i>, Nov 2024, Heidelberg, Germany<\/dd> <dt class=\"ChampRes\">Acc\u00e8s au bibtex<\/dt> <dd class=\"ValeurRes LienBibtex\"> <a href=\"https:\/\/hal.science\/hal-04834285v2\/bibtex\" target=\"_self\"> <img decoding=\"async\" alt=\"BibTex\" src=\"https:\/\/haltools.inria.fr\/images\/Haltools_bibtex3.png\" border=\"0\"  title=\"BibTex\" \/><\/a> <\/dd> <\/dl> <dl class='NoticeRes'> <dt class=\"ChampRes\">titre<\/dt><dd class=\"ValeurRes Titre\"><a href=\"https:\/\/hal.science\/hal-04607599v3\" target=\"_blank\" >Introducing the Use of Thermal Neurofeedback<\/a><\/dd> <dt class=\"ChampRes\">auteur<\/dt><dd class=\"ValeurRes Auteurs\">Fran\u00e7ois Le Jeune, Emile Savalle, Anatole L\u00e9cuyer, Marc J.-M. Mac\u00e9, Pierre Maurel, L\u00e9a Pillette<\/dd> <dt class=\"ChampRes\">article<\/dt><dd class=\"ValeurRes article\"><i>BCI 2024 &#8211; 9th Graz Brain-Computer Interface Conference<\/i>, Sep 2024, Graz, Austria. pp.1-6<\/dd> <dt class=\"ChampRes\">Acc\u00e8s au texte int\u00e9gral et bibtex<\/dt> <dd class=\"ValeurRes Fichier_joint\"> <a href=\"https:\/\/hal.science\/hal-04607599\/file\/Graz2024_Introducing_the_use_of_thermal_neurofeedback_LAPLACIAN.pdf\"  target=\"_blank\"> <img decoding=\"async\" alt=\"https:\/\/hal.science\/hal-04607599\/file\/Graz2024_Introducing_the_use_of_thermal_neurofeedback_LAPLACIAN.pdf\" src=\"https:\/\/haltools.inria.fr\/images\/Haltools_pdf.png\" border=\"0\" title=\"https:\/\/hal.science\/hal-04607599\/file\/Graz2024_Introducing_the_use_of_thermal_neurofeedback_LAPLACIAN.pdf\" \/><\/a> <span class=\"LienBibtexACoteFulltext\"><a href=\"https:\/\/hal.science\/hal-04607599v3\/bibtex\" target=\"_self\"> <img decoding=\"async\" alt=\"BibTex\" src=\"https:\/\/haltools.inria.fr\/images\/Haltools_bibtex3.png\" border=\"0\"  title=\"BibTex\" \/><\/a> <\/span><\/dd> <\/dl> <dl class='NoticeRes'> <dt class=\"ChampRes\">titre<\/dt><dd class=\"ValeurRes Titre\"><a href=\"https:\/\/hal.science\/hal-04607853v1\" target=\"_blank\" >Which imagined sensations mostly impact electrophysiological activity?<\/a><\/dd> <dt class=\"ChampRes\">auteur<\/dt><dd class=\"ValeurRes Auteurs\">Emile Savalle, Fran\u00e7ois Le Jeune, L\u00e9a Driessens, Marc J.-M. Mac\u00e9, L\u00e9a Pillette<\/dd> <dt class=\"ChampRes\">article<\/dt><dd class=\"ValeurRes article\"><i>BCI 2024 &#8211; 9th Graz Brain-Computer Interface Conference<\/i>, Sep 2024, Graz, Austria. pp.1-6<\/dd> <dt class=\"ChampRes\">Acc\u00e8s au texte int\u00e9gral et bibtex<\/dt> <dd class=\"ValeurRes Fichier_joint\"> <a href=\"https:\/\/hal.science\/hal-04607853\/file\/Graz2024_Which_imagined_sensations_mostly_impact_electrophysiological_activity_.pdf\"  target=\"_blank\"> <img decoding=\"async\" alt=\"https:\/\/hal.science\/hal-04607853\/file\/Graz2024_Which_imagined_sensations_mostly_impact_electrophysiological_activity_.pdf\" src=\"https:\/\/haltools.inria.fr\/images\/Haltools_pdf.png\" border=\"0\" title=\"https:\/\/hal.science\/hal-04607853\/file\/Graz2024_Which_imagined_sensations_mostly_impact_electrophysiological_activity_.pdf\" \/><\/a> <span class=\"LienBibtexACoteFulltext\"><a href=\"https:\/\/hal.science\/hal-04607853v1\/bibtex\" target=\"_self\"> <img decoding=\"async\" alt=\"BibTex\" src=\"https:\/\/haltools.inria.fr\/images\/Haltools_bibtex3.png\" border=\"0\"  title=\"BibTex\" \/><\/a> <\/span><\/dd> <\/dl> <dl class='NoticeRes'> <dt class=\"ChampRes\">titre<\/dt><dd class=\"ValeurRes Titre\"><a href=\"https:\/\/hal.science\/hal-04607598v1\" target=\"_blank\" >Exploring Thermal Feedback in Brain-Computer Interface User Training<\/a><\/dd> <dt class=\"ChampRes\">auteur<\/dt><dd class=\"ValeurRes Auteurs\">Fran\u00e7ois Le Jeune, Emile Savalle, Anatole L\u00e9cuyer, Marc J.-M. Mac\u00e9, Pierre Maurel, L\u00e9a Pillette<\/dd> <dt class=\"ChampRes\">article<\/dt><dd class=\"ValeurRes article\"><i>CORTICO 2024 &#8211; Journ\u00e9es du COllectif pour la Recherche Transdisciplinaire sur les Interfaces Cerveau-Ordinateur<\/i>, May 2024, Nancy, France. pp.1-3<\/dd> <dt class=\"ChampRes\">Acc\u00e8s au texte int\u00e9gral et bibtex<\/dt> <dd class=\"ValeurRes Fichier_joint\"> <a href=\"https:\/\/hal.science\/hal-04607598\/file\/Le%20Jeune_CORTICO2024_THNFB.pdf\"  target=\"_blank\"> <img decoding=\"async\" alt=\"https:\/\/hal.science\/hal-04607598\/file\/Le%20Jeune_CORTICO2024_THNFB.pdf\" src=\"https:\/\/haltools.inria.fr\/images\/Haltools_pdf.png\" border=\"0\" title=\"https:\/\/hal.science\/hal-04607598\/file\/Le%20Jeune_CORTICO2024_THNFB.pdf\" \/><\/a> <span class=\"LienBibtexACoteFulltext\"><a href=\"https:\/\/hal.science\/hal-04607598v1\/bibtex\" target=\"_self\"> <img decoding=\"async\" alt=\"BibTex\" src=\"https:\/\/haltools.inria.fr\/images\/Haltools_bibtex3.png\" border=\"0\"  title=\"BibTex\" \/><\/a> <\/span><\/dd> <\/dl> <p class='SousRubrique'>Poster communications<\/p> <dl class='NoticeRes'> <dt class=\"ChampRes\">titre<\/dt><dd class=\"ValeurRes Titre\"><a href=\"https:\/\/inria.hal.science\/hal-04529036v1\" target=\"_blank\" >Genetic algorithm applied to hyperparameter selection for fMRI neurofeedback scores prediction from EEG signals<\/a><\/dd> <dt class=\"ChampRes\">auteur<\/dt><dd class=\"ValeurRes Auteurs\">Caroline Pinte, Claire Cury, Pierre Maurel<\/dd> <dt class=\"ChampRes\">article<\/dt><dd class=\"ValeurRes article\"><i>IABM 2024 &#8211; Colloque Fran\u00e7ais d&#8217;Intelligence Artificielle en Imagerie Biom\u00e9dicale<\/i>, Mar 2024, Grenoble, France. pp.1-1, 2024<\/dd> <dt class=\"ChampRes\">Acc\u00e8s au texte int\u00e9gral et bibtex<\/dt> <dd class=\"ValeurRes Fichier_joint\"> <a href=\"https:\/\/inria.hal.science\/hal-04529036\/file\/pinte-caroline-empenn.pdf\"  target=\"_blank\"> <img decoding=\"async\" alt=\"https:\/\/inria.hal.science\/hal-04529036\/file\/pinte-caroline-empenn.pdf\" src=\"https:\/\/haltools.inria.fr\/images\/Haltools_pdf.png\" border=\"0\" title=\"https:\/\/inria.hal.science\/hal-04529036\/file\/pinte-caroline-empenn.pdf\" \/><\/a> <span class=\"LienBibtexACoteFulltext\"><a href=\"https:\/\/inria.hal.science\/hal-04529036v1\/bibtex\" target=\"_self\"> <img decoding=\"async\" alt=\"BibTex\" src=\"https:\/\/haltools.inria.fr\/images\/Haltools_bibtex3.png\" border=\"0\"  title=\"BibTex\" \/><\/a> <\/span><\/dd> <\/dl> <p class='SousRubrique'>Documents associated with scientific events<\/p> <dl class='NoticeRes'> <dt class=\"ChampRes\">titre<\/dt><dd class=\"ValeurRes Titre\"><a href=\"https:\/\/inria.hal.science\/hal-04574796v1\" target=\"_blank\" >\u00c0 la d\u00e9couverte des m\u00e9tiers de la recherche en imagerie c\u00e9r\u00e9brale<\/a><\/dd> <dt class=\"ChampRes\">auteur<\/dt><dd class=\"ValeurRes Auteurs\">Fanny D\u00e9geilh, Elodie Germani, Nolwenn J\u00e9gou, Carla Joud, Jeremy Lefort-Besnard, Camille O Muller<\/dd> <dt class=\"ChampRes\">article<\/dt><dd class=\"ValeurRes article\"><i>2024 &#8211; 26e \u00e9dition de la Semaine du Cerveau<\/i>, Mar 2024, Rennes, France. pp.1-89, 2024<\/dd> <dt class=\"ChampRes\">Acc\u00e8s au texte int\u00e9gral et bibtex<\/dt> <dd class=\"ValeurRes Fichier_joint\"> <a href=\"https:\/\/inria.hal.science\/hal-04574796\/file\/SemaineCerveau2024_14Mars.pdf\"  target=\"_blank\"> <img decoding=\"async\" alt=\"https:\/\/inria.hal.science\/hal-04574796\/file\/SemaineCerveau2024_14Mars.pdf\" src=\"https:\/\/haltools.inria.fr\/images\/Haltools_pdf.png\" border=\"0\" title=\"https:\/\/inria.hal.science\/hal-04574796\/file\/SemaineCerveau2024_14Mars.pdf\" \/><\/a> <span class=\"LienBibtexACoteFulltext\"><a href=\"https:\/\/inria.hal.science\/hal-04574796v1\/bibtex\" target=\"_self\"> <img decoding=\"async\" alt=\"BibTex\" src=\"https:\/\/haltools.inria.fr\/images\/Haltools_bibtex3.png\" border=\"0\"  title=\"BibTex\" \/><\/a> <\/span><\/dd> <\/dl> <p class='SousRubrique'>Theses<\/p> <dl class='NoticeRes'> <dt class=\"ChampRes\">titre<\/dt><dd class=\"ValeurRes Titre\"><a href=\"https:\/\/theses.hal.science\/tel-04902082v1\" target=\"_blank\" >Machine learning for bi-modal EEG-fMRI neurofeedback : EEG electrodes localization and fMRI NF scores prediction<\/a><\/dd> <dt class=\"ChampRes\">auteur<\/dt><dd class=\"ValeurRes Auteurs\">Caroline Pinte<\/dd> <dt class=\"ChampRes\">article<\/dt><dd class=\"ValeurRes article\">Medical Imaging. Universit\u00e9 de Rennes, 2024. English. <a target=\"_blank\" href=\"https:\/\/www.theses.fr\/2024URENS053\">&#x27E8;NNT : 2024URENS053&#x27E9;<\/a><\/dd> <dt class=\"ChampRes\">Acc\u00e8s au texte int\u00e9gral et bibtex<\/dt> <dd class=\"ValeurRes Fichier_joint\"> <a href=\"https:\/\/theses.hal.science\/tel-04902082\/file\/PINTE_Caroline.pdf\"  target=\"_blank\"> <img decoding=\"async\" alt=\"https:\/\/theses.hal.science\/tel-04902082\/file\/PINTE_Caroline.pdf\" src=\"https:\/\/haltools.inria.fr\/images\/Haltools_pdf.png\" border=\"0\" title=\"https:\/\/theses.hal.science\/tel-04902082\/file\/PINTE_Caroline.pdf\" \/><\/a> <span class=\"LienBibtexACoteFulltext\"><a href=\"https:\/\/theses.hal.science\/tel-04902082v1\/bibtex\" target=\"_self\"> <img decoding=\"async\" alt=\"BibTex\" src=\"https:\/\/haltools.inria.fr\/images\/Haltools_bibtex3.png\" border=\"0\"  title=\"BibTex\" \/><\/a> <\/span><\/dd> <\/dl> <p class='SousRubrique'>Preprints, Working Papers, &#8230;<\/p> <dl class='NoticeRes'> <dt class=\"ChampRes\">titre<\/dt><dd class=\"ValeurRes Titre\"><a href=\"https:\/\/inria.hal.science\/hal-04806579v1\" target=\"_blank\" >Investigating fMRI neurofeedback score prediction from EEG signals: genetic algorithm applied to hyperparameter selection<\/a><\/dd> <dt class=\"ChampRes\">auteur<\/dt><dd class=\"ValeurRes Auteurs\">Caroline Pinte, Claire Cury, Pierre Maurel<\/dd> <dt class=\"ChampRes\">article<\/dt><dd class=\"ValeurRes article\">2024<\/dd> <dt class=\"ChampRes\">Acc\u00e8s au texte int\u00e9gral et bibtex<\/dt> <dd class=\"ValeurRes Fichier_joint\"> <a href=\"https:\/\/inria.hal.science\/hal-04806579\/file\/Investigating_fMRI_neurofeedback_score_prediction_from_EEG_signals__genetic_algorithm_applied_to_hyperparameter_selection.pdf\"  target=\"_blank\"> <img decoding=\"async\" alt=\"https:\/\/inria.hal.science\/hal-04806579\/file\/Investigating_fMRI_neurofeedback_score_prediction_from_EEG_signals__genetic_algorithm_applied_to_hyperparameter_selection.pdf\" src=\"https:\/\/haltools.inria.fr\/images\/Haltools_pdf.png\" border=\"0\" title=\"https:\/\/inria.hal.science\/hal-04806579\/file\/Investigating_fMRI_neurofeedback_score_prediction_from_EEG_signals__genetic_algorithm_applied_to_hyperparameter_selection.pdf\" \/><\/a> <span class=\"LienBibtexACoteFulltext\"><a href=\"https:\/\/inria.hal.science\/hal-04806579v1\/bibtex\" target=\"_self\"> <img decoding=\"async\" alt=\"BibTex\" src=\"https:\/\/haltools.inria.fr\/images\/Haltools_bibtex3.png\" border=\"0\"  title=\"BibTex\" \/><\/a> <\/span><\/dd> <\/dl> <p class='Rubrique'>2023<\/p> <p class='SousRubrique'>Journal articles<\/p> <dl class='NoticeRes'> <dt class=\"ChampRes\">titre<\/dt><dd class=\"ValeurRes Titre\"><a href=\"https:\/\/hal.science\/hal-04483806v1\" target=\"_blank\" >Two is better? Combining EEG and fMRI for BCI and neurofeedback: a systematic review<\/a><\/dd> <dt class=\"ChampRes\">auteur<\/dt><dd class=\"ValeurRes Auteurs\">Mathis Fleury, Patr\u00edcia Figueiredo, Athanasios Vourvopoulos, Anatole Lecuyer<\/dd> <dt class=\"ChampRes\">article<\/dt><dd class=\"ValeurRes article\"><i>Journal of Neural Engineering<\/i>, 2023, Journal of Neural Engineering, 20 (5), pp.051003. <a target=\"_blank\" href=\"https:\/\/dx.doi.org\/10.1088\/1741-2552\/ad06e1\">&#x27E8;10.1088\/1741-2552\/ad06e1&#x27E9;<\/a><\/dd> <dt class=\"ChampRes\">Acc\u00e8s au texte int\u00e9gral et bibtex<\/dt> <dd class=\"ValeurRes Fichier_joint\"> <a href=\"https:\/\/hal.science\/hal-04483806\/file\/EEG_fMRI_for_BCI_NF__a_review-2.pdf\"  target=\"_blank\"> <img decoding=\"async\" alt=\"https:\/\/hal.science\/hal-04483806\/file\/EEG_fMRI_for_BCI_NF__a_review-2.pdf\" src=\"https:\/\/haltools.inria.fr\/images\/Haltools_pdf.png\" border=\"0\" title=\"https:\/\/hal.science\/hal-04483806\/file\/EEG_fMRI_for_BCI_NF__a_review-2.pdf\" \/><\/a> <span class=\"LienBibtexACoteFulltext\"><a href=\"https:\/\/hal.science\/hal-04483806v1\/bibtex\" target=\"_self\"> <img decoding=\"async\" alt=\"BibTex\" src=\"https:\/\/haltools.inria.fr\/images\/Haltools_bibtex3.png\" border=\"0\"  title=\"BibTex\" \/><\/a> <\/span><\/dd> <\/dl> <p class='SousRubrique'>Conference papers<\/p> <dl class='NoticeRes'> <dt class=\"ChampRes\">titre<\/dt><dd class=\"ValeurRes Titre\"><a href=\"https:\/\/hal.science\/hal-05046552v1\" target=\"_blank\" >Brain-movement relationship in upper-limb functional tasks for chronic post-stroke patients<\/a><\/dd> <dt class=\"ChampRes\">auteur<\/dt><dd class=\"ValeurRes Auteurs\">Camille O Muller, Germain Faity, Makii Muthalib, S. Perrey, G\u00e9rard Dray, Binbin Xu, Marion Delorme, Denis Mottet, Isabelle Laffont, J\u00e9r\u00f4me Froger, Karima Bakhti<\/dd> <dt class=\"ChampRes\">article<\/dt><dd class=\"ValeurRes article\"><i>38e congr\u00e8s national de la SOFMER<\/i>, SOFMER, Oct 2023, Le havre, France<\/dd> <dt class=\"ChampRes\">Acc\u00e8s au bibtex<\/dt> <dd class=\"ValeurRes LienBibtex\"> <a href=\"https:\/\/hal.science\/hal-05046552v1\/bibtex\" target=\"_self\"> <img decoding=\"async\" alt=\"BibTex\" src=\"https:\/\/haltools.inria.fr\/images\/Haltools_bibtex3.png\" border=\"0\"  title=\"BibTex\" \/><\/a> <\/dd> <\/dl> <dl class='NoticeRes'> <dt class=\"ChampRes\">titre<\/dt><dd class=\"ValeurRes Titre\"><a href=\"https:\/\/hal.science\/hal-05046535v1\" target=\"_blank\" >Brain-movement relationship in upper-limb functional tasks for chronic post-stroke patients<\/a><\/dd> <dt class=\"ChampRes\">auteur<\/dt><dd class=\"ValeurRes Auteurs\">Germain Faity, Camille O Muller, Makii Muthalib, S. Perrey, G\u00e9rard Dray, Binbin Xu, Marion Delorme, Denis Mottet, Isabelle Laffont, J\u00e9r\u00f4me Froger, Karima Bakhti<\/dd> <dt class=\"ChampRes\">article<\/dt><dd class=\"ValeurRes article\"><i>20e congr\u00e8s international de l\u2019ACAPS<\/i>, ACAPS, Oct 2023, Reims, France<\/dd> <dt class=\"ChampRes\">Acc\u00e8s au bibtex<\/dt> <dd class=\"ValeurRes LienBibtex\"> <a href=\"https:\/\/hal.science\/hal-05046535v1\/bibtex\" target=\"_self\"> <img decoding=\"async\" alt=\"BibTex\" src=\"https:\/\/haltools.inria.fr\/images\/Haltools_bibtex3.png\" border=\"0\"  title=\"BibTex\" \/><\/a> <\/dd> <\/dl> <dl class='NoticeRes'> <dt class=\"ChampRes\">titre<\/dt><dd class=\"ValeurRes Titre\"><a href=\"https:\/\/hal.science\/hal-04087104v2\" target=\"_blank\" >Which sensations should you imagine?<\/a><\/dd> <dt class=\"ChampRes\">auteur<\/dt><dd class=\"ValeurRes Auteurs\">Fran\u00e7ois Le Jeune, L\u00e9a Driessens, Emile Savalle, L\u00e9a Pillette<\/dd> <dt class=\"ChampRes\">article<\/dt><dd class=\"ValeurRes article\"><i>COllectif pour la Recherche Transdisciplinaire sur les Interfaces Cerveau-Ordinateur CORTICO 2023<\/i>, May 2023, Institut du Cerveau, Paris, France<\/dd> <dt class=\"ChampRes\">Acc\u00e8s au texte int\u00e9gral et bibtex<\/dt> <dd class=\"ValeurRes Fichier_joint\"> <a href=\"https:\/\/hal.science\/hal-04087104\/file\/CORTICO2023_final.pdf\"  target=\"_blank\"> <img decoding=\"async\" alt=\"https:\/\/hal.science\/hal-04087104\/file\/CORTICO2023_final.pdf\" src=\"https:\/\/haltools.inria.fr\/images\/Haltools_pdf.png\" border=\"0\" title=\"https:\/\/hal.science\/hal-04087104\/file\/CORTICO2023_final.pdf\" \/><\/a> <span class=\"LienBibtexACoteFulltext\"><a href=\"https:\/\/hal.science\/hal-04087104v2\/bibtex\" target=\"_self\"> <img decoding=\"async\" alt=\"BibTex\" src=\"https:\/\/haltools.inria.fr\/images\/Haltools_bibtex3.png\" border=\"0\"  title=\"BibTex\" \/><\/a> <\/span><\/dd> <\/dl> <p class='SousRubrique'>Poster communications<\/p> <dl class='NoticeRes'> <dt class=\"ChampRes\">titre<\/dt><dd class=\"ValeurRes Titre\"><a href=\"https:\/\/inria.hal.science\/hal-04168694v1\" target=\"_blank\" >Improving portability of bimodal neurofeedback: predicting NF-fMRI scores from EEG signals<\/a><\/dd> <dt class=\"ChampRes\">auteur<\/dt><dd class=\"ValeurRes Auteurs\">Caroline Pinte, Claire Cury, Pierre Maurel<\/dd> <dt class=\"ChampRes\">article<\/dt><dd class=\"ValeurRes article\"><i>OHBM 2023 &#8211; Organization for Human Brain Mapping<\/i>, Jul 2023, Montr\u00e9al, Canada. pp.1-1<\/dd> <dt class=\"ChampRes\">Acc\u00e8s au texte int\u00e9gral et bibtex<\/dt> <dd class=\"ValeurRes Fichier_joint\"> <a href=\"https:\/\/inria.hal.science\/hal-04168694\/file\/pinte-caroline-empenn.pdf\"  target=\"_blank\"> <img decoding=\"async\" alt=\"https:\/\/inria.hal.science\/hal-04168694\/file\/pinte-caroline-empenn.pdf\" src=\"https:\/\/haltools.inria.fr\/images\/Haltools_pdf.png\" border=\"0\" title=\"https:\/\/inria.hal.science\/hal-04168694\/file\/pinte-caroline-empenn.pdf\" \/><\/a> <span class=\"LienBibtexACoteFulltext\"><a href=\"https:\/\/inria.hal.science\/hal-04168694v1\/bibtex\" target=\"_self\"> <img decoding=\"async\" alt=\"BibTex\" src=\"https:\/\/haltools.inria.fr\/images\/Haltools_bibtex3.png\" border=\"0\"  title=\"BibTex\" \/><\/a> <\/span><\/dd> <\/dl> <dl class='NoticeRes'> <dt class=\"ChampRes\">titre<\/dt><dd class=\"ValeurRes Titre\"><a href=\"https:\/\/hal.science\/hal-04040883v1\" target=\"_blank\" >Am\u00e9liorer la portabilit\u00e9 du neurofeedback bimodal : pr\u00e9dire par apprentissage automatique les scores NF-IRMf \u00e0 partir des signaux EEG<\/a><\/dd> <dt class=\"ChampRes\">auteur<\/dt><dd class=\"ValeurRes Auteurs\">Caroline Pinte, Claire Cury, Pierre Maurel<\/dd> <dt class=\"ChampRes\">article<\/dt><dd class=\"ValeurRes article\"><i>IABM 2023 &#8211; Colloque Fran\u00e7ais d&#8217;Intelligence Artificielle en Imagerie Biom\u00e9dicale<\/i>, Mar 2023, Paris, France. 2023<\/dd> <dt class=\"ChampRes\">Acc\u00e8s au bibtex<\/dt> <dd class=\"ValeurRes LienBibtex\"> <a href=\"https:\/\/hal.science\/hal-04040883v1\/bibtex\" target=\"_self\"> <img decoding=\"async\" alt=\"BibTex\" src=\"https:\/\/haltools.inria.fr\/images\/Haltools_bibtex3.png\" border=\"0\"  title=\"BibTex\" \/><\/a> <\/dd> <\/dl> <p class='SousRubrique'>Preprints, Working Papers, &#8230;<\/p> <dl class='NoticeRes'> <dt class=\"ChampRes\">titre<\/dt><dd class=\"ValeurRes Titre\"><a href=\"https:\/\/inria.hal.science\/hal-04038069v1\" target=\"_blank\" >Two is better ? Combining EEG and fMRI for BCI and Neurofeedback : A systematic review<\/a><\/dd> <dt class=\"ChampRes\">auteur<\/dt><dd class=\"ValeurRes Auteurs\">Mathis Fleury, Patr\u00edcia Figueiredo, Athanasios Vourvopoulos, Anatole L\u00e9cuyer<\/dd> <dt class=\"ChampRes\">article<\/dt><dd class=\"ValeurRes article\">2023<\/dd> <dt class=\"ChampRes\">Acc\u00e8s au texte int\u00e9gral et bibtex<\/dt> <dd class=\"ValeurRes Fichier_joint\"> <a href=\"https:\/\/inria.hal.science\/hal-04038069\/file\/EEG_fMRI_for_BCI_NF__a_review-2.pdf\"  target=\"_blank\"> <img decoding=\"async\" alt=\"https:\/\/inria.hal.science\/hal-04038069\/file\/EEG_fMRI_for_BCI_NF__a_review-2.pdf\" src=\"https:\/\/haltools.inria.fr\/images\/Haltools_pdf.png\" border=\"0\" title=\"https:\/\/inria.hal.science\/hal-04038069\/file\/EEG_fMRI_for_BCI_NF__a_review-2.pdf\" \/><\/a> <span class=\"LienBibtexACoteFulltext\"><a href=\"https:\/\/inria.hal.science\/hal-04038069v1\/bibtex\" target=\"_self\"> <img decoding=\"async\" alt=\"BibTex\" src=\"https:\/\/haltools.inria.fr\/images\/Haltools_bibtex3.png\" border=\"0\"  title=\"BibTex\" \/><\/a> <\/span><\/dd> <\/dl> <p class='Rubrique'>2022<\/p> <p class='SousRubrique'>Poster communications<\/p> <dl class='NoticeRes'> <dt class=\"ChampRes\">titre<\/dt><dd class=\"ValeurRes Titre\"><a href=\"https:\/\/hal.science\/hal-03798824v1\" target=\"_blank\" >RNN-LSTM neural network for predicting fMRI neurofeedback scores from EEG signals<\/a><\/dd> <dt class=\"ChampRes\">auteur<\/dt><dd class=\"ValeurRes Auteurs\">Caroline Pinte, Claire Cury, Pierre Maurel<\/dd> <dt class=\"ChampRes\">article<\/dt><dd class=\"ValeurRes article\"><i>rtFIN 2022 &#8211; Real-time Functional Imaging and Neurofeedback<\/i>, Oct 2022, New Haven, United States<\/dd> <dt class=\"ChampRes\">Acc\u00e8s au texte int\u00e9gral et bibtex<\/dt> <dd class=\"ValeurRes Fichier_joint\"> <a href=\"https:\/\/hal.science\/hal-03798824\/file\/Pinte_Abstract-Poster_rtFIN2022.pdf\"  target=\"_blank\"> <img decoding=\"async\" alt=\"https:\/\/hal.science\/hal-03798824\/file\/Pinte_Abstract-Poster_rtFIN2022.pdf\" src=\"https:\/\/haltools.inria.fr\/images\/Haltools_pdf.png\" border=\"0\" title=\"https:\/\/hal.science\/hal-03798824\/file\/Pinte_Abstract-Poster_rtFIN2022.pdf\" \/><\/a> <span class=\"LienBibtexACoteFulltext\"><a href=\"https:\/\/hal.science\/hal-03798824v1\/bibtex\" target=\"_self\"> <img decoding=\"async\" alt=\"BibTex\" src=\"https:\/\/haltools.inria.fr\/images\/Haltools_bibtex3.png\" border=\"0\"  title=\"BibTex\" \/><\/a> <\/span><\/dd> <\/dl> <\/div> <\/body> <\/html> <\/p>","protected":false},"excerpt":{"rendered":"<p>Publications HAL de Francois Le Jeune; Alix Lamouroux; Caroline Pinte; Camille Muller; Camille O Muller; Mathis Fleury du labo\/EPI Rennes 2024 Journal articles titre fMRIStroke:\u2026<\/p>\n<p> <a class=\"continue-reading-link\" href=\"https:\/\/project.inria.fr\/peperoni\/publications\/\"><span>Continue reading<\/span><i class=\"crycon-right-dir\"><\/i><\/a> <\/p>\n","protected":false},"author":1754,"featured_media":0,"parent":0,"menu_order":0,"comment_status":"closed","ping_status":"closed","template":"","meta":{"footnotes":""},"class_list":["post-71","page","type-page","status-publish","hentry"],"_links":{"self":[{"href":"https:\/\/project.inria.fr\/peperoni\/wp-json\/wp\/v2\/pages\/71","targetHints":{"allow":["GET"]}}],"collection":[{"href":"https:\/\/project.inria.fr\/peperoni\/wp-json\/wp\/v2\/pages"}],"about":[{"href":"https:\/\/project.inria.fr\/peperoni\/wp-json\/wp\/v2\/types\/page"}],"author":[{"embeddable":true,"href":"https:\/\/project.inria.fr\/peperoni\/wp-json\/wp\/v2\/users\/1754"}],"replies":[{"embeddable":true,"href":"https:\/\/project.inria.fr\/peperoni\/wp-json\/wp\/v2\/comments?post=71"}],"version-history":[{"count":9,"href":"https:\/\/project.inria.fr\/peperoni\/wp-json\/wp\/v2\/pages\/71\/revisions"}],"predecessor-version":[{"id":162,"href":"https:\/\/project.inria.fr\/peperoni\/wp-json\/wp\/v2\/pages\/71\/revisions\/162"}],"wp:attachment":[{"href":"https:\/\/project.inria.fr\/peperoni\/wp-json\/wp\/v2\/media?parent=71"}],"curies":[{"name":"wp","href":"https:\/\/api.w.org\/{rel}","templated":true}]}}