

{"id":166,"date":"2014-10-13T16:20:28","date_gmt":"2014-10-13T14:20:28","guid":{"rendered":"https:\/\/project.inria.fr\/plugdb\/?page_id=166"},"modified":"2015-09-15T10:56:16","modified_gmt":"2015-09-15T08:56:16","slug":"ess-area","status":"publish","type":"page","link":"https:\/\/project.inria.fr\/plugdb\/ess-area\/","title":{"rendered":"Presse"},"content":{"rendered":"<p><span style=\"color: #ff0000;\"><strong>Service Communication :<\/strong> <\/span><\/p>\n<p><span style=\"color: #000000;\"><strong>H\u00e9l\u00e8ne Robak <\/strong><\/span><br \/>\n<span style=\"color: #000000;\"> helene.robak@inria.fr &#8211; T\u00e9l. : 01 39 63 50 54<\/span><\/p>\n<p><span style=\"color: #000000;\"><strong>Sylvie Burini <\/strong><\/span><br \/>\n<span style=\"color: #000000;\"> sylvie.burini@inria.fr &#8211; T\u00e9l. : 01 39 63 53 03<\/span><\/p>\n<p><span style=\"color: #ff0000;\"><strong>Retomb\u00e9es m\u00e9diatiques (en construction):<\/strong><\/span><\/p>\n<ul>\n<li><span style=\"color: #000000;\"><strong>Presse<\/strong><\/span><\/li>\n<\/ul>\n<ol>\n<li><a href=\"https:\/\/project.inria.fr\/plugdb\/files\/2014\/10\/076-080-BIB-52-Prob-Juridique-v1-1.pdf\">\u00ab\u00a0Limiter la collecte des donn\u00e9es personnelles : un probl\u00e8me juridique NP-difficile\u00a0\u00bb, N. Anciaux, B. Nguyen,\u00a0Tangente Hors-s\u00e9rie n\u00b052. Math\u00e9matiques &amp; Informatique, 06 juin 2014.<\/a><\/li>\n<li><a href=\"https:\/\/project.inria.fr\/plugdb\/files\/2014\/10\/Monde9avril20141.pdf\">\u00ab\u00a0L&rsquo;anonymat, un bien fragile\u00a0\u00bb, interview de T. Allard, B. Nguyen et P.Pucheral, Le Monde &#8211; science&amp;m\u00e9decine, 08 avril 2014.<\/a><\/li>\n<li><a href=\"https:\/\/project.inria.fr\/plugdb\/files\/2014\/10\/PourLaScience_4331.pdf\"> \u00ab\u00a0Comment pr\u00e9server l&rsquo;anonymat\u00a0\u00bb, T. Allard, B. Nguyen, P. Pucheral,, Pour la Science, n\u00b0 433, novembre 2013.<\/a><\/li>\n<li><a href=\"https:\/\/project.inria.fr\/plugdb\/files\/2014\/10\/12-LaRecherche.pdf\">\u00ab\u00a0Protection des donn\u00e9es m\u00e9dicales num\u00e9ris\u00e9es\u00a0\u00bb, interview de P. Pucheral, La Recherche, n\u00b0 439, mars 2010.<\/a><\/li>\n<\/ol>\n<ul>\n<li><span style=\"color: #000000;\"><strong>T\u00e9l\u00e9vision<\/strong><\/span><\/li>\n<\/ul>\n<ol>\n<li>\u00ab\u00a0<a href=\"http:\/\/www.futuremag.fr\/emission\/emission-du-20-septembre-2014\">Les enjeux du Big Data\u00a0\u00bb, interview de P. Pucheral, Future-Mag, Arte, 20 septembre 2014.<\/a><\/li>\n<li>\u00ab\u00a0Une nouvelle approche de la protection de nos donn\u00e9es\u00a0\u00bb, Interview de Nicolas Anciaux, MyScienceWork news, by Abby Tabor, July 2013.<\/li>\n<\/ol>\n<ul>\n<li><strong><span style=\"color: #000000;\">Salons et manifestations<\/span><\/strong><\/li>\n<\/ul>\n<ol>\n<li>Accessibilit\u00e9 et confidentialit\u00e9 des donn\u00e9es de sant\u00e9 : retour d\u2019exp\u00e9rience sur un Dossier M\u00e9dico-Social Personnel (DMSP) s\u00e9curis\u00e9 et mobile, P. Pucheral, colloque CNRS \u00ab\u00a0Les patients dans l&rsquo;\u00e9cosyst\u00e8me de sant\u00e9\u00a0\u00bb (S\u00e9nat, Paris), 1-2 d\u00e9cembre 2014.<\/li>\n<li>\n<h6>Table ronde \u00ab\u00a0S\u00e9curit\u00e9 des R\u00e9seaux et Contenus\u00a0\u00bb, Luc Bouganim,\u00a0 Journ\u00e9e INRIA-T\u00e9l\u00e9com du futur,\u00a013 novembre 2014.<\/h6>\n<\/li>\n<li>\u00ab\u00a0Managing Personal Data with Strong Privacy Guarantees\u00a0\u00bb, N. Anciaux, I.S. Popa and B.Nguyen, Tutorial, EDBT 2014.<\/li>\n<li>\u00ab\u00a0Garantir la confidentialit\u00e9 des donn\u00e9es personnelles\u00a0\u00bb, Tutorial, Nicolas Anciaux, Futur en Seine 2014.<\/li>\n<li>\u00ab\u00a0Vers un mod\u00e8le de gestion des donn\u00e9es respectueux de la vie priv\u00e9e : application \u00e0 la collecte limit\u00e9e d&rsquo;informations personnelles\u00a0\u00bb, Nicolas Anciaux, S\u00e9minaire IREP \u00ab\u00a0BIG DATA\u00a0\u00bb 2014.<\/li>\n<li>\u00ab\u00a0Gestion de donn\u00e9es personnelles respectueuse de la vie priv\u00e9e\u00a0\u00bb, Nicolas Anciaux, Futur en Seine 2013.<\/li>\n<li>Database cryptography, Luc Bouganim, La demi-heure de Sciences INRIA, 2012.<\/li>\n<li>Le droit \u00e0 l\u2019oubli sur Internet est-il possible ?, Dominique Cardon, Guillaume Desgens-Pasanau, Benjamin Nguyen,\u00a0 conf\u00e9rence d\u00e9bat au Caf\u00e9 des techniques, Mus\u00e9e des arts et m\u00e9tiers, Paris, 17 f\u00e9vrier 2011.<\/li>\n<li>Serveurs portables et s\u00e9curis\u00e9s de donn\u00e9es personnelles : Application aux donn\u00e9es m\u00e9dicales, L. Bouganim, 18\u00e8mes journ\u00e9es de la SFIM@R, 2011.<\/li>\n<li>\u00abLes sciences du num\u00e9rique au service de la sant\u00e9 \u00e0 domicile et de l&rsquo;autonomie \u00bb, Journ\u00e9es INRIA-Industrie 2011.<\/li>\n<li>\u00ab\u00a0Dossier M\u00e9dico-Social Portable et S\u00e9curis\u00e9\u00a0\u00bb, N. Anciaux, Les Industries du Num\u00e9rique pour la Sant\u00e9, RII, in conjunction with the <a href=\"http:\/\/www.inria.fr\/innovation\/secteurs-industriels\/sante-sciences-de-la-vie-biotechnologie\/demos\/dossier-medico-social-portable-et-securise\" target=\"_blank\"> Connectathon<\/a>, 2010, Cit\u00e9 Mondiale, Bordeaux <a href=\"http:\/\/www.inria.fr\/innovation\/secteurs-industriels\/sante-sciences-de-la-vie-biotechnologie\/demos\/dossier-medico-social-portable-et-securise\" target=\"_blank\"> (video)<\/a><\/li>\n<\/ol>\n","protected":false},"excerpt":{"rendered":"<p>Service Communication : H\u00e9l\u00e8ne Robak helene.robak@inria.fr &#8211; T\u00e9l. : 01 39 63 50 54 Sylvie Burini sylvie.burini@inria.fr &#8211; T\u00e9l. : 01 39 63 53 03 Retomb\u00e9es m\u00e9diatiques (en construction): Presse \u00ab\u00a0Limiter la collecte des donn\u00e9es personnelles : un probl\u00e8me juridique NP-difficile\u00a0\u00bb, N. Anciaux, B. Nguyen,\u00a0Tangente Hors-s\u00e9rie n\u00b052. Math\u00e9matiques &amp; Informatique, 06 juin 2014. \u00ab\u00a0L&rsquo;anonymat, un &hellip; <\/p>\n<p><a class=\"more-link btn\" href=\"https:\/\/project.inria.fr\/plugdb\/ess-area\/\">Lire la suite<\/a><\/p>\n","protected":false},"author":532,"featured_media":0,"parent":0,"menu_order":7,"comment_status":"closed","ping_status":"closed","template":"","meta":{"footnotes":""},"class_list":["post-166","page","type-page","status-publish","hentry","nodate","item-wrap"],"_links":{"self":[{"href":"https:\/\/project.inria.fr\/plugdb\/wp-json\/wp\/v2\/pages\/166","targetHints":{"allow":["GET"]}}],"collection":[{"href":"https:\/\/project.inria.fr\/plugdb\/wp-json\/wp\/v2\/pages"}],"about":[{"href":"https:\/\/project.inria.fr\/plugdb\/wp-json\/wp\/v2\/types\/page"}],"author":[{"embeddable":true,"href":"https:\/\/project.inria.fr\/plugdb\/wp-json\/wp\/v2\/users\/532"}],"replies":[{"embeddable":true,"href":"https:\/\/project.inria.fr\/plugdb\/wp-json\/wp\/v2\/comments?post=166"}],"version-history":[{"count":37,"href":"https:\/\/project.inria.fr\/plugdb\/wp-json\/wp\/v2\/pages\/166\/revisions"}],"predecessor-version":[{"id":603,"href":"https:\/\/project.inria.fr\/plugdb\/wp-json\/wp\/v2\/pages\/166\/revisions\/603"}],"wp:attachment":[{"href":"https:\/\/project.inria.fr\/plugdb\/wp-json\/wp\/v2\/media?parent=166"}],"curies":[{"name":"wp","href":"https:\/\/api.w.org\/{rel}","templated":true}]}}