

{"id":124,"date":"2023-03-30T14:09:45","date_gmt":"2023-03-30T12:09:45","guid":{"rendered":"https:\/\/project.inria.fr\/pricless\/?page_id=124"},"modified":"2023-09-26T11:24:07","modified_gmt":"2023-09-26T09:24:07","slug":"wp1","status":"publish","type":"page","link":"https:\/\/project.inria.fr\/pricless\/wp1\/","title":{"rendered":"WP1"},"content":{"rendered":"\n<p>This workpackage is exploring the benefits that blockchains can deliver in terms of privacy and legal compliance and the challenges it introduces when dealing with personal and confidential data.<\/p>\n\n\n\n<h2 class=\"wp-block-heading\">Two accepted book chapters<\/h2>\n\n\n\n<p>Two accepted book chapters will appear in &#8220;Building Cybersecurity Applications with Blockchain Technology and Smart Contracts&#8221; edited by Nour El Madhoun, Ioanna Dionysiou, and Emmanuel Bertin.<\/p>\n\n\n\n<table>\n<tr valign=\"top\">\n\n<td class=\"bibtexitem\">\nDanaja&nbsp;Fab\u010di\u010d Pov\u0161e, Alfredo Favenza, Davide Frey, Zolt\u00e1n \u00c1d\u00e1m Mann,\n  Angel Palomares, Lorenzo Piatti, and Jessica Schroers.\n <em>Building Cybersecurity Applications with Blockchain Technology\n  and Smart Contracts<\/em>, chapter Data Protection Challenges in Distributed\n  Ledger and Blockchain Technologies: A Combined Legal and Technical Analysis.\n Springer, 2023.\n[&nbsp;<a href=\"sitebib_bib.html#dlt-challenges\">bib<\/a>&nbsp;]\n\n<\/td>\n<\/tr>\n\n\n<tr valign=\"top\">\n\n<td class=\"bibtexitem\">\nDanaja&nbsp;Fab\u010di\u010d Pov\u0161e, Alfredo Favenza, Davide Frey, Zolt\u00e1n \u00c1d\u00e1m Mann,\n  Angel Palomares, Lorenzo Piatti, and Jessica Schroers.\n <em>Building Cybersecurity Applications with Blockchain Technology\n  and Smart Contracts<\/em>, chapter Solutions to Data Protection Challenges in\n  Distributed Ledger and Blockchain Technologies: A Combined Legal and\n  Technical Approach.\n Springer, 2023.\n[&nbsp;<a href=\"sitebib_bib.html#dlt-solutions\">bib<\/a>&nbsp;]\n\n<\/td>\n<\/tr>\n\n<\/table>\n\n\n\n<p>Below is an except from our first chapter highlighting the challenges posed by Distributed Ledger Technology to GDPR.<\/p>\n\n\n\n<figure class=\"wp-block-image size-large\"><a href=\"https:\/\/project.inria.fr\/pricless\/files\/2023\/09\/Screenshot-2023-09-24-at-00.41.57.png\"><img loading=\"lazy\" decoding=\"async\" width=\"1024\" height=\"524\" src=\"https:\/\/project.inria.fr\/pricless\/files\/2023\/09\/Screenshot-2023-09-24-at-00.41.57-1024x524.png\" alt=\"\" class=\"wp-image-171\" srcset=\"https:\/\/project.inria.fr\/pricless\/files\/2023\/09\/Screenshot-2023-09-24-at-00.41.57-1024x524.png 1024w, https:\/\/project.inria.fr\/pricless\/files\/2023\/09\/Screenshot-2023-09-24-at-00.41.57-300x154.png 300w, https:\/\/project.inria.fr\/pricless\/files\/2023\/09\/Screenshot-2023-09-24-at-00.41.57-768x393.png 768w, https:\/\/project.inria.fr\/pricless\/files\/2023\/09\/Screenshot-2023-09-24-at-00.41.57-1536x786.png 1536w, https:\/\/project.inria.fr\/pricless\/files\/2023\/09\/Screenshot-2023-09-24-at-00.41.57-2048x1048.png 2048w, https:\/\/project.inria.fr\/pricless\/files\/2023\/09\/Screenshot-2023-09-24-at-00.41.57-150x77.png 150w\" sizes=\"auto, (max-width: 1024px) 100vw, 1024px\" \/><\/a><\/figure>\n\n\n\n<p>And these are the solutions we identified, and that we will are developing in the other work packages. <\/p>\n\n\n\n<figure class=\"wp-block-image size-large\"><a href=\"https:\/\/project.inria.fr\/pricless\/files\/2023\/09\/Screenshot-2023-09-24-at-00.42.18.png\"><img loading=\"lazy\" decoding=\"async\" width=\"1024\" height=\"451\" src=\"https:\/\/project.inria.fr\/pricless\/files\/2023\/09\/Screenshot-2023-09-24-at-00.42.18-1024x451.png\" alt=\"\" class=\"wp-image-172\" srcset=\"https:\/\/project.inria.fr\/pricless\/files\/2023\/09\/Screenshot-2023-09-24-at-00.42.18-1024x451.png 1024w, https:\/\/project.inria.fr\/pricless\/files\/2023\/09\/Screenshot-2023-09-24-at-00.42.18-300x132.png 300w, https:\/\/project.inria.fr\/pricless\/files\/2023\/09\/Screenshot-2023-09-24-at-00.42.18-768x338.png 768w, https:\/\/project.inria.fr\/pricless\/files\/2023\/09\/Screenshot-2023-09-24-at-00.42.18-1536x677.png 1536w, https:\/\/project.inria.fr\/pricless\/files\/2023\/09\/Screenshot-2023-09-24-at-00.42.18-2048x903.png 2048w, https:\/\/project.inria.fr\/pricless\/files\/2023\/09\/Screenshot-2023-09-24-at-00.42.18-150x66.png 150w\" sizes=\"auto, (max-width: 1024px) 100vw, 1024px\" \/><\/a><\/figure>\n\n\n\n<h2 class=\"wp-block-heading\">PhD Thesis of Damien Franchi<\/h2>\n\n\n\n<h3 class=\"wp-block-heading\">Presentations<\/h3>\n\n\n\n<ul class=\"wp-block-list\"><li><strong>\u00ab&nbsp;<em>Blockchain et Smart Cities : Source d\u2019enjeux&nbsp; juridiques et techniques du local \u00e0 l\u2019international<\/em>&nbsp;\u00bb<\/strong>, 9\/11\/2022, Colloquium, Rennes, Contribution to the PILAC&nbsp;&nbsp;project&nbsp; (Penser l\u2019international au local). To be published<\/li><li><strong>\u00ab <em>L\u2019int\u00e9gration europ\u00e9enne par la recherche d\u2019une identit\u00e9 num\u00e9rique europ\u00e9enne confront\u00e9e aux traitements des donn\u00e9es \u00e0 caract\u00e8re personnel<\/em>\u00bb<\/strong>, 9\/05\/2023, Bayonne. Contribution from a young researchers&#8217; day on identity and European integration. To be published<\/li><\/ul>\n\n\n\n<p><\/p>\n\n\n\n<h2 class=\"wp-block-heading\">Blockchain and Privacy International Workshop<\/h2>\n\n\n\n<p>Participation of Sandrine Turgis, Brunessen Bertrand, and Davide Frey (remote attendance) to the workshop that took place Berkman-Klein Center for Internet and Society, Harvard University (Massachussets\/Etats-Unis), 22 May 2023.<\/p>\n\n\n\n<p>Presentation by Sandrine Turgis &#8220;<strong>Blockchain, as a technological tool with strong ambivalences for fundamental rights and especially data protection<\/strong>&#8220;<\/p>\n\n\n\n<div class=\"wp-block-file\"><a id=\"wp-block-file--media-830f91fe-ef55-45db-99bd-c252aabaef88\" href=\"https:\/\/project.inria.fr\/pricless\/files\/2023\/09\/2023-PWP-Sandrine-TURGIS.pptx\">2023-PWP-Sandrine-TURGIS<\/a><a href=\"https:\/\/project.inria.fr\/pricless\/files\/2023\/09\/2023-PWP-Sandrine-TURGIS.pptx\" class=\"wp-block-file__button\" download aria-describedby=\"wp-block-file--media-830f91fe-ef55-45db-99bd-c252aabaef88\">Download<\/a><\/div>\n\n\n\n<h2 class=\"wp-block-heading\">Initial Analysis<\/h2>\n\n\n\n<p>Below is a summary of our initial analysis. <\/p>\n\n\n\n<figure class=\"wp-block-image size-full\"><a href=\"https:\/\/project.inria.fr\/pricless\/files\/2023\/03\/wp1.png\"><img loading=\"lazy\" decoding=\"async\" width=\"7087\" height=\"5669\" src=\"https:\/\/project.inria.fr\/pricless\/files\/2023\/03\/wp1.png\" alt=\"\" class=\"wp-image-125\" srcset=\"https:\/\/project.inria.fr\/pricless\/files\/2023\/03\/wp1.png 7087w, https:\/\/project.inria.fr\/pricless\/files\/2023\/03\/wp1-300x240.png 300w, https:\/\/project.inria.fr\/pricless\/files\/2023\/03\/wp1-1024x819.png 1024w, https:\/\/project.inria.fr\/pricless\/files\/2023\/03\/wp1-768x614.png 768w, https:\/\/project.inria.fr\/pricless\/files\/2023\/03\/wp1-1536x1229.png 1536w, https:\/\/project.inria.fr\/pricless\/files\/2023\/03\/wp1-2048x1638.png 2048w, https:\/\/project.inria.fr\/pricless\/files\/2023\/03\/wp1-150x120.png 150w\" sizes=\"auto, (max-width: 7087px) 100vw, 7087px\" \/><\/a><\/figure>\n","protected":false},"excerpt":{"rendered":"<p>This workpackage is exploring the benefits that blockchains can deliver in terms of privacy and legal compliance and the challenges it introduces when dealing with\u2026<\/p>\n<p> <a class=\"continue-reading-link\" href=\"https:\/\/project.inria.fr\/pricless\/wp1\/\"><span>Continue reading<\/span><i class=\"crycon-right-dir\"><\/i><\/a> <\/p>\n","protected":false},"author":1317,"featured_media":0,"parent":0,"menu_order":0,"comment_status":"closed","ping_status":"closed","template":"","meta":{"footnotes":""},"class_list":["post-124","page","type-page","status-publish","hentry"],"_links":{"self":[{"href":"https:\/\/project.inria.fr\/pricless\/wp-json\/wp\/v2\/pages\/124","targetHints":{"allow":["GET"]}}],"collection":[{"href":"https:\/\/project.inria.fr\/pricless\/wp-json\/wp\/v2\/pages"}],"about":[{"href":"https:\/\/project.inria.fr\/pricless\/wp-json\/wp\/v2\/types\/page"}],"author":[{"embeddable":true,"href":"https:\/\/project.inria.fr\/pricless\/wp-json\/wp\/v2\/users\/1317"}],"replies":[{"embeddable":true,"href":"https:\/\/project.inria.fr\/pricless\/wp-json\/wp\/v2\/comments?post=124"}],"version-history":[{"count":6,"href":"https:\/\/project.inria.fr\/pricless\/wp-json\/wp\/v2\/pages\/124\/revisions"}],"predecessor-version":[{"id":185,"href":"https:\/\/project.inria.fr\/pricless\/wp-json\/wp\/v2\/pages\/124\/revisions\/185"}],"wp:attachment":[{"href":"https:\/\/project.inria.fr\/pricless\/wp-json\/wp\/v2\/media?parent=124"}],"curies":[{"name":"wp","href":"https:\/\/api.w.org\/{rel}","templated":true}]}}